000
CXUS54 KBMX 261216
CF6TOI
PRELIMINARY LOCAL CLIMATOLOGICAL DATA (WS FORM: F-6)

                                          STATION:   TROY
                                          MONTH:     FEBRUARY
                                          YEAR:      2015
                                          LATITUDE:   31 51 N
                                          LONGITUDE:  86  1 W

  TEMPERATURE IN F:       :PCPN:    SNOW:  WIND      :SUNSHINE: SKY     :PK WND
================================================================================
1   2   3   4   5  6A  6B    7    8   9   10  11  12  13   14  15   16   17  18
                                     12Z  AVG MX 2MIN
DY MAX MIN AVG DEP HDD CDD  WTR  SNW DPTH SPD SPD DIR MIN PSBL S-S WX    SPD DR
================================================================================

 1  64  44  54   6  11   0 0.66  0.0    0  7.4 17 170   M    M   7 1      25 160
 2  64  30  47  -1  18   0 0.08  0.0    0 12.2 24 320   M    M   6 1      35 300
 3  53  26  40  -8  25   0 0.00  0.0    0  3.2 10  10   M    M   0        13  10
 4  51  37  44  -4  21   0 0.04  0.0    0  3.4  9  10   M    M   7        11  20
 5  60  34  47  -1  18   0 0.01  0.0    0  9.4 21 330   M    M   2 1      27 350
 6  60  23  42  -6  23   0 0.00  0.0    0  1.6 10 100   M    M   0        14 100
 7  68  27  48   0  17   0 0.00  0.0    0  2.6 13 180   M    M   0        16 190
 8  73  39  56   8   9   0 0.00  0.0    0  4.6 15 210   M    M   3 12     20 210
 9  71  47  59  10   6   0 0.02  0.0    0  9.8 21 320   M    M   6 1      26 340
10  55  31  43  -6  22   0 0.00  0.0    0 10.2 22 350   M    M   4        28 340
11  67  26  47  -2  18   0 0.00  0.0    0  1.5 10 310   M    M   0 1      13 210
12  58  30  44  -5  21   0 0.00  0.0    0  9.7 22 350   M    M   0        29 350
13  50  26  38 -11  27   0 0.00  0.0    0  4.5 14 350   M    M   0        18 320
14  66  23  45  -5  20   0 0.00  0.0    0  5.0 17 300   M    M   0        24 300
15  55  34  45  -5  20   0 0.00  0.0    0  5.1 15  30   M    M   0 8      20  30
16  67  43  55   5  10   0 0.64  0.0    0 10.6 23 190   M    M   8 1      29 210
17  45  32  39 -11  26   0 0.09  0.0    0 10.4 21 330   M    M   4        26 340
18  48  23  36 -14  29   0 0.00  0.0    0 10.5 29 300   M    M   1        38 290
19  38  21  30 -21  35   0 0.00  0.0    0  6.9 22 320   M    M   0        26 360
20  49  18  34 -17  31   0 0.00  0.0    0  5.8 16 130   M    M   4        19 130
21  68  37  53   2  12   0 0.00  0.0    0 11.5 25 200   M    M   6        35 210
22  74  59  67  16   0   2 0.36  0.0    0  4.7 14 200   M    M  10 1      19 190
23  61  42  52   0  13   0 0.04  0.0    0  9.7 24 330   M    M   8 1      28 330
24  50  38  44  -8  21   0 0.31  0.0    0  5.6 13 320   M    M   8 1      17 360
25  46  38  42 -10  23   0 1.44  0.0    0  6.0 13 350   M    M   8 13     18 350
================================================================================
SM 1461  828       476   2  3.69     0.0 171.9          M       92
================================================================================
AV 58.4 33.1                               6.9 FASTST   M    M   4    MAX(MPH)
                                 MISC ---->  # 29 300               # 38  290
================================================================================
NOTES:
# LAST OF SEVERAL OCCURRENCES

COLUMN 17 PEAK WIND IN M.P.H.

PRELIMINARY LOCAL CLIMATOLOGICAL DATA (WS FORM: F-6) , PAGE 2

                                          STATION:  TROY
                                          MONTH:    FEBRUARY
                                          YEAR:     2015
                                          LATITUDE:   31 51 N
                                          LONGITUDE:  86  1 W

[TEMPERATURE DATA]      [PRECIPITATION DATA]       SYMBOLS USED IN COLUMN 16

AVERAGE MONTHLY: 45.8   TOTAL FOR MONTH:   3.69    1 = FOG OR MIST
DPTR FM NORMAL:  -3.8   DPTR FM NORMAL:   -0.36    2 = FOG REDUCING VISIBILITY
HIGHEST:    74 ON 22    GRTST 24HR  1.44 ON 25-25      TO 1/4 MILE OR LESS
LOWEST:     18 ON 20                               3 = THUNDER
                        SNOW, ICE PELLETS, HAIL    4 = ICE PELLETS
                        TOTAL MONTH:   0.0 INCH    5 = HAIL
                        GRTST 24HR     0.0         6 = FREEZING RAIN OR DRIZZLE
                        GRTST DEPTH:   0           7 = DUSTSTORM OR SANDSTORM:
                                                       VSBY 1/2 MILE OR LESS
                                                   8 = SMOKE OR HAZE
[NO. OF DAYS WITH]      [WEATHER - DAYS WITH]      9 = BLOWING SNOW
                                                   X = TORNADO
MAX 32 OR BELOW:   0    0.01 INCH OR MORE:  11
MAX 90 OR ABOVE:   0    0.10 INCH OR MORE:   5
MIN 32 OR BELOW:  13    0.50 INCH OR MORE:   3
MIN  0 OR BELOW:   0    1.00 INCH OR MORE:   1

[HDD (BASE 65) ]
TOTAL THIS MO.   476    CLEAR  (SCALE 0-3)  11
DPTR FM NORMAL    88    PTCLDY (SCALE 4-7)  11
TOTAL FM JUL 1  1935    CLOUDY (SCALE 8-10)  3
DPTR FM NORMAL    55

[CDD (BASE 65) ]
TOTAL THIS MO.     2
DPTR FM NORMAL     2    [PRESSURE DATA]
TOTAL FM JAN 1     2    HIGHEST SLP M ON M
DPTR FM NORMAL     0    LOWEST  SLP 29.68 ON 16

[REMARKS]
