000
CXUS51 KCLE 301004
CF6TOL
PRELIMINARY LOCAL CLIMATOLOGICAL DATA (WS FORM: F-6)

                                          STATION:   TOLEDO OH
                                          MONTH:     JULY
                                          YEAR:      2014
                                          LATITUDE:   41 35 N
                                          LONGITUDE:  83 48 W

  TEMPERATURE IN F:       :PCPN:    SNOW:  WIND      :SUNSHINE: SKY     :PK WND
================================================================================
1   2   3   4   5  6A  6B    7    8   9   10  11  12  13   14  15   16   17  18
                                     12Z  AVG MX 2MIN
DY MAX MIN AVG DEP HDD CDD  WTR  SNW DPTH SPD SPD DIR MIN PSBL S-S WX    SPD DR
================================================================================

 1  84  68  76   3   0  11 0.07  0.0    0 10.8 20 240   M    M   3 3      33 250
 2  81  64  73   0   0   8 0.00  0.0    0 10.6 23 250   M    M   2        30 240
 3  74  57  66  -7   0   1 0.00  0.0    0  7.8 17 310   M    M   6        24 320
 4  78  52  65  -9   0   0 0.00  0.0    0  6.4 17 360   M    M   0        22  10
 5  78  50  64 -10   1   0 0.00  0.0    0  4.1 14 240   M    M   0        24 200
 6  81  62  72  -2   0   7 0.00  0.0    0  8.0 18 220   M    M   5        25 190
 7  87  69  78   4   0  13 0.00  0.0    0 12.1 21 240   M    M   5        31 250
 8  81  65  73  -1   0   8 0.17  0.0    0  9.9 23 290   M    M   4 1      37 300
 9  81  63  72  -2   0   7 0.00  0.0    0  7.9 17 320   M    M   2 8      22 320
10  79  56  68  -6   0   3 0.00  0.0    0  3.8 10  40   M    M   2        13 270
11  82  57  70  -4   0   5 0.00  0.0    0  2.8  9 230   M    M   1 1      14  90
12  87  59  73  -1   0   8    T  0.0    0  5.2 15 230   M    M   3 1      21 240
13  86  64  75   1   0  10 0.05  0.0    0  9.5 23 240   M    M   4 1      31 240
14  86  63  75   1   0  10    T  0.0    0  4.7 13 260   M    M   4        15 270
15  73  56  65  -9   0   0 0.00  0.0    0 11.5 23 250   M    M   3        28 300
16  70  52  61 -13   4   0 0.00  0.0    0  7.0 15 310   M    M   6        20 300
17  78  54  66  -8   0   1 0.00  0.0    0  3.1 12 220   M    M   3        14 250
18  79  51  65  -9   0   0 0.00  0.0    0  3.3 10 100   M    M   2        16  70
19  77  60  69  -5   0   4    T  0.0    0  1.8  9  80   M    M   8 1      12 110
20  83  56  70  -4   0   5 0.00  0.0    0  1.6  9  40   M    M   3 128    13  40
21  87  56  72  -2   0   7 0.00  0.0    0  1.7  9 190   M    M   0 18     13 200
22  91  61  76   3   0  11 0.00  0.0    0  5.9 16 200   M    M   1 18     24 200
23  78  60  69  -4   0   4 0.52  0.0    0  8.0 21 240   M    M   9 138    26 250
24  76  54  65  -8   0   0 0.00  0.0    0  5.9 15  30   M    M   3        21  40
25  78  50  64  -9   1   0    T  0.0    0  4.7 14 210   M    M   2        23 220
26  80  57  69  -4   0   4    T  0.0    0  5.2 17 260   M    M   5 13     21 250
27  84  61  73   0   0   8    T  0.0    0  6.7 22 250   M    M   7 1238   28 350
28  75  55  65  -8   0   0 0.00  0.0    0 10.1 20 320   M    M   8        25 320
29  74  49  62 -11   3   0 0.00  0.0    0  6.8 17 240   M    M   3        21 240
================================================================================
SM 2328 1681         9 135  0.81     0.0 186.9          M      104
================================================================================
AV 80.3 58.0                               6.4 FASTST   M    M   4    MAX(MPH)
                                 MISC ---->  # 23 250                 37    M
================================================================================
NOTES:
# LAST OF SEVERAL OCCURRENCES

COLUMN 17 PEAK WIND IN M.P.H.

PRELIMINARY LOCAL CLIMATOLOGICAL DATA (WS FORM: F-6) , PAGE 2

                                          STATION:  TOLEDO OH
                                          MONTH:    JULY
                                          YEAR:     2014
                                          LATITUDE:   41 35 N
                                          LONGITUDE:  83 48 W

[TEMPERATURE DATA]      [PRECIPITATION DATA]       SYMBOLS USED IN COLUMN 16

AVERAGE MONTHLY: 69.1   TOTAL FOR MONTH:   0.81    1 = FOG OR MIST
DPTR FM NORMAL:  -4.5   DPTR FM NORMAL:   -2.20    2 = FOG REDUCING VISIBILITY
HIGHEST:    91 ON 22    GRTST 24HR  0.52 ON 23-23      TO 1/4 MILE OR LESS
LOWEST:     49 ON 29                               3 = THUNDER
                        SNOW, ICE PELLETS, HAIL    4 = ICE PELLETS
                        TOTAL MONTH:   0.0 INCH    5 = HAIL
                        GRTST 24HR     0.0         6 = FREEZING RAIN OR DRIZZLE
                        GRTST DEPTH:   0           7 = DUSTSTORM OR SANDSTORM:
                                                       VSBY 1/2 MILE OR LESS
                                                   8 = SMOKE OR HAZE
[NO. OF DAYS WITH]      [WEATHER - DAYS WITH]      9 = BLOWING SNOW
                                                   X = TORNADO
MAX 32 OR BELOW:   0    0.01 INCH OR MORE:   4
MAX 90 OR ABOVE:   1    0.10 INCH OR MORE:   2
MIN 32 OR BELOW:   0    0.50 INCH OR MORE:   1
MIN  0 OR BELOW:   0    1.00 INCH OR MORE:   0

[HDD (BASE 65) ]
TOTAL THIS MO.     9    CLEAR  (SCALE 0-3)  15
DPTR FM NORMAL     9    PTCLDY (SCALE 4-7)  13
TOTAL FM JUL 1     9    CLOUDY (SCALE 8-10)  1
DPTR FM NORMAL     9

[CDD (BASE 65) ]
TOTAL THIS MO.   135
DPTR FM NORMAL  -116    [PRESSURE DATA]
TOTAL FM JAN 1   388    HIGHEST SLP M ON M
DPTR FM NORMAL   -86    LOWEST  SLP 29.61 ON 27

[REMARKS]
