354
CXUS51 KCLE 290800
CF6TOL
PRELIMINARY LOCAL CLIMATOLOGICAL DATA (WS FORM: F-6)

                                          STATION:   TOLEDO OH
                                          MONTH:     APRIL
                                          YEAR:      2016
                                          LATITUDE:   41 35 N
                                          LONGITUDE:  83 48 W

  TEMPERATURE IN F:       :PCPN:    SNOW:  WIND      :SUNSHINE: SKY     :PK WND
================================================================================
1   2   3   4   5  6A  6B    7    8   9   10  11  12  13   14  15   16   17  18
                                     12Z  AVG MX 2MIN
DY MAX MIN AVG DEP HDD CDD  WTR  SNW DPTH SPD SPD DIR MIN PSBL S-S WX    SPD DR
================================================================================

 1  52  42  47   3  18   0 0.02  0.0    0 12.3 25 260   M    M   6 1      32 250
 2  41  28  35  -9  30   0 0.13  0.7    0 16.1 35 250   M    M   6 18     45 300
 3  54  24  39  -6  26   0    T  0.0    0 12.0 26 220   M    M   6        37 220
 4  55  27  41  -4  24   0 0.00  0.0    0 13.1 28 250   M    M   8        36 230
 5  40  20  30 -15  35   0 0.00  0.0    0  5.7 14  30   M    M   1        16  30
 6  60  30  45  -1  20   0 0.39  0.0    0  9.6 23 240   M    M   9 1      33 180
 7  45  33  39  -7  26   0 0.15    T    0 12.9 22 300   M    M  10 1      30 300
 8  42  28  35 -12  30   0 0.51  3.8    T  7.7 18 290   M    M   7 1      27 290
 9  32  20  26 -21  39   0 0.29  4.0    5  8.7 17 340   M    M   5 12     24  10
10  50  21  36 -11  29   0 0.20  0.2    3  7.0 18 210   M    M   9 1      29 190
11  57  36  47  -1  18   0 0.11  0.0    0 12.2 23 290   M    M   6 1      32 280
12  50  31  41  -7  24   0 0.00  0.0    0  8.2 18 330   M    M   0        24 340
13  51  28  40  -8  25   0 0.00  0.0    0  7.3 18  60   M    M   1        22  70
14  54  32  43  -6  22   0 0.00  0.0    0  9.5 18  60   M    M   0        31  60
15  65  35  50   1  15   0 0.00  0.0    0  8.6 17  90   M    M   0        22  90
16  72  40  56   6   9   0 0.00  0.0    0  6.9 16  70   M    M   0        20  80
17  77  41  59   9   6   0 0.00  0.0    0  3.4 12 100   M    M   0        15  90
18  82  43  63  13   2   0 0.00  0.0    0  3.0 15 260   M    M   0        18 270
19  61  50  56   5   9   0 0.00  0.0    0  9.8 18  60   M    M   0        23  90
20  63  43  53   2  12   0    T    M    0 11.1 20  90   M    M   2        24  90
21  63  49  56   4   9   0 0.26  0.0    0  7.7 18 260   M    M   8 1      24 220
22  60  48  54   2  11   0 0.35  0.0    0  6.2 20 360   M    M   8 1      24  10
23  59  38  49  -3  16   0 0.00  0.0    0  6.9 15  30   M    M   0        18  50
24  70  33  52  -1  13   0 0.00  0.0    0  4.9 15  60   M    M   0        18 100
25  80  41  61   8   4   0 0.00  0.0    0  8.8 24 250   M    M   3        31 250
26  69  44  57   4   8   0 0.72  0.0    0 13.5 31 300   M    M   8 1      41 300
27  57  43  50  -4  15   0 0.00  0.0    0 13.8 24  60   M    M   4        30  60
28  49  42  46  -8  19   0 0.17    M    0 13.9 22  70   M    M   9 1      28  70
================================================================================
SM 1610  990       514   0  3.30     8.7 260.8          M      116
================================================================================
AV 57.5 35.4                               9.3 FASTST   M    M   4    MAX(MPH)
                                 MISC ---->  # 35 250               # 45  300
================================================================================
NOTES:
# LAST OF SEVERAL OCCURRENCES

COLUMN 17 PEAK WIND IN M.P.H.

PRELIMINARY LOCAL CLIMATOLOGICAL DATA (WS FORM: F-6) , PAGE 2

                                          STATION:  TOLEDO OH
                                          MONTH:    APRIL
                                          YEAR:     2016
                                          LATITUDE:   41 35 N
                                          LONGITUDE:  83 48 W

[TEMPERATURE DATA]      [PRECIPITATION DATA]       SYMBOLS USED IN COLUMN 16

AVERAGE MONTHLY: 46.4   TOTAL FOR MONTH:   3.30    1 = FOG OR MIST
DPTR FM NORMAL:  -2.6   DPTR FM NORMAL:    0.32    2 = FOG REDUCING VISIBILITY
HIGHEST:    82 ON 18    GRTST 24HR  0.81 ON 31- 1      TO 1/4 MILE OR LESS
LOWEST:     20 ON  9, 5                            3 = THUNDER
                        SNOW, ICE PELLETS, HAIL    4 = ICE PELLETS
                        TOTAL MONTH:   8.7 INCHES  5 = HAIL
                        GRTST 24HR   4.0 ON  9- 9  6 = FREEZING RAIN OR DRIZZLE
                        GRTST DEPTH:   5 ON  9     7 = DUSTSTORM OR SANDSTORM:
                                                       VSBY 1/2 MILE OR LESS
                                                   8 = SMOKE OR HAZE
[NO. OF DAYS WITH]      [WEATHER - DAYS WITH]      9 = BLOWING SNOW
                                                   X = TORNADO
MAX 32 OR BELOW:   1    0.01 INCH OR MORE:  12
MAX 90 OR ABOVE:   0    0.10 INCH OR MORE:  11
MIN 32 OR BELOW:  11    0.50 INCH OR MORE:   2
MIN  0 OR BELOW:   0    1.00 INCH OR MORE:   0

[HDD (BASE 65) ]
TOTAL THIS MO.   514    CLEAR  (SCALE 0-3)  13
DPTR FM NORMAL    60    PTCLDY (SCALE 4-7)  10
TOTAL FM JUL 1  5086    CLOUDY (SCALE 8-10)  5
DPTR FM NORMAL  -794

[CDD (BASE 65) ]
TOTAL THIS MO.     0
DPTR FM NORMAL     0    [PRESSURE DATA]
TOTAL FM JAN 1     0    HIGHEST SLP M ON M
DPTR FM NORMAL     0    LOWEST  SLP 29.39 ON  7

[REMARKS]
