216
CXUS51 KCLE 250800
CF6TOL
PRELIMINARY LOCAL CLIMATOLOGICAL DATA (WS FORM: F-6)

                                          STATION:   TOLEDO OH
                                          MONTH:     AUGUST
                                          YEAR:      2016
                                          LATITUDE:   41 35 N
                                          LONGITUDE:  83 48 W

  TEMPERATURE IN F:       :PCPN:    SNOW:  WIND      :SUNSHINE: SKY     :PK WND
================================================================================
1   2   3   4   5  6A  6B    7    8   9   10  11  12  13   14  15   16   17  18
                                     12Z  AVG MX 2MIN
DY MAX MIN AVG DEP HDD CDD  WTR  SNW DPTH SPD SPD DIR MIN PSBL S-S WX    SPD DR
================================================================================

 1  86  66  76   3   0  11 0.00  0.0    0  3.3 10 300   M    M   2 1      15  30
 2  88  63  76   3   0  11 0.00  0.0    0  4.0 13  80   M    M   2 1      18  90
 3  90  65  78   5   0  13 0.00  0.0    0  4.2 14  60   M    M   0        16  90
 4  93  63  78   5   0  13 0.00  0.0    0  2.9 10 200   M    M   1        14 190
 5  90  68  79   7   0  14 0.13  0.0    0  7.1 17 280   M    M   1 1      23 280
 6  85  63  74   2   0   9 0.00  0.0    0  6.1 14 280   M    M   1        20 280
 7  86  61  74   2   0   9 0.00  0.0    0  5.7 14  10   M    M   1        17  20
 8  83  61  72   0   0   7 0.00  0.0    0  6.0 15  60   M    M   0        20  40
 9  90  61  76   4   0  11 0.00  0.0    0  3.0 12  60   M    M   2        15 110
10  94  70  82  10   0  17 0.00  0.0    0  2.7  9 140   M    M   4 1      14 130
11  93  73  83  11   0  18 0.01  0.0    0  8.2 21 250   M    M   3        25 200
12  92  75  84  12   0  19 0.68  0.0    0  8.7 25 290   M    M   5 12     30 290
13  86  74  80   8   0  15 0.30  0.0    0  8.6 20 240   M    M   7 1      24 250
14  80  67  74   2   0   9 0.00  0.0    0  4.0 10 270   M    M   3        13 330
15  76  69  73   1   0   8 0.28  0.0    0  3.6 12 110   M    M   9 1      17 110
16  80  69  75   3   0  10 0.68  0.0    0  8.3 20 240   M    M   4 1      27 220
17  82  66  74   2   0   9 0.12  0.0    0  6.3 25 260   M    M   4 123    31 270
18  84  63  74   2   0   9 0.00  0.0    0  3.2  9 230   M    M   1 1      13 270
19  88  65  77   5   0  12 0.00  0.0    0  6.0 18 270   M    M   1 1      23 280
20  84  66  75   4   0  10 0.75  0.0    0  6.9 18 190   M    M   4 13     27 180
21  78  61  70  -1   0   5 0.00  0.0    0 11.6 22 260   M    M   2        28 260
22  77  56  67  -4   0   2 0.00  0.0    0  3.1 10 280   M    M   1        13 330
23  81  53  67  -4   0   2 0.00  0.0    0  4.0 14 230   M    M   0        19 230
24  84  58  71   0   0   6 0.50  0.0    0  7.4 18 190   M    M   3 13     28 210
================================================================================
SM 2050 1556         0 249  3.45     0.0 134.9          M       61
================================================================================
AV 85.4 64.8                               5.6 FASTST   M    M   3    MAX(MPH)
                                 MISC ---->  # 25 290               # 31  270
================================================================================
NOTES:
# LAST OF SEVERAL OCCURRENCES

COLUMN 17 PEAK WIND IN M.P.H.

PRELIMINARY LOCAL CLIMATOLOGICAL DATA (WS FORM: F-6) , PAGE 2

                                          STATION:  TOLEDO OH
                                          MONTH:    AUGUST
                                          YEAR:     2016
                                          LATITUDE:   41 35 N
                                          LONGITUDE:  83 48 W

[TEMPERATURE DATA]      [PRECIPITATION DATA]       SYMBOLS USED IN COLUMN 16

AVERAGE MONTHLY: 75.1   TOTAL FOR MONTH:   3.45    1 = FOG OR MIST
DPTR FM NORMAL:   3.2   DPTR FM NORMAL:    0.99    2 = FOG REDUCING VISIBILITY
HIGHEST:    94 ON 10    GRTST 24HR  0.93 ON 15-16      TO 1/4 MILE OR LESS
LOWEST:     53 ON 23                               3 = THUNDER
                        SNOW, ICE PELLETS, HAIL    4 = ICE PELLETS
                        TOTAL MONTH:   0.0 INCH    5 = HAIL
                        GRTST 24HR     0.0         6 = FREEZING RAIN OR DRIZZLE
                        GRTST DEPTH:   0           7 = DUSTSTORM OR SANDSTORM:
                                                       VSBY 1/2 MILE OR LESS
                                                   8 = SMOKE OR HAZE
[NO. OF DAYS WITH]      [WEATHER - DAYS WITH]      9 = BLOWING SNOW
                                                   X = TORNADO
MAX 32 OR BELOW:   0    0.01 INCH OR MORE:   9
MAX 90 OR ABOVE:   7    0.10 INCH OR MORE:   8
MIN 32 OR BELOW:   0    0.50 INCH OR MORE:   4
MIN  0 OR BELOW:   0    1.00 INCH OR MORE:   0

[HDD (BASE 65) ]
TOTAL THIS MO.     0    CLEAR  (SCALE 0-3)  16
DPTR FM NORMAL     0    PTCLDY (SCALE 4-7)   7
TOTAL FM JUL 1     1    CLOUDY (SCALE 8-10)  1
DPTR FM NORMAL    -2

[CDD (BASE 65) ]
TOTAL THIS MO.   249
DPTR FM NORMAL    74    [PRESSURE DATA]
TOTAL FM JAN 1   817    HIGHEST SLP M ON M
DPTR FM NORMAL   154    LOWEST  SLP 29.69 ON 21

[REMARKS]
