000
CXUS55 KCYS 291000
CF6TOR
PRELIMINARY LOCAL CLIMATOLOGICAL DATA (WS FORM: F-6)

                                          STATION:   TORRINGTON WY AIRPORT
                                          MONTH:     MAY
                                          YEAR:      2016
                                          LATITUDE:   42  3 N
                                          LONGITUDE: 104  9 W

  TEMPERATURE IN F:       :PCPN:    SNOW:  WIND      :SUNSHINE: SKY     :PK WND
================================================================================
1   2   3   4   5  6A  6B    7    8   9   10  11  12  13   14  15   16   17  18
                                     12Z  AVG MX 2MIN
DY MAX MIN AVG DEP HDD CDD  WTR  SNW DPTH SPD SPD DIR MIN PSBL S-S WX    SPD DR
================================================================================

 1  55  33  44  -8  21   0 0.00    M    M  7.0 15  20   M    M   7        21  20
 2  66  29  48  -4  17   0    T    M    M 10.4 26 340   M    M   2        34 350
 3  72  40  56   3   9   0 0.00    M    M  9.8 23  10   M    M   2        34 330
 4  76  39  58   5   7   0 0.00    M    M  6.0 13 120   M    M   0        16 120
 5  82  45  64  11   1   0 0.00    M    M  6.1 13 200   M    M   0        19 240
 6  81  49  65  11   0   0 0.71    M    M 13.2 36  30   M    M   1 13     43  40
 7  64  45  55   1  10   0 0.56    M    M 18.6 41 130   M    M   7 138    56 140
 8  64  42  53  -1  12   0 0.39    M    M 10.6 23 290   M    M   6 13     27 290
 9  68  38  53  -1  12   0 0.03    M    M  5.4 25 270   M    M   2        32 280
10  63  37  50  -5  15   0 0.00    M    M 14.5 30 280   M    M   1        42 270
11  58  33  46  -9  19   0 0.00    M    M 10.0 24 330   M    M   2        32 330
12  71  34  53  -2  12   0 0.00    M    M  4.0 15 300   M    M   2        17 280
13  55  38  47  -9  18   0 0.00    M    M 12.0 25 360   M    M   6        37 340
14  48  33  41 -15  24   0    T    M    M  8.7 15 150   M    M   9        19 120
15  51  41  46 -10  19   0 0.06    M    M 13.3 22 100   M    M  10 1      27 110
16  45  36  41 -16  24   0 0.16    M    M  9.6 18  70   M    M   9 18     22  90
17  60  32  46 -11  19   0 0.00    M    M  7.2 17 150   M    M   2        24 160
18  69  37  53  -4  12   0 0.00    M    M 11.6 23 170   M    M   3        30 160
19  77  41  59   1   6   0 0.00    M    M 11.2 23 180   M    M   1 3      28 180
20  80  46  63   5   2   0 0.00    M    M 12.4 21 140   M    M   0        26 140
21  74  56  65   7   0   0    T    M    M 13.2 15 110   M    M   5         M  M
22  76  52  64   6   1   0 0.15    M    M   M  29 300   0    0   0        37 300
23  73  44  59   0   6   0 0.00    M    M 12.3 28 170   M    M   3        37 160
24  77  39  58  -1   7   0 0.00    M    M 12.5 39 170   M    M   2        47 170
25  75  39  57  -2   8   0    T    M    M  9.2 28 280   M    M   1        34 290
26  70  37  54  -6  11   0    T    M    M  7.5 22 180   M    M   2        27 160
27  66  43  55  -5  10   0 0.43    M    M  8.8 22  50   M    M   4 1      28  50
28  73  39  56  -4   9   0 0.00  0.0    0  6.8 20 330   M    M   2 12     24 310
================================================================================
SM 1889 1117       311   0  2.49     0.0 271.9            0     91
================================================================================
AV 67.5 39.9                              10.1 FASTST    0   0   3    MAX(MPH)
                                 MISC ---->  # 41 130               # 56  140
================================================================================
NOTES:
# LAST OF SEVERAL OCCURRENCES

COLUMN 17 PEAK WIND IN M.P.H.

PRELIMINARY LOCAL CLIMATOLOGICAL DATA (WS FORM: F-6) , PAGE 2

                                          STATION:  TORRINGTON WY AIRPORT
                                          MONTH:    MAY
                                          YEAR:     2016
                                          LATITUDE:   42  3 N
                                          LONGITUDE: 104  9 W

[TEMPERATURE DATA]      [PRECIPITATION DATA]       SYMBOLS USED IN COLUMN 16

AVERAGE MONTHLY: 53.7   TOTAL FOR MONTH:   2.49    1 = FOG OR MIST
DPTR FM NORMAL:  -2.5   DPTR FM NORMAL:    0.43    2 = FOG REDUCING VISIBILITY
HIGHEST:    82 ON  5    GRTST 24HR  1.02 ON  6- 7      TO 1/4 MILE OR LESS
LOWEST:     29 ON  2                               3 = THUNDER
                        SNOW, ICE PELLETS, HAIL    4 = ICE PELLETS
                        TOTAL MONTH:   0.0 INCH    5 = HAIL
                        GRTST 24HR     0.0         6 = FREEZING RAIN OR DRIZZLE
                        GRTST DEPTH:   0           7 = DUSTSTORM OR SANDSTORM:
                                                       VSBY 1/2 MILE OR LESS
                                                   8 = SMOKE OR HAZE
[NO. OF DAYS WITH]      [WEATHER - DAYS WITH]      9 = BLOWING SNOW
                                                   X = TORNADO
MAX 32 OR BELOW:   0    0.01 INCH OR MORE:   8
MAX 90 OR ABOVE:   0    0.10 INCH OR MORE:   6
MIN 32 OR BELOW:   2    0.50 INCH OR MORE:   2
MIN  0 OR BELOW:   0    1.00 INCH OR MORE:   0

[HDD (BASE 65) ]
TOTAL THIS MO.   311    CLEAR  (SCALE 0-3)  19
DPTR FM NORMAL    49    PTCLDY (SCALE 4-7)   6
TOTAL FM JUL 1  5872    CLOUDY (SCALE 8-10)  3
DPTR FM NORMAL  -622

[CDD (BASE 65) ]
TOTAL THIS MO.     0
DPTR FM NORMAL    -6    [PRESSURE DATA]
TOTAL FM JAN 1     0    HIGHEST SLP  0.00 ON M
DPTR FM NORMAL    -7    LOWEST  SLP 29.46 ON  9

[REMARKS]
