000
CXUS55 KTBW 311000
CF6TPA
PRELIMINARY LOCAL CLIMATOLOGICAL DATA (WS FORM: F-6)

                                          STATION:   Tampa
                                          MONTH:     AUGUST
                                          YEAR:      2015
                                          LATITUDE:   27 58 N
                                          LONGITUDE:  82 32 W

  TEMPERATURE IN F:       :PCPN:    SNOW:  WIND      :SUNSHINE: SKY     :PK WND
================================================================================
1   2   3   4   5  6A  6B    7    8   9   10  11  12  13   14  15   16   17  18
                                     12Z  AVG MX 2MIN
DY MAX MIN AVG DEP HDD CDD  WTR  SNW DPTH SPD SPD DIR MIN PSBL S-S WX    SPD DR
================================================================================

 1  86  73  80  -3   0  15 3.89  0.0    0  7.5 28 240   M    M   9 123    37 270
 2  83  73  78  -5   0  13 0.14  0.0    0 12.1 25 230   M    M   8 18     34 250
 3  83  72  78  -5   0  13 4.39  0.0    0  9.8 20 260   M    M   8 13     29 210
 4  89  78  84   1   0  19    T  0.0    0  5.9 17 290   M    M   7 1      21 290
 5  92  77  85   2   0  20 0.00  0.0    0  3.5 16 230   M    M   3        20 270
 6  91  78  85   2   0  20 0.00  0.0    0  5.7 15 230   M    M   2        19 250
 7  88  74  81  -2   0  16 0.09  0.0    0  9.2 20 250   M    M   6 138    26 260
 8  86  74  80  -3   0  15 1.53  0.0    0  5.6 24 340   M    M   6 123    30 330
 9  90  77  84   1   0  19 0.29  0.0    0  5.7 14  50   M    M   5 1      24 280
10  91  77  84   1   0  19 0.00  0.0    0  5.5 13 300   M    M   6 8      22 280
11  91  78  85   2   0  20 0.00  0.0    0  6.1 14 290   M    M   4 3      21 280
12  90  79  85   2   0  20 0.11  0.0    0  8.2 17 220   M    M   5 8      21 280
13  91  73  82  -1   0  17 1.79  0.0    0  5.9 21  40   M    M   7 38     29  40
14  89  75  82  -1   0  17 0.62  0.0    0  4.5 20 150   M    M   7 13     28 150
15  90  74  82  -1   0  17    T  0.0    0  4.1 18 260   M    M   6 3      24 200
16  92  74  83   0   0  18 0.54  0.0    0  6.2 21 140   M    M   6 138    33 140
17  92  76  84   1   0  19 0.04  0.0    0  5.3 20  20   M    M   5 3      27  20
18  92  76  84   1   0  19 1.17  0.0    0  4.1 18 190   M    M   6 138    23 110
19  92  77  85   2   0  20 0.03  0.0    0  4.2 22 250   M    M   7 13     27 250
20  96  79  88   5   0  23 0.00  0.0    0  5.1 18 240   M    M   6 3       M  M
21  92  79  86   3   0  21 0.08  0.0    0  3.8 16 360   M    M   7 38     20 290
22  95  80  88   5   0  23 0.00  0.0    0  4.4 20  20   M    M   5 38     29  30
23  94  80  87   4   0  22    T  0.0    0  4.6 15 290   M    M   5        22 280
24  93  81  87   4   0  22 0.00  0.0    0  4.0 15 210   M    M   4 3      20 200
25  93  81  87   4   0  22 0.00  0.0    0  4.9 13 290   M    M   2 8      20 280
26  93  76  85   2   0  20 0.17  0.0    0  6.5 15 110   M    M   5 13     24  80
27  87  77  82  -1   0  17 0.01  0.0    0  3.8  9 180   M    M   7 13     12 180
28  88  75  82  -1   0  17    T  0.0    0  5.1 16 290   M    M   8 3      21  20
29  91  74  83   0   0  18 0.75  0.0    0  6.2 15 350   M    M   8 13     18  90
30  89  74  82  -1   0  17 0.79  0.0    0  5.6 17  70   M    M   9 13     25  60
================================================================================
SM 2709 2291         0 558 16.43     0.0 173.1          M      179
================================================================================
AV 90.3 76.4                               5.8 FASTST   M    M   6    MAX(MPH)
                                 MISC ---->  # 28 240               # 37  270
================================================================================
NOTES:
# LAST OF SEVERAL OCCURRENCES

COLUMN 17 PEAK WIND IN M.P.H.

PRELIMINARY LOCAL CLIMATOLOGICAL DATA (WS FORM: F-6) , PAGE 2

                                          STATION:  Tampa
                                          MONTH:    AUGUST
                                          YEAR:     2015
                                          LATITUDE:   27 58 N
                                          LONGITUDE:  82 32 W

[TEMPERATURE DATA]      [PRECIPITATION DATA]       SYMBOLS USED IN COLUMN 16

AVERAGE MONTHLY: 83.3   TOTAL FOR MONTH:  16.43    1 = FOG OR MIST
DPTR FM NORMAL:   0.3   DPTR FM NORMAL:    8.91    2 = FOG REDUCING VISIBILITY
HIGHEST:    96 ON 20    GRTST 24HR  4.39 ON  3- 3      TO 1/4 MILE OR LESS
LOWEST:     72 ON  3                               3 = THUNDER
                        SNOW, ICE PELLETS, HAIL    4 = ICE PELLETS
                        TOTAL MONTH:   0.0 INCH    5 = HAIL
                        GRTST 24HR     0.0         6 = FREEZING RAIN OR DRIZZLE
                        GRTST DEPTH:   0           7 = DUSTSTORM OR SANDSTORM:
                                                       VSBY 1/2 MILE OR LESS
                                                   8 = SMOKE OR HAZE
[NO. OF DAYS WITH]      [WEATHER - DAYS WITH]      9 = BLOWING SNOW
                                                   X = TORNADO
MAX 32 OR BELOW:   0    0.01 INCH OR MORE:  18
MAX 90 OR ABOVE:  20    0.10 INCH OR MORE:  13
MIN 32 OR BELOW:   0    0.50 INCH OR MORE:   9
MIN  0 OR BELOW:   0    1.00 INCH OR MORE:   5

[HDD (BASE 65) ]
TOTAL THIS MO.     0    CLEAR  (SCALE 0-3)   3
DPTR FM NORMAL     0    PTCLDY (SCALE 4-7)  23
TOTAL FM JUL 1     0    CLOUDY (SCALE 8-10)  4
DPTR FM NORMAL     0

[CDD (BASE 65) ]
TOTAL THIS MO.   558
DPTR FM NORMAL    18    [PRESSURE DATA]
TOTAL FM JAN 1  2895    HIGHEST SLP M ON M
DPTR FM NORMAL   404    LOWEST  SLP 29.85 ON 24

[REMARKS]
