000
CXUS56 KLKN 291009
CF6TPH
PRELIMINARY LOCAL CLIMATOLOGICAL DATA (WS FORM: F-6)

                                          STATION:   TONOPAH AIRPORT NV
                                          MONTH:     JULY
                                          YEAR:      2016
                                          LATITUDE:   38  3 N
                                          LONGITUDE: 117  5 W

  TEMPERATURE IN F:       :PCPN:    SNOW:  WIND      :SUNSHINE: SKY     :PK WND
================================================================================
1   2   3   4   5  6A  6B    7    8   9   10  11  12  13   14  15   16   17  18
                                     12Z  AVG MX 2MIN
DY MAX MIN AVG DEP HDD CDD  WTR  SNW DPTH SPD SPD DIR MIN PSBL S-S WX    SPD DR
================================================================================

 1  91  57  74   1   0   9 0.07    M    M 11.7 45  30   M    M   1 3      59  30
 2  88  54  71  -2   0   6 0.01    M    M  9.5 33  20   M    M   1 3      39  20
 3  92  56  74   1   0   9 0.00    M    M  7.2 20 220   M    M   0        29 180
 4  94  57  76   2   0  11 0.00    M    M  9.0 20 210   M    M   0        31 210
 5  93  58  76   2   0  11 0.00    M    M  8.6 20 220   M    M   0        26 290
 6  91  65  78   4   0  13 0.00    M    M 11.1 20 320   M    M   0        29 280
 7  92  59  76   2   0  11 0.00    M    M  9.4 23 170   M    M   0        29 170
 8  93  57  75   1   0  10 0.00    M    M 10.6 24 200   M    M   0        40 190
 9  93  58  76   2   0  11 0.00    M    M 11.5 26 190   M    M   0        37 180
10  88  62  75   1   0  10 0.00    M    M 16.4 25 340   M    M   0        42 310
11  85  51  68  -7   0   3 0.00    M    M  7.2 18  20   M    M   0        22  10
12  91  53  72  -3   0   7 0.00    M    M  9.1 17 300   M    M   0        27 310
13  94  56  75   0   0  10 0.00    M    M  7.2 20  10   M    M   0        23  10
14  97  57  77   2   0  12 0.00    M    M  6.9 18 210   M    M   0        26 160
15  98  61  80   5   0  15 0.00    M    M  8.4 23 340   M    M   0        29 340
16  94  62  78   3   0  13 0.00    M    M  9.1 18 220   M    M   0        24 210
17  93  57  75   0   0  10 0.00    M    M 11.1 28 190   M    M   0        34 210
18  93  53  73  -2   0   8 0.00    M    M 10.0 26 200   M    M   0        33 180
19  94  55  75   0   0  10 0.00    M    M 10.7 24 200   M    M   0        35 190
20  96  54  75   0   0  10 0.00    M    M  9.6 24 180   M    M   0        30 210
21  97  58  78   3   0  13 0.00    M    M 10.8 24 170   M    M   0        36 190
22  97  62  80   5   0  15 0.00    M    M  8.6 18 260   M    M   0        26 240
23  98  59  79   4   0  14 0.00    M    M  8.6 16 350   M    M   0        20 330
24 100  63  82   7   0  17 0.00    M    M  7.7 20 260   M    M   0        25 260
25  99  61  80   5   0  15 0.00    M    M  7.0 18 200   M    M   0        24 220
26  99  59  79   4   0  14 0.00    M    M  6.0 14 260   M    M   0        18 270
27 101  65  83   8   0  18 0.00    M    M  7.1 21 170   M    M   0        25 170
28 104  68  86  11   0  21 0.00    M    M  7.5 26 270   M    M   0        32 260
================================================================================
SM 2645 1637         0 326  0.08    M    257.6          M        2
================================================================================
AV 94.5 58.5                               9.2 FASTST   M    M   0    MAX(MPH)
                                 MISC ---->  # 45  30               # 59   30
================================================================================
NOTES:
# LAST OF SEVERAL OCCURRENCES

COLUMN 17 PEAK WIND IN M.P.H.

PRELIMINARY LOCAL CLIMATOLOGICAL DATA (WS FORM: F-6) , PAGE 2

                                          STATION:  TONOPAH AIRPORT NV
                                          MONTH:    JULY
                                          YEAR:     2016
                                          LATITUDE:   38  3 N
                                          LONGITUDE: 117  5 W

[TEMPERATURE DATA]      [PRECIPITATION DATA]       SYMBOLS USED IN COLUMN 16

AVERAGE MONTHLY: 76.5   TOTAL FOR MONTH:   0.08    1 = FOG OR MIST
DPTR FM NORMAL:   1.9   DPTR FM NORMAL:   -0.31    2 = FOG REDUCING VISIBILITY
HIGHEST:   104 ON 28    GRTST 24HR  0.08 ON 30- 1      TO 1/4 MILE OR LESS
LOWEST:     51 ON 11                               3 = THUNDER
                        SNOW, ICE PELLETS, HAIL    4 = ICE PELLETS
                        TOTAL MONTH:    M          5 = HAIL
                        GRTST 24HR    M  ON   M    6 = FREEZING RAIN OR DRIZZLE
                        GRTST DEPTH:  M  ON   M    7 = DUSTSTORM OR SANDSTORM:
                                                       VSBY 1/2 MILE OR LESS
                                                   8 = SMOKE OR HAZE
[NO. OF DAYS WITH]      [WEATHER - DAYS WITH]      9 = BLOWING SNOW
                                                   X = TORNADO
MAX 32 OR BELOW:   0    0.01 INCH OR MORE:   2
MAX 90 OR ABOVE:  25    0.10 INCH OR MORE:   0
MIN 32 OR BELOW:   0    0.50 INCH OR MORE:   0
MIN  0 OR BELOW:   0    1.00 INCH OR MORE:   0

[HDD (BASE 65) ]
TOTAL THIS MO.     0    CLEAR  (SCALE 0-3)  28
DPTR FM NORMAL     0    PTCLDY (SCALE 4-7)   0
TOTAL FM JUL 1     0    CLOUDY (SCALE 8-10)  0
DPTR FM NORMAL     0

[CDD (BASE 65) ]
TOTAL THIS MO.   326
DPTR FM NORMAL    58    [PRESSURE DATA]
TOTAL FM JAN 1   604    HIGHEST SLP M ON M
DPTR FM NORMAL   164    LOWEST  SLP 29.73 ON  9

[REMARKS]
