000
CXUS56 KLKN 301009
CF6TPH
PRELIMINARY LOCAL CLIMATOLOGICAL DATA (WS FORM: F-6)

                                          STATION:   TONOPAH AIRPORT NV
                                          MONTH:     SEPTEMBER
                                          YEAR:      2016
                                          LATITUDE:   38  3 N
                                          LONGITUDE: 117  5 W

  TEMPERATURE IN F:       :PCPN:    SNOW:  WIND      :SUNSHINE: SKY     :PK WND
================================================================================
1   2   3   4   5  6A  6B    7    8   9   10  11  12  13   14  15   16   17  18
                                     12Z  AVG MX 2MIN
DY MAX MIN AVG DEP HDD CDD  WTR  SNW DPTH SPD SPD DIR MIN PSBL S-S WX    SPD DR
================================================================================

 1  91  53  72   3   0   7 0.00    M    M 11.5 31 190   M    M   0        40 190
 2  88  50  69   0   0   4 0.00    M    M  8.7 22 190   M    M   0        29 190
 3  83  48  66  -3   0   1 0.00    M    M  7.8 21 190   M    M   1        25 210
 4  79  53  66  -2   0   1 0.00    M    M 11.0 22 330   M    M   0        28 330
 5  77  48  63  -5   2   0 0.00    M    M  8.0 17  10   M    M   0        21  10
 6  84  47  66  -2   0   1 0.00    M    M  7.2 16 290   M    M   0        23 230
 7  87  50  69   1   0   4 0.00    M    M  7.1 15 180   M    M   0        22 210
 8  89  51  70   3   0   5 0.00    M    M  6.2 16 220   M    M   0 8      21 270
 9  90  56  73   6   0   8 0.00    M    M 10.2 18  10   M    M   0        24 320
10  89  52  71   5   0   6 0.00    M    M  7.4 15 180   M    M   0        19 170
11  88  55  72   6   0   7 0.00    M    M  8.7 21 200   M    M   0        26 200
12  83  51  67   1   0   2 0.01    M    M  9.3 30 230   M    M   4 38     39 240
13  65  44  55 -11  10   0 0.03    M    M 14.2 35 290   M    M   3        42 290
14  71  36  54 -11  11   0 0.00    M    M  7.2 18 280   M    M   0        24 290
15  76  44  60  -5   5   0 0.00    M    M  8.8 17  20   M    M   0        21  10
16  79  46  63  -1   2   0 0.00    M    M  8.8 17 360   M    M   0        21  10
17  83  48  66   2   0   1 0.00    M    M  8.2 15  10   M    M   0        20 280
18  89  48  69   5   0   4 0.00    M    M  6.7 15 190   M    M   0        18 220
19  89  50  70   7   0   5 0.00    M    M  6.2 14 360   M    M   0        18 250
20  84  49  67   4   0   2 0.00    M    M  9.7 20 180   M    M   0        25 180
21  78  51  65   2   0   0 1.14    M    M  7.5 26 200   M    M   5 13     35 190
22  60  40  50 -12  15   0 0.03    M    M 20.1 35 320   M    M   2 8      45 330
23  62  41  52 -10  13   0    T    M    M 19.6 33 320   M    M   0        45 320
24  73  41  57  -4   8   0 0.00    M    M 11.6 22 330   M    M   0        29 320
25  81  49  65   4   0   0 0.00    M    M  8.7 18 360   M    M   0        21 340
26  81  47  64   3   1   0 0.00    M    M  7.0 17  10   M    M   0        21 360
27  83  49  66   6   0   1 0.00    M    M  5.9 12 190   M    M   0        14 170
28  80  50  65   5   0   0    T    M    M  8.4 28 110   M    M   1        33 110
29  78  48  63   3   2   0 0.00    M    M  7.2 17 180   M    M   1        25 200
================================================================================
SM 2340 1395        69  59  1.21    M    268.9          M       17
================================================================================
AV 80.7 48.1                               9.3 FASTST   M    M   1    MAX(MPH)
                                 MISC ---->  # 35 290               # 45  330
================================================================================
NOTES:
# LAST OF SEVERAL OCCURRENCES

COLUMN 17 PEAK WIND IN M.P.H.

PRELIMINARY LOCAL CLIMATOLOGICAL DATA (WS FORM: F-6) , PAGE 2

                                          STATION:  TONOPAH AIRPORT NV
                                          MONTH:    SEPTEMBER
                                          YEAR:     2016
                                          LATITUDE:   38  3 N
                                          LONGITUDE: 117  5 W

[TEMPERATURE DATA]      [PRECIPITATION DATA]       SYMBOLS USED IN COLUMN 16

AVERAGE MONTHLY: 64.4   TOTAL FOR MONTH:   1.21    1 = FOG OR MIST
DPTR FM NORMAL:  -0.3   DPTR FM NORMAL:    0.84    2 = FOG REDUCING VISIBILITY
HIGHEST:    91 ON  1    GRTST 24HR  1.14 ON 21-21      TO 1/4 MILE OR LESS
LOWEST:     36 ON 14                               3 = THUNDER
                        SNOW, ICE PELLETS, HAIL    4 = ICE PELLETS
                        TOTAL MONTH:    M          5 = HAIL
                        GRTST 24HR    M  ON   M    6 = FREEZING RAIN OR DRIZZLE
                        GRTST DEPTH:  M  ON   M    7 = DUSTSTORM OR SANDSTORM:
                                                       VSBY 1/2 MILE OR LESS
                                                   8 = SMOKE OR HAZE
[NO. OF DAYS WITH]      [WEATHER - DAYS WITH]      9 = BLOWING SNOW
                                                   X = TORNADO
MAX 32 OR BELOW:   0    0.01 INCH OR MORE:   4
MAX 90 OR ABOVE:   2    0.10 INCH OR MORE:   1
MIN 32 OR BELOW:   0    0.50 INCH OR MORE:   1
MIN  0 OR BELOW:   0    1.00 INCH OR MORE:   1

[HDD (BASE 65) ]
TOTAL THIS MO.    69    CLEAR  (SCALE 0-3)  27
DPTR FM NORMAL   -10    PTCLDY (SCALE 4-7)   2
TOTAL FM JUL 1    69    CLOUDY (SCALE 8-10)  0
DPTR FM NORMAL   -16

[CDD (BASE 65) ]
TOTAL THIS MO.    59
DPTR FM NORMAL    -9    [PRESSURE DATA]
TOTAL FM JAN 1  1022    HIGHEST SLP M ON M
DPTR FM NORMAL   241    LOWEST  SLP 29.62 ON  4

[REMARKS]
