000
CXUS54 KFWD 300730
CF6TPL
PRELIMINARY LOCAL CLIMATOLOGICAL DATA (WS FORM: F-6)

                                          STATION:   TEMPLE
                                          MONTH:     JULY
                                          YEAR:      2014
                                          LATITUDE:   31  8 N
                                          LONGITUDE:  97 25 W

  TEMPERATURE IN F:       :PCPN:    SNOW:  WIND      :SUNSHINE: SKY     :PK WND
================================================================================
1   2   3   4   5  6A  6B    7    8   9   10  11  12  13   14  15   16   17  18
                                     12Z  AVG MX 2MIN
DY MAX MIN AVG DEP HDD CDD  WTR  SNW DPTH SPD SPD DIR MIN PSBL S-S WX    SPD DR
================================================================================

 1  95  72  84   3   0  19 0.00  0.0    0 12.8 22 160   M    M   2        27 160
 2  97  70  84   3   0  19 0.00  0.0    0  7.0 13  90   M    M   1        16 210
 3  93  66  80  -1   0  15 0.02  0.0    0  3.9 10 100   M    M   2 3       M  M
 4  90  64  77  -4   0  12 0.00  0.0    0  6.5 13 110   M    M   0        16  90
 5  91  68  80  -2   0  15 0.00  0.0    0  7.7 18 170   M    M   1        25 170
 6  91  70  81  -1   0  16 0.00  0.0    0  9.1 15 160   M    M   3        20 140
 7  97  72  85   3   0  20 0.00  0.0    0 12.4 16 160   M    M   0        24 170
 8  97  72  85   3   0  20 0.00  0.0    0 11.9 16 200   M    M   0        23 190
 9  97  70  84   2   0  19 0.00  0.0    0 11.3 16 170   M    M   0        23 140
10  95  66  81  -1   0  16 0.00  0.0    0 11.5 17 140   M    M   1        27 140
11  95  68  82   0   0  17 0.00  0.0    0 11.0 17 140   M    M   1        23 160
12  97  66  82   0   0  17 0.00  0.0    0  7.3 15 130   M    M   0        20 140
13  99  72  86   4   0  21 0.00  0.0    0  7.8 14 140   M    M   0        18 110
14  99  72  86   4   0  21 0.00  0.0    0  8.3 13 150   M    M   0        17 130
15  91  72  82  -1   0  17 1.84  0.0    0  6.4 10 160   M    M   4 3      28 160
16  55  70  63 -20   2   0 0.02  0.0    0  6.9 14 110   M    M   2        17 110
17  86  75  81  -2   0  16 0.16  0.0    0  8.4 15  40   M    M   8        20  40
18  79  68  74  -9   0   9 0.15  0.0    0  7.6 14 350   M    M  10        16 360
19  84  66  75  -8   0  10 0.00  0.0    0  4.7  7  70   M    M   6         M  M
20  91  66  79  -4   0  14 0.00  0.0    0  6.6 12 110   M    M   3         M  M
21  93  75  84   1   0  19 0.00  0.0    0  8.6 14 130   M    M   1        16 130
22  95  73  84   1   0  19 0.00  0.0    0  6.0  9  70   M    M   1         M  M
23  95  75  85   2   0  20 0.00  0.0    0  6.5 17  50   M    M   2        16  70
24  95  72  84   1   0  19 0.00  0.0    0  5.4 13  70   M    M   3         M  M
25  95  72  84   0   0  19 0.00  0.0    0  8.6 14 110   M    M   1        18 110
26  97  73  85   1   0  20 0.00  0.0    0 13.2 20 160   M    M   0        25 140
27  99  73  86   2   0  21 0.00  0.0    0 11.6 17 170   M    M   0        23 170
28  99  72  86   2   0  21 0.00  0.0    0  8.3 15  30   M    M   0        21  30
29  93  72  83  -1   0  18 0.00  0.0    0  7.6 16  40   M    M   3        22  60
================================================================================
SM 2680 2042         2 489  2.19     0.0 244.9          M       55
================================================================================
AV 92.4 70.4                               8.4 FASTST   M    M   2    MAX(MPH)
                                 MISC ---->    22   M                 28    M
================================================================================
NOTES:
# LAST OF SEVERAL OCCURRENCES

COLUMN 17 PEAK WIND IN M.P.H.

PRELIMINARY LOCAL CLIMATOLOGICAL DATA (WS FORM: F-6) , PAGE 2

                                          STATION:  TEMPLE
                                          MONTH:    JULY
                                          YEAR:     2014
                                          LATITUDE:   31  8 N
                                          LONGITUDE:  97 25 W

[TEMPERATURE DATA]      [PRECIPITATION DATA]       SYMBOLS USED IN COLUMN 16

AVERAGE MONTHLY: 81.4   TOTAL FOR MONTH:   2.19    1 = FOG OR MIST
DPTR FM NORMAL:  -1.1   DPTR FM NORMAL:    0.27    2 = FOG REDUCING VISIBILITY
HIGHEST:    99 ON 28,27 GRTST 24HR  1.84 ON 15-15      TO 1/4 MILE OR LESS
LOWEST:     64 ON  4                               3 = THUNDER
                        SNOW, ICE PELLETS, HAIL    4 = ICE PELLETS
                        TOTAL MONTH:   0.0 INCH    5 = HAIL
                        GRTST 24HR     0.0         6 = FREEZING RAIN OR DRIZZLE
                        GRTST DEPTH:   0           7 = DUSTSTORM OR SANDSTORM:
                                                       VSBY 1/2 MILE OR LESS
                                                   8 = SMOKE OR HAZE
[NO. OF DAYS WITH]      [WEATHER - DAYS WITH]      9 = BLOWING SNOW
                                                   X = TORNADO
MAX 32 OR BELOW:   0    0.01 INCH OR MORE:   5
MAX 90 OR ABOVE:  25    0.10 INCH OR MORE:   3
MIN 32 OR BELOW:   0    0.50 INCH OR MORE:   1
MIN  0 OR BELOW:   0    1.00 INCH OR MORE:   1

[HDD (BASE 65) ]
TOTAL THIS MO.     2    CLEAR  (SCALE 0-3)  24
DPTR FM NORMAL     2    PTCLDY (SCALE 4-7)   4
TOTAL FM JUL 1     2    CLOUDY (SCALE 8-10)  1
DPTR FM NORMAL     2

[CDD (BASE 65) ]
TOTAL THIS MO.   489
DPTR FM NORMAL   -21    [PRESSURE DATA]
TOTAL FM JAN 1  1321    HIGHEST SLP M ON M
DPTR FM NORMAL   -25    LOWEST  SLP M ON M

[REMARKS]
