000
CXUS54 KFWD 280730
CF6TPL
PRELIMINARY LOCAL CLIMATOLOGICAL DATA (WS FORM: F-6)

                                          STATION:   TEMPLE
                                          MONTH:     FEBRUARY
                                          YEAR:      2015
                                          LATITUDE:   31  8 N
                                          LONGITUDE:  97 25 W

  TEMPERATURE IN F:       :PCPN:    SNOW:  WIND      :SUNSHINE: SKY     :PK WND
================================================================================
1   2   3   4   5  6A  6B    7    8   9   10  11  12  13   14  15   16   17  18
                                     12Z  AVG MX 2MIN
DY MAX MIN AVG DEP HDD CDD  WTR  SNW DPTH SPD SPD DIR MIN PSBL S-S WX    SPD DR
================================================================================

 1  68  37  53   5  12   0 0.01  0.0    0 12.9 20 340   M    M   6        29 340
 2  45  28  37 -11  28   0 0.00  0.0    0  9.7 18 340   M    M   0        28 340
 3  46  34  40  -9  25   0 0.00  0.0    0  8.5 15 160   M    M   5         M  M
 4  55  39  47  -2  18   0 0.00  0.0    0  8.3 15 150   M    M  10         M  M
 5  48  36  42  -7  23   0 0.00  0.0    0 11.2 17 330   M    M  10        30 350
 6  59  34  47  -2  18   0 0.00  0.0    0  7.9 13 170   M    M   3        20 170
 7  68  37  53   4  12   0 0.00  0.0    0 15.0 28 170   M    M   0        32 170
 8  75  50  63  14   2   0 0.00  0.0    0 12.8 22 180   M    M   3        29 180
 9  81  43  62  12   3   0 0.00  0.0    0  6.7 12  20   M    M   0         M  M
10  79  39  59   9   6   0 0.00  0.0    0  9.6 20 180   M    M   0        23 170
11  73  46  60  10   5   0 0.00  0.0    0  8.6 17  10   M    M   3        25  10
12  57  37  47  -3  18   0 0.00  0.0    0 11.7 18 340   M    M   2        27 340
13  66  32  49  -1  16   0 0.00  0.0    0  6.3 10 170   M    M   1         M  M
14  79  39  59   8   6   0 0.00  0.0    0  6.2 10 220   M    M   0         M  M
15  68  52  60   9   5   0 0.00  0.0    0 11.8 20 180   M    M   4        24 170
16  64  34  49  -2  16   0 0.08    M    0 16.0 22 330   M    M   8        32 330
17  52  30  41 -10  24   0 0.00  0.0    0  8.4 14 350   M    M   3        17 350
18  63  28  46  -6  19   0 0.00  0.0    0  3.9  9 160   M    M   0         M  M
19  66  36  51  -1  14   0 0.02    M    0 12.8 23 170   M    M   0        28 170
20  72  50  61   9   4   0 0.00  0.0    0 21.0 35 170   M    M   9        43 180
21  68  45  57   5   8   0 0.00  0.0    0 14.9 28 170   M    M   6        38 170
22  52  34  43  -9  22   0 0.06    M    0 12.6 21 360   M    M  10        31 340
23  34  27  31 -22  34   0 0.01    M    0  4.7 20 350   M    M  10        27 350
24  36  27  32 -21  33   0 0.00  0.0    0  1.4  6 340   M    M  10         M  M
25  55  32  44  -9  21   0 0.09    M    0  5.2 14 300   M    M   6        20 320
26  41  28  35 -19  30   0 0.00  0.0    0 10.3 18 360   M    M   7        24 360
27  55  28  42 -12  23   0 0.00  0.0    0 11.1 15  20   M    M  10        17  30
================================================================================
SM 1625  982       445   0  0.27     0.0 269.5          M      126
================================================================================
AV 60.2 36.4                              10.0 FASTST   M    M   5    MAX(MPH)
                                 MISC ---->  # 35 170                 43    M
================================================================================
NOTES:
# LAST OF SEVERAL OCCURRENCES

COLUMN 17 PEAK WIND IN M.P.H.

PRELIMINARY LOCAL CLIMATOLOGICAL DATA (WS FORM: F-6) , PAGE 2

                                          STATION:  TEMPLE
                                          MONTH:    FEBRUARY
                                          YEAR:     2015
                                          LATITUDE:   31  8 N
                                          LONGITUDE:  97 25 W

[TEMPERATURE DATA]      [PRECIPITATION DATA]       SYMBOLS USED IN COLUMN 16

AVERAGE MONTHLY: 48.3   TOTAL FOR MONTH:   0.27    1 = FOG OR MIST
DPTR FM NORMAL:  -2.5   DPTR FM NORMAL:   -2.23    2 = FOG REDUCING VISIBILITY
HIGHEST:    81 ON  9    GRTST 24HR  0.09 ON 25-25      TO 1/4 MILE OR LESS
LOWEST:     27 ON 24,23                            3 = THUNDER
                        SNOW, ICE PELLETS, HAIL    4 = ICE PELLETS
                        TOTAL MONTH:   0.0 INCH    5 = HAIL
                        GRTST 24HR     0.0         6 = FREEZING RAIN OR DRIZZLE
                        GRTST DEPTH:   0           7 = DUSTSTORM OR SANDSTORM:
                                                       VSBY 1/2 MILE OR LESS
                                                   8 = SMOKE OR HAZE
[NO. OF DAYS WITH]      [WEATHER - DAYS WITH]      9 = BLOWING SNOW
                                                   X = TORNADO
MAX 32 OR BELOW:   0    0.01 INCH OR MORE:   6
MAX 90 OR ABOVE:   0    0.10 INCH OR MORE:   0
MIN 32 OR BELOW:   9    0.50 INCH OR MORE:   0
MIN  0 OR BELOW:   0    1.00 INCH OR MORE:   0

[HDD (BASE 65) ]
TOTAL THIS MO.   445    CLEAR  (SCALE 0-3)  13
DPTR FM NORMAL    54    PTCLDY (SCALE 4-7)   7
TOTAL FM JUL 1  1832    CLOUDY (SCALE 8-10)  7
DPTR FM NORMAL    35

[CDD (BASE 65) ]
TOTAL THIS MO.     0
DPTR FM NORMAL     0    [PRESSURE DATA]
TOTAL FM JAN 1     0    HIGHEST SLP M ON M
DPTR FM NORMAL    -2    LOWEST  SLP M ON M

[REMARKS]
