169
CXUS53 KOAX 010302
CF6TQE
PRELIMINARY LOCAL CLIMATOLOGICAL DATA (WS FORM: F-6)

                                          STATION:   TEKAMAH, NEBRASKA
                                          MONTH:     MAY
                                          YEAR:      2016
                                          LATITUDE:   41 46 N
                                          LONGITUDE:  96 11 W

  TEMPERATURE IN F:       :PCPN:    SNOW:  WIND      :SUNSHINE: SKY     :PK WND
================================================================================
1   2   3   4   5  6A  6B    7    8   9   10  11  12  13   14  15   16   17  18
                                     12Z  AVG MX 2MIN
DY MAX MIN AVG DEP HDD CDD  WTR  SNW DPTH SPD SPD DIR MIN PSBL S-S WX    SPD DR
================================================================================

 1  52  43  48  -9  17   0 0.10    M    M 13.9 24 360   M    M  10 1      28 360
 2  64  40  52  -5  13   0 0.00    M    M  4.6 13 330   M    M   3        18 360
 3  71  41  56  -1   9   0 0.00    M    M  9.2 23 300   M    M   2        29 300
 4  69  44  57  -1   8   0 0.00    M    M 11.4 22 350   M    M   0        28 340
 5  77  41  59   1   6   0 0.00    M    M  5.0 13 170   M    M   0        15 170
 6  88  48  68  10   0   3 0.00    M    M 12.7 25 210   M    M   0        31 210
 7  72  54  63   4   2   0 0.01    M    M 10.9 24 360   M    M   3 38     30  10
 8  76  51  64   5   1   0    T    M    M 15.0 28 120   M    M   3        33 120
 9  72  56  64   4   1   0 0.62    M    M 13.6 32 190   M    M   7 13     39 120
10  77  50  64   4   1   0 0.03    M    M  5.0 12 240   M    M   2        15 150
11  70  53  62   2   3   0 0.83    M    M 12.5 35 330   M    M   7 13     41 330
12  69  47  58  -3   7   0 0.00    M    M 11.8 25 310   M    M   1        32 270
13  64  43  54  -7  11   0 0.01    M    M 16.8 37 360   M    M   5 3      45 350
14  60  37  49 -13  16   0 0.00    M    M 14.0 28 340   M    M   2        33 340
15  68  37  53  -9  12   0 0.00    M    M  7.0 18 230   M    M   1        24 220
16  55  44  50 -12  15   0 0.21    M    M  5.8 12 100   M    M   6        14 120
17  72  40  56  -7   9   0 0.00    M    M  5.8 17  30   M    M   1        23  30
18  73  41  57  -6   8   0 0.00    M    M  4.7 12  60   M    M   2        17 210
19  72  48  60  -3   5   0 0.00    M    M 11.3 23 200   M    M   5        31 190
20  72  49  61  -3   4   0    T    M    M 10.9 22 160   M    M   7        27 160
21  72  46  59  -5   6   0 0.06    M    M  9.1 22 120   M    M   1        27 150
22  86  50  68   4   0   3 0.00    M    M 18.0 31 170   M    M   2        39 150
23  80  65  73   8   0   8 0.49    M    M 14.6 33 130   M    M   6 13     40 130
24  84  57  71   6   0   6 0.00    M    M  7.2 16 180   M    M   1        20 170
25  83  62  73   7   0   8 0.03    M    M 11.1 32 180   M    M   5 3      38 180
26  84  55  70   4   0   5 0.14    M    M 10.9 41 250   M    M   1 3      53 110
27  81  61  71   5   0   6 0.19    M    M  8.3 32 170   M    M   6 13     41 180
28  73  59  66  -1   0   1 0.01    M    M 13.8 31 270   M    M   5        39 240
29  85  52  69   2   0   4 0.00    M    M   M   M   M   M    M   1         M  M
30  91  54  73   6   0   8 0.14    M    M   M  37 180   M    M   1 3      41 180
================================================================================
SM 2212 1468       154  52  2.87    M    294.9          M       96
================================================================================
AV 73.7 48.9                              10.5 FASTST   M    M   3    MAX(MPH)
                                 MISC ---->  # 41 250               # 53  110
================================================================================
NOTES:
# LAST OF SEVERAL OCCURRENCES

COLUMN 17 PEAK WIND IN M.P.H.

PRELIMINARY LOCAL CLIMATOLOGICAL DATA (WS FORM: F-6) , PAGE 2

                                          STATION:  TEKAMAH, NEBRASKA
                                          MONTH:    MAY
                                          YEAR:     2016
                                          LATITUDE:   41 46 N
                                          LONGITUDE:  96 11 W

[TEMPERATURE DATA]      [PRECIPITATION DATA]       SYMBOLS USED IN COLUMN 16

AVERAGE MONTHLY: 61.3   TOTAL FOR MONTH:   2.87    1 = FOG OR MIST
DPTR FM NORMAL:  -0.7   DPTR FM NORMAL:   -1.08    2 = FOG REDUCING VISIBILITY
HIGHEST:    91 ON 30    GRTST 24HR  1.32 ON 30- 1      TO 1/4 MILE OR LESS
LOWEST:     37 ON 15,14                            3 = THUNDER
                        SNOW, ICE PELLETS, HAIL    4 = ICE PELLETS
                        TOTAL MONTH:    M          5 = HAIL
                        GRTST 24HR    M  ON   M    6 = FREEZING RAIN OR DRIZZLE
                        GRTST DEPTH:  M  ON   M    7 = DUSTSTORM OR SANDSTORM:
                                                       VSBY 1/2 MILE OR LESS
                                                   8 = SMOKE OR HAZE
[NO. OF DAYS WITH]      [WEATHER - DAYS WITH]      9 = BLOWING SNOW
                                                   X = TORNADO
MAX 32 OR BELOW:   0    0.01 INCH OR MORE:  14
MAX 90 OR ABOVE:   1    0.10 INCH OR MORE:   8
MIN 32 OR BELOW:   0    0.50 INCH OR MORE:   2
MIN  0 OR BELOW:   0    1.00 INCH OR MORE:   0

[HDD (BASE 65) ]
TOTAL THIS MO.   154    CLEAR  (SCALE 0-3)  18
DPTR FM NORMAL     2    PTCLDY (SCALE 4-7)  11
TOTAL FM JUL 1  5489    CLOUDY (SCALE 8-10)  1
DPTR FM NORMAL  -992

[CDD (BASE 65) ]
TOTAL THIS MO.    52
DPTR FM NORMAL   -13    [PRESSURE DATA]
TOTAL FM JAN 1    56    HIGHEST SLP M ON M
DPTR FM NORMAL   -17    LOWEST  SLP 29.47 ON  9

[REMARKS]
#FINAL-05-16#
