000
CXUS56 KSGX 011445
CF6TRM
PRELIMINARY LOCAL CLIMATOLOGICAL DATA (WS FORM: F-6)

                                          STATION:   THERMAL AIRPORT CA
                                          MONTH:     JUNE
                                          YEAR:      2015
                                          LATITUDE:   33 37 N
                                          LONGITUDE: 116 10 W

  TEMPERATURE IN F:       :PCPN:    SNOW:  WIND      :SUNSHINE: SKY     :PK WND
================================================================================
1   2   3   4   5  6A  6B    7    8   9   10  11  12  13   14  15   16   17  18
                                     12Z  AVG MX 2MIN
DY MAX MIN AVG DEP HDD CDD  WTR  SNW DPTH SPD SPD DIR MIN PSBL S-S WX    SPD DR
================================================================================

 1 104  65  85   3   0  20 0.00  0.0    0  9.3 22 340   M    M   0        29 340
 2 101  67  84   2   0  19 0.00  0.0    0 10.4 24 340   M    M   0        31 330
 3  99  65  82   0   0  17 0.00  0.0    0 10.6 26 330   M    M   0        33 330
 4  94  70  82  -1   0  17 0.00  0.0    0 11.8 25 340   M    M   0        32 340
 5  93  66  80  -3   0  15 0.00  0.0    0 11.2 24 330   M    M   0 8      33 330
 6  97  68  83   0   0  18 0.00  0.0    0  8.8 17 330   M    M   0        27 330
 7 103  70  87   4   0  22 0.00  0.0    0  6.7 16 310   M    M   0        25 310
 8 108  59  84   0   0  19 0.00  0.0    0  6.4 17 140   M    M   0        22 140
 9  92  72  82  -2   0  17    T  0.0    0  9.0 23 140   M    M   2 8      30 140
10 100  67  84   0   0  19 0.00  0.0    0  7.8 24 340   M    M   0 8      33 340
11 104  75  90   6   0  25 0.00  0.0    0 10.7 20 320   M    M   0        27 330
12 107  77  92   8   0  27 0.00  0.0    0 10.4 18 330   M    M   0        27 270
13 104  77  91   6   0  26 0.00  0.0    0  6.4 17 330   M    M   0        22 330
14 105  71  88   3   0  23 0.00  0.0    0  6.0 12 130   M    M   0        16 150
15 108  68  88   3   0  23 0.00  0.0    0  5.9 17 330   M    M   0        21 330
16 108  64  86   1   0  21 0.00  0.0    0  3.8  8 150   M    M   0         M  M
17 111  68  90   4   0  25 0.00  0.0    0  6.2 18 340   M    M   0        22 340
18 119  67  93   7   0  28 0.00  0.0    0  8.8 23 340   M    M   0 8      30 340
19 113  63  88   2   0  23 0.00  0.0    0  6.0 17 330   M    M   0 8      23 330
20 109  69  89   3   0  24 0.00  0.0    0  7.2 17 310   M    M   0        24 320
21 107  66  87   0   0  22 0.00  0.0    0  5.2 14 350   M    M   0        17 350
22 108  65  87   0   0  22 0.00  0.0    0  5.9 20 340   M    M   0        26 330
23 111  65  88   1   0  23 0.00  0.0    0  5.7 20 320   M    M   0 8      27 320
24 110  68  89   2   0  24 0.00  0.0    0  6.2 16 310   M    M   0        23 310
25 109  64  87  -1   0  22 0.00  0.0    0  5.6 15 130   M    M   0        21 120
26  99  75  87  -1   0  22 0.00  0.0    0  4.0 14 150   M    M   0        18 150
27 110  72  91   3   0  26 0.00  0.0    0  5.2 15 310   M    M   0 8      18 310
28 106  80  93   5   0  28 0.00  0.0    0  5.0 15 330   M    M   0        21 350
29 109  76  93   5   0  28 0.00  0.0    0  6.4 16 130   M    M   0        21 120
30 107  79  93   4   0  28    T  0.0    0  7.6 21 140   M    M   0 8      27 150
================================================================================
SM 3155 2078         0 673    T      0.0 220.2          M        2
================================================================================
AV105.2 69.3                               7.3 FASTST   M    M   0    MAX(MPH)
                                 MISC ---->  # 26 330               # 33  330
================================================================================
NOTES:
# LAST OF SEVERAL OCCURRENCES

COLUMN 17 PEAK WIND IN M.P.H.

PRELIMINARY LOCAL CLIMATOLOGICAL DATA (WS FORM: F-6) , PAGE 2

                                          STATION:  THERMAL AIRPORT CA
                                          MONTH:    JUNE
                                          YEAR:     2015
                                          LATITUDE:   33 37 N
                                          LONGITUDE: 116 10 W

[TEMPERATURE DATA]      [PRECIPITATION DATA]       SYMBOLS USED IN COLUMN 16

AVERAGE MONTHLY: 87.2   TOTAL FOR MONTH:      T    1 = FOG OR MIST
DPTR FM NORMAL:   2.0   DPTR FM NORMAL:   -0.02    2 = FOG REDUCING VISIBILITY
HIGHEST:   119 ON 18    GRTST 24HR    T  ON 30-30      TO 1/4 MILE OR LESS
LOWEST:     59 ON  8                               3 = THUNDER
                        SNOW, ICE PELLETS, HAIL    4 = ICE PELLETS
                        TOTAL MONTH:   0.0 INCH    5 = HAIL
                        GRTST 24HR     0.0         6 = FREEZING RAIN OR DRIZZLE
                        GRTST DEPTH:   0           7 = DUSTSTORM OR SANDSTORM:
                                                       VSBY 1/2 MILE OR LESS
                                                   8 = SMOKE OR HAZE
[NO. OF DAYS WITH]      [WEATHER - DAYS WITH]      9 = BLOWING SNOW
                                                   X = TORNADO
MAX 32 OR BELOW:   0    0.01 INCH OR MORE:   0
MAX 90 OR ABOVE:  30    0.10 INCH OR MORE:   0
MIN 32 OR BELOW:   0    0.50 INCH OR MORE:   0
MIN  0 OR BELOW:   0    1.00 INCH OR MORE:   0

[HDD (BASE 65) ]
TOTAL THIS MO.     0    CLEAR  (SCALE 0-3)  30
DPTR FM NORMAL     0    PTCLDY (SCALE 4-7)   0
TOTAL FM JUL 1   764    CLOUDY (SCALE 8-10)  0
DPTR FM NORMAL  -417

[CDD (BASE 65) ]
TOTAL THIS MO.   673
DPTR FM NORMAL    65    [PRESSURE DATA]
TOTAL FM JAN 1  1427    HIGHEST SLP 30.03 ON 27
DPTR FM NORMAL   146    LOWEST  SLP 29.79 ON 30

[REMARKS]
#FINAL-06-15#
