000
CXUS51 KPHI 260800
CF6TTN
PRELIMINARY LOCAL CLIMATOLOGICAL DATA (WS FORM: F-6)

                                          STATION:   TRENTON NJ
                                          MONTH:     MARCH
                                          YEAR:      2017
                                          LATITUDE:   40 16 N
                                          LONGITUDE:  74 49 W

  TEMPERATURE IN F:       :PCPN:    SNOW:  WIND      :SUNSHINE: SKY     :PK WND
================================================================================
1   2   3   4   5  6A  6B    7    8   9   10  11  12  13   14  15   16   17  18
                                     12Z  AVG MX 2MIN
DY MAX MIN AVG DEP HDD CDD  WTR  SNW DPTH SPD SPD DIR MIN PSBL S-S WX    SPD DR
================================================================================

 1  73  55  64  27   1   0 0.02    M    M 11.8 26 230   M    M   7 13     38 210
 2  64  36  50  13  15   0    T    M    M 16.4 31 270   M    M   1        50 290
 3  40  25  33  -5  32   0    T    M    M 10.5 25 320   M    M   3        36 330
 4  35  17  26 -12  39   0 0.00    M    M 12.3 24 350   M    M   2        35 350
 5  38  13  26 -12  39   0 0.00    M    M  8.7 21 360   M    M   0        26  10
 6  48  20  34  -4  31   0 0.00    M    M  5.3 14 130   M    M   5        17 130
 7  63  39  51  12  14   0 0.09    M    M  5.2 17 210   M    M  10 1      21 220
 8  62  48  55  16  10   0 0.01    M    M 12.8 26 290   M    M   4        39 300
 9  65  47  56  17   9   0 0.00    M    M 11.1 26 260   M    M   2        37 250
10  47  23  35  -5  30   0 0.16    M    M 10.0 21 320   M    M   9 12     30 330
11  30  17  24 -16  41   0 0.00    M    M 12.4 23 280   M    M   4        36 280
12  31  19  25 -15  40   0 0.00    M    M  9.4 20 310   M    M   3        27 300
13  38  16  27 -13  38   0 0.10    M    M  5.8 17 140   M    M   3 1      22 140
14  33  22  28 -13  37   0 1.00    M    M 18.1 31 350   M    M  10 1246   45  40
15  29  19  24 -17  41   0    T    M    M 12.9 25 310   M    M  10        34 290
16  39  23  31 -10  34   0 0.00    M    M 12.5 23 310   M    M   1        33 310
17  45  26  36  -6  29   0 0.00    M    M  6.6 15 280   M    M   0        21 270
18  38  29  34  -8  31   0 0.04    M    M  9.2 21  60   M    M   9 18     25  60
19  49  34  42   0  23   0 0.00    M    M  9.4 18  30   M    M   3        24  40
20  51  31  41  -1  24   0 0.00    M    M  6.3 13 290   M    M   3        16 270
21  58  40  49   6  16   0    T    M    M  5.8 13 310   M    M   5        17 310
22  48  23  36  -7  29   0 0.00    M    M 14.9 33 350   M    M   0        45 360
23  44  20  32 -12  33   0 0.00    M    M  5.6 14 360   M    M   0        20 330
24  57  28  43  -1  22   0 0.00    M    M  9.2 23 220   M    M   2        29 210
25  65  44  55  11  10   0    T    M    M  6.3 21  70   M    M   6        26  70
================================================================================
SM 1190  714       668   0  1.42    M    248.5          M      102
================================================================================
AV 47.6 28.6                               9.9 FASTST   M    M   4    MAX(MPH)
                                 MISC ---->  # 33 350               # 50  290
================================================================================
NOTES:
# LAST OF SEVERAL OCCURRENCES

COLUMN 17 PEAK WIND IN M.P.H.

PRELIMINARY LOCAL CLIMATOLOGICAL DATA (WS FORM: F-6) , PAGE 2

                                          STATION:  TRENTON NJ
                                          MONTH:    MARCH
                                          YEAR:     2017
                                          LATITUDE:   40 16 N
                                          LONGITUDE:  74 49 W

[TEMPERATURE DATA]      [PRECIPITATION DATA]       SYMBOLS USED IN COLUMN 16

AVERAGE MONTHLY: 38.1   TOTAL FOR MONTH:   1.42    1 = FOG OR MIST
DPTR FM NORMAL:  -2.4   DPTR FM NORMAL:   -1.86    2 = FOG REDUCING VISIBILITY
HIGHEST:    73 ON  1    GRTST 24HR  1.00 ON 14-14      TO 1/4 MILE OR LESS
LOWEST:     13 ON  5                               3 = THUNDER
                        SNOW, ICE PELLETS, HAIL    4 = ICE PELLETS
                        TOTAL MONTH:    M          5 = HAIL
                        GRTST 24HR    M  ON   M    6 = FREEZING RAIN OR DRIZZLE
                        GRTST DEPTH:  M  ON   M    7 = DUSTSTORM OR SANDSTORM:
                                                       VSBY 1/2 MILE OR LESS
                                                   8 = SMOKE OR HAZE
[NO. OF DAYS WITH]      [WEATHER - DAYS WITH]      9 = BLOWING SNOW
                                                   X = TORNADO
MAX 32 OR BELOW:   3    0.01 INCH OR MORE:   7
MAX 90 OR ABOVE:   0    0.10 INCH OR MORE:   3
MIN 32 OR BELOW:  17    0.50 INCH OR MORE:   1
MIN  0 OR BELOW:   0    1.00 INCH OR MORE:   1

[HDD (BASE 65) ]
TOTAL THIS MO.   668    CLEAR  (SCALE 0-3)  12
DPTR FM NORMAL    55    PTCLDY (SCALE 4-7)   8
TOTAL FM JUL 1  3887    CLOUDY (SCALE 8-10)  5
DPTR FM NORMAL  -540

[CDD (BASE 65) ]
TOTAL THIS MO.     0
DPTR FM NORMAL     0    [PRESSURE DATA]
TOTAL FM JAN 1     0    HIGHEST SLP M ON M
DPTR FM NORMAL     0    LOWEST  SLP 29.09 ON 14

[REMARKS]
