000
CXUS54 KTSA 270840
CF6TUL
PRELIMINARY LOCAL CLIMATOLOGICAL DATA (WS FORM: F-6)

                                          STATION:   TULSA OKLAHOMA
                                          MONTH:     MARCH
                                          YEAR:      2015
                                          LATITUDE:   36 12 N
                                          LONGITUDE:  95 54 W

  TEMPERATURE IN F:       :PCPN:    SNOW:  WIND      :SUNSHINE: SKY     :PK WND
================================================================================
1   2   3   4   5  6A  6B    7    8   9   10  11  12  13   14  15   16   17  18
                                     12Z  AVG MX 2MIN
DY MAX MIN AVG DEP HDD CDD  WTR  SNW DPTH SPD SPD DIR MIN PSBL S-S WX    SPD DR
================================================================================

 1  34  28  31 -15  34   0 0.00  0.0    2  6.1 12 350   M    M  10 1      14 330
 2  37  23  30 -17  35   0    T  0.0    T  7.1 16 170   M    M  10 128    20 160
 3  59  36  48   1  17   0    T  0.0    0 10.9 24 180   M    M  10 12     30 180
 4  44  25  35 -13  30   0 0.06  0.3    0 15.6 28  10   M    M  10 146    35  10
 5  45  17  31 -17  34   0 0.00  0.0    T  5.7 15 170   M    M   1        18 330
 6  58  25  42  -6  23   0 0.00  0.0    0 10.1 17 190   M    M   0        23 200
 7  68  35  52   4  13   0 0.00  0.0    0  9.3 16 200   M    M   3        22 200
 8  59  45  52   3  13   0 0.00  0.0    0  8.7 16 170   M    M  10        21 170
 9  52  41  47  -2  18   0 0.18  0.0    0  5.3 10 180   M    M  10 1      13 170
10  68  46  57   8   8   0    T    M    0  5.4 13 340   M    M   4 1      18 340
11  75  39  57   7   8   0 0.00  0.0    0  2.3  9 130   M    M   1 1      12  80
12  74  41  58   8   7   0 0.00  0.0    0  4.5 14  70   M    M   6        16  70
13  58  54  56   6   9   0 1.36  0.0    0 10.1 23 360   M    M  10 1      27  10
14  64  47  56   5   9   0    T  0.0    0 10.6 22  20   M    M  10        27 360
15  73  38  56   5   9   0 0.00  0.0    0  4.4 14 170   M    M   4        16 150
16  78  51  65  14   0   0 0.00  0.0    0 10.1 22 190   M    M   6        26 190
17  65  51  58   6   7   0    T  0.0    0 12.3 26  10   M    M   8        32  10
18  55  49  52   0  13   0 0.30  0.0    0  4.6 12 110   M    M   9 1      14 110
19  54  47  51  -1  14   0 0.18  0.0    0  6.0 12 350   M    M  10 1      15  10
20  61  40  51  -1  14   0 0.00  0.0    0  3.4 10 350   M    M   9 1      14 350
21  67  43  55   2  10   0 0.00  0.0    0  2.4  9 130   M    M  10 8      11 150
22  71  50  61   8   4   0 0.00  0.0    0  6.2 15 130   M    M   5        19 160
23  78  51  65  12   0   0 0.00  0.0    0  8.4 15 170   M    M   4        19 150
24  83  57  70  16   0   5 0.00  0.0    0 13.9 29 290   M    M   6        37 280
25  79  48  64  10   1   0 1.62    T    0 11.7 33  50   M    M   8 135    44 260
26  60  42  51  -3  14   0    T    M    0 13.3 26 360   M    M   5 1      34 360
================================================================================
SM 1619 1069       344   5  3.70     0.3 208.4          M      179
================================================================================
AV 62.3 41.1                               8.0 FASTST   M    M   7    MAX(MPH)
                                 MISC ---->  # 33  50               # 44  260
================================================================================
NOTES:
# LAST OF SEVERAL OCCURRENCES

COLUMN 17 PEAK WIND IN M.P.H.

PRELIMINARY LOCAL CLIMATOLOGICAL DATA (WS FORM: F-6) , PAGE 2

                                          STATION:  TULSA OKLAHOMA
                                          MONTH:    MARCH
                                          YEAR:     2015
                                          LATITUDE:   36 12 N
                                          LONGITUDE:  95 54 W

[TEMPERATURE DATA]      [PRECIPITATION DATA]       SYMBOLS USED IN COLUMN 16

AVERAGE MONTHLY: 51.7   TOTAL FOR MONTH:   3.70    1 = FOG OR MIST
DPTR FM NORMAL:   1.3   DPTR FM NORMAL:    0.99    2 = FOG REDUCING VISIBILITY
HIGHEST:    83 ON 24    GRTST 24HR  1.62 ON 25-25      TO 1/4 MILE OR LESS
LOWEST:     17 ON  5                               3 = THUNDER
                        SNOW, ICE PELLETS, HAIL    4 = ICE PELLETS
                        TOTAL MONTH:   0.3 INCH    5 = HAIL
                        GRTST 24HR   0.3 ON   M    6 = FREEZING RAIN OR DRIZZLE
                        GRTST DEPTH:   2 ON  1     7 = DUSTSTORM OR SANDSTORM:
                                                       VSBY 1/2 MILE OR LESS
                                                   8 = SMOKE OR HAZE
[NO. OF DAYS WITH]      [WEATHER - DAYS WITH]      9 = BLOWING SNOW
                                                   X = TORNADO
MAX 32 OR BELOW:   0    0.01 INCH OR MORE:   6
MAX 90 OR ABOVE:   0    0.10 INCH OR MORE:   5
MIN 32 OR BELOW:   5    0.50 INCH OR MORE:   2
MIN  0 OR BELOW:   0    1.00 INCH OR MORE:   2

[HDD (BASE 65) ]
TOTAL THIS MO.   344    CLEAR  (SCALE 0-3)   3
DPTR FM NORMAL   -41    PTCLDY (SCALE 4-7)  10
TOTAL FM JUL 1  3359    CLOUDY (SCALE 8-10) 13
DPTR FM NORMAL    63

[CDD (BASE 65) ]
TOTAL THIS MO.     5
DPTR FM NORMAL     0    [PRESSURE DATA]
TOTAL FM JAN 1     5    HIGHEST SLP M ON M
DPTR FM NORMAL    -1    LOWEST  SLP 29.53 ON 25

[REMARKS]
