489
CXUS54 KSHV 241300
CF6TYR
PRELIMINARY LOCAL CLIMATOLOGICAL DATA (WS FORM: F-6)

                                          STATION:   TYLER
                                          MONTH:     SEPTEMBER
                                          YEAR:      2016
                                          LATITUDE:   32 22 N
                                          LONGITUDE:  95 24 W

  TEMPERATURE IN F:       :PCPN:    SNOW:  WIND      :SUNSHINE: SKY     :PK WND
================================================================================
1   2   3   4   5  6A  6B    7    8   9   10  11  12  13   14  15   16   17  18
                                     12Z  AVG MX 2MIN
DY MAX MIN AVG DEP HDD CDD  WTR  SNW DPTH SPD SPD DIR MIN PSBL S-S WX    SPD DR
================================================================================

 1  96  73  85   4   0  20    T  0.0    0  5.8 25 360   M    M   0 3      37  10
 2  90  72  81   1   0  16 0.00  0.0    0  7.0 14  30   M    M   3 1      17  50
 3  90  68  79  -1   0  14 0.00  0.0    0  5.7 13  90   M    M   0        16 100
 4  92  69  81   1   0  16 0.00  0.0    0  5.2 12 150   M    M   0        15 140
 5  93  74  84   4   0  19    T  0.0    0  8.7 23 160   M    M   2 3      30 150
 6  92  74  83   4   0  18 0.00  0.0    0  8.4 14 180   M    M   4 1      18 160
 7  94  73  84   5   0  19 0.00  0.0    0  7.4 14 160   M    M   1 1      17 210
 8  94  77  86   7   0  21 0.00  0.0    0  9.0 15 200   M    M   2        22 210
 9  94  75  85   7   0  20 0.00  0.0    0  9.7 18 170   M    M   1        23 170
10  90  71  81   3   0  16    T  0.0    0  7.9 18 350   M    M   3        23 350
11  92  67  80   2   0  15 0.00  0.0    0  4.2  9 110   M    M   3        12 110
12  92  68  80   3   0  15 0.00  0.0    0  5.1 12 110   M    M   2 18     16 140
13  94  73  84   7   0  19 0.00  0.0    0  6.9 14 130   M    M   1        19 110
14  94  74  84   7   0  19 0.00  0.0    0  4.7 13  40   M    M   1        19 130
15  93  73  83   7   0  18    T  0.0    0  3.8 13 130   M    M   1 8      16 130
16  94  73  84   8   0  19 0.00  0.0    0  5.5 13 110   M    M   1        16 140
17  95  75  85   9   0  20 0.06  0.0    0  5.1 17  80   M    M   2 13     21  90
18  94  74  84   8   0  19 0.01  0.0    0  5.3 20  10   M    M   1 3      25  10
19  97  75  86  11   0  21    T  0.0    0  5.5 13 160   M    M   1        16 200
20  96  75  86  11   0  21 0.00  0.0    0  5.2 15  60   M    M   1        19  50
21  95  67  81   7   0  16 0.00  0.0    0  3.7 12  60   M    M   0        15  70
22  94  68  81   7   0  16 0.00  0.0    0  4.3 13 140   M    M   0        17 220
23  92  72  82   8   0  17    T  0.0    0  6.9 16 150   M    M   2 1      19 160
================================================================================
SM 2147 1660         0 414  0.07     0.0 141.0          M       32
================================================================================
AV 93.3 72.2                               6.1 FASTST   M    M   1    MAX(MPH)
                                 MISC ---->  # 25 360               # 37   10
================================================================================
NOTES:
# LAST OF SEVERAL OCCURRENCES

COLUMN 17 PEAK WIND IN M.P.H.

PRELIMINARY LOCAL CLIMATOLOGICAL DATA (WS FORM: F-6) , PAGE 2

                                          STATION:  TYLER
                                          MONTH:    SEPTEMBER
                                          YEAR:     2016
                                          LATITUDE:   32 22 N
                                          LONGITUDE:  95 24 W

[TEMPERATURE DATA]      [PRECIPITATION DATA]       SYMBOLS USED IN COLUMN 16

AVERAGE MONTHLY: 82.8   TOTAL FOR MONTH:   0.07    1 = FOG OR MIST
DPTR FM NORMAL:   5.4   DPTR FM NORMAL:   -2.55    2 = FOG REDUCING VISIBILITY
HIGHEST:    97 ON 19    GRTST 24HR  0.07 ON 17-18      TO 1/4 MILE OR LESS
LOWEST:     67 ON 21,11                            3 = THUNDER
                        SNOW, ICE PELLETS, HAIL    4 = ICE PELLETS
                        TOTAL MONTH:   0.0 INCH    5 = HAIL
                        GRTST 24HR     0.0         6 = FREEZING RAIN OR DRIZZLE
                        GRTST DEPTH:   0           7 = DUSTSTORM OR SANDSTORM:
                                                       VSBY 1/2 MILE OR LESS
                                                   8 = SMOKE OR HAZE
[NO. OF DAYS WITH]      [WEATHER - DAYS WITH]      9 = BLOWING SNOW
                                                   X = TORNADO
MAX 32 OR BELOW:   0    0.01 INCH OR MORE:   2
MAX 90 OR ABOVE:  23    0.10 INCH OR MORE:   0
MIN 32 OR BELOW:   0    0.50 INCH OR MORE:   0
MIN  0 OR BELOW:   0    1.00 INCH OR MORE:   0

[HDD (BASE 65) ]
TOTAL THIS MO.     0    CLEAR  (SCALE 0-3)  21
DPTR FM NORMAL     0    PTCLDY (SCALE 4-7)   2
TOTAL FM JUL 1     0    CLOUDY (SCALE 8-10)  0
DPTR FM NORMAL     0

[CDD (BASE 65) ]
TOTAL THIS MO.   414
DPTR FM NORMAL   129    [PRESSURE DATA]
TOTAL FM JAN 1  2713    HIGHEST SLP M ON M
DPTR FM NORMAL   506    LOWEST  SLP 29.86 ON  1

[REMARKS]
