523
CXUS56 KPQR 301200
CF6UAO
PRELIMINARY LOCAL CLIMATOLOGICAL DATA (WS FORM: F-6)

                                          STATION:   AURORA STATE OR
                                          MONTH:     JULY
                                          YEAR:      2016
                                          LATITUDE:   45 15 N
                                          LONGITUDE: 122 46 W

  TEMPERATURE IN F:       :PCPN:    SNOW:  WIND      :SUNSHINE: SKY     :PK WND
================================================================================
1   2   3   4   5  6A  6B    7    8   9   10  11  12  13   14  15   16   17  18
                                     12Z  AVG MX 2MIN
DY MAX MIN AVG DEP HDD CDD  WTR  SNW DPTH SPD SPD DIR MIN PSBL S-S WX    SPD DR
================================================================================

 1  82  51  67   2   0   2 0.00  0.0    0  4.5 10  20   M    M   3        14  30
 2  84  58  71   5   0   6 0.00  0.0    0  4.6 15  10   M    M   2        17  10
 3  77  54  66   0   0   1 0.00  0.0    0  6.6 17 350   M    M   5        24 340
 4  71  50  61  -5   4   0 0.00  0.0    0  6.1 15  40   M    M   5        20  50
 5  73  54  64  -2   1   0 0.00  0.0    0  5.5 13  30   M    M   6        16  30
 6  81  51  66   0   0   1 0.00  0.0    0  3.9  9 360   M    M   4        11 350
 7  70  57  64  -3   1   0 0.11  0.0    0  5.1 15 190   M    M   9 1      21 180
 8  72  57  65  -2   0   0 0.18  0.0    0  7.9 14 180   M    M   8 1      18 170
 9  72  56  64  -3   1   0 0.06  0.0    0  8.7 23 180   M    M   9 1      27 170
10  69  55  62  -5   3   0    T  0.0    0  9.4 17 170   M    M   9        24 160
11  75  56  66  -2   0   1 0.00  0.0    0  3.0 10 350   M    M   7        14 340
12  73  56  65  -3   0   0    T  0.0    0  5.4 13 250   M    M   8        19 180
13  79  57  68   0   0   3 0.00  0.0    0  6.9 14  10   M    M   4        18 360
14  82  52  67  -1   0   2 0.00  0.0    0  6.3 17 350   M    M   1        24 330
15  74  50  62  -6   3   0 0.00  0.0    0  3.5 13 350   M    M   5        18 320
16  74  58  66  -2   0   1 0.00  0.0    0  3.4 13 340   M    M   8        16 340
17  72  60  66  -2   0   1 0.00  0.0    0  3.6 10  10   M    M  10        13 360
18  75  60  68  -1   0   3 0.00  0.0    0  5.2 15 230   M    M   9        22 190
19  75  57  66  -3   0   1 0.00  0.0    0  4.1 10 180   M    M   7        14 190
20  84  53  69   0   0   4 0.00  0.0    0  3.1 10  50   M    M   2 8      14  80
21  83  56  70   1   0   5 0.00  0.0    0  5.9 16 240   M    M   3        22 240
22  74  58  66  -3   0   1 0.05  0.0    0  6.1 14  20   M    M   9 18     16  10
23  76  57  67  -2   0   2 0.00  0.0    0  7.0 16  20   M    M   5        21 360
24  89  51  70   1   0   5 0.00  0.0    0  4.6 12  40   M    M   0        16  30
25  89  54  72   3   0   7 0.00  0.0    0  3.5 13 340   M    M   1        18 330
26  85  57  71   2   0   6 0.00  0.0    0  6.2 14 350   M    M   2        18  10
27  89  56  73   4   0   8 0.00  0.0    0  6.4 16 360   M    M   1        22  20
28  94  58  76   7   0  11 0.00  0.0    0  6.2 16  20   M    M   0        22  20
29  95  59  77   8   0  12 0.00  0.0    0  5.7 16 350   M    M   0        22 340
================================================================================
SM 2288 1608        13  83  0.40     0.0 158.4          M      142
================================================================================
AV 78.9 55.4                               5.5 FASTST   M    M   5    MAX(MPH)
                                 MISC ---->  # 23 180               # 27  170
================================================================================
NOTES:
# LAST OF SEVERAL OCCURRENCES

COLUMN 17 PEAK WIND IN M.P.H.

PRELIMINARY LOCAL CLIMATOLOGICAL DATA (WS FORM: F-6) , PAGE 2

                                          STATION:  AURORA STATE OR
                                          MONTH:    JULY
                                          YEAR:     2016
                                          LATITUDE:   45 15 N
                                          LONGITUDE: 122 46 W

[TEMPERATURE DATA]      [PRECIPITATION DATA]       SYMBOLS USED IN COLUMN 16

AVERAGE MONTHLY: 67.2   TOTAL FOR MONTH:   0.40    1 = FOG OR MIST
DPTR FM NORMAL:  -0.7   DPTR FM NORMAL:   -0.25    2 = FOG REDUCING VISIBILITY
HIGHEST:    95 ON 29    GRTST 24HR  0.23 ON  8- 9      TO 1/4 MILE OR LESS
LOWEST:     50 ON 15, 4                            3 = THUNDER
                        SNOW, ICE PELLETS, HAIL    4 = ICE PELLETS
                        TOTAL MONTH:   0.0 INCH    5 = HAIL
                        GRTST 24HR     0.0         6 = FREEZING RAIN OR DRIZZLE
                        GRTST DEPTH:   0           7 = DUSTSTORM OR SANDSTORM:
                                                       VSBY 1/2 MILE OR LESS
                                                   8 = SMOKE OR HAZE
[NO. OF DAYS WITH]      [WEATHER - DAYS WITH]      9 = BLOWING SNOW
                                                   X = TORNADO
MAX 32 OR BELOW:   0    0.01 INCH OR MORE:   4
MAX 90 OR ABOVE:   2    0.10 INCH OR MORE:   2
MIN 32 OR BELOW:   0    0.50 INCH OR MORE:   0
MIN  0 OR BELOW:   0    1.00 INCH OR MORE:   0

[HDD (BASE 65) ]
TOTAL THIS MO.    13    CLEAR  (SCALE 0-3)  10
DPTR FM NORMAL    -9    PTCLDY (SCALE 4-7)  12
TOTAL FM JUL 1    13    CLOUDY (SCALE 8-10)  7
DPTR FM NORMAL    -9

[CDD (BASE 65) ]
TOTAL THIS MO.    83
DPTR FM NORMAL   -26    [PRESSURE DATA]
TOTAL FM JAN 1   182    HIGHEST SLP M ON M
DPTR FM NORMAL    24    LOWEST  SLP 29.85 ON 29

[REMARKS]
