000
CXUS56 KPQR 291200
CF6UAO
PRELIMINARY LOCAL CLIMATOLOGICAL DATA (WS FORM: F-6)

                                          STATION:   AURORA STATE OR
                                          MONTH:     AUGUST
                                          YEAR:      2015
                                          LATITUDE:   45 15 N
                                          LONGITUDE: 122 46 W

  TEMPERATURE IN F:       :PCPN:    SNOW:  WIND      :SUNSHINE: SKY     :PK WND
================================================================================
1   2   3   4   5  6A  6B    7    8   9   10  11  12  13   14  15   16   17  18
                                     12Z  AVG MX 2MIN
DY MAX MIN AVG DEP HDD CDD  WTR  SNW DPTH SPD SPD DIR MIN PSBL S-S WX    SPD DR
================================================================================

 1 101  54  78   9   0  13 0.00  0.0    0  5.1 15  40   M    M   0        19  30
 2  81  61  71   2   0   6 0.00  0.0    0  3.4 10 170   M    M   1        13 170
 3  83  62  73   4   0   8 0.00  0.0    0  3.9 14 350   M    M   0        18 340
 4  84  56  70   1   0   5 0.00  0.0    0  5.8 16 350   M    M   0        23 350
 5  80  53  67  -2   0   2 0.00  0.0    0  5.5 15 360   M    M   1        20  10
 6  80  52  66  -3   0   1 0.00  0.0    0  5.2 15  10   M    M   0 8      28  10
 7  87  52  70   1   0   5 0.00  0.0    0  3.1 12  40   M    M   0        22 310
 8  81  56  69   0   0   4 0.00  0.0    0  5.7 17 180   M    M   2        23 180
 9  84  62  73   4   0   8 0.00  0.0    0  4.0 13 250   M    M   4        15 250
10  85  59  72   3   0   7 0.00  0.0    0  4.1 13 250   M    M   2        18 250
11  88  61  75   6   0  10 0.00  0.0    0  3.4 10  20   M    M   1        13  30
12  89  60  75   6   0  10 0.00  0.0    0  4.9 13 220   M    M   0        16 230
13  85  57  71   2   0   6 0.00  0.0    0  2.9 10 240   M    M   0        14 260
14  72  59  66  -3   0   1    T  0.0    0  8.4 18 190   M    M   8 3      27 190
15  77  61  69   1   0   4 0.00  0.0    0  4.6 13 350   M    M   6        17 350
16  84  51  68   0   0   3 0.00  0.0    0  7.6 16  20   M    M   0        20 360
17  90  54  72   4   0   7 0.00  0.0    0  6.8 16  20   M    M   0        22 360
18  97  53  75   7   0  10 0.00  0.0    0  4.3 12  10   M    M   0        15  40
19  98  58  78  10   0  13 0.00  0.0    0  4.0 15 340   M    M   0        24 350
20  81  58  70   2   0   5 0.00  0.0    0  4.1 16 350   M    M   3        20 360
21  80  53  67  -1   0   2 0.00  0.0    0  4.4 14 350   M    M   3        20 350
22  86  52  69   1   0   4 0.00  0.0    0 10.9 18  10   M    M   7 8      25  10
23  85  53  69   1   0   4 0.00  0.0    0  2.6 10 360   M    M   9 8      14 350
24  83  54  69   1   0   4 0.00  0.0    0  5.2 13  10   M    M   0        15  10
25  85  51  68   1   0   3 0.00  0.0    0  4.1 10  10   M    M   0        14 330
26  87  50  69   2   0   4 0.00  0.0    0  2.0 13 250   M    M   0        16 250
27  87  54  71   4   0   6 0.00  0.0    0  2.6 10 210   M    M   0 8      16 220
28  81  63  72   5   0   7 0.01  0.0    0  3.8 13  20   M    M   4        15  30
================================================================================
SM 2381 1569         0 162  0.01     0.0 132.4          M       51
================================================================================
AV 85.0 56.0                               4.7 FASTST   M    M   2    MAX(MPH)
                                 MISC ---->  # 18 190               # 28   10
================================================================================
NOTES:
# LAST OF SEVERAL OCCURRENCES

COLUMN 17 PEAK WIND IN M.P.H.

PRELIMINARY LOCAL CLIMATOLOGICAL DATA (WS FORM: F-6) , PAGE 2

                                          STATION:  AURORA STATE OR
                                          MONTH:    AUGUST
                                          YEAR:     2015
                                          LATITUDE:   45 15 N
                                          LONGITUDE: 122 46 W

[TEMPERATURE DATA]      [PRECIPITATION DATA]       SYMBOLS USED IN COLUMN 16

AVERAGE MONTHLY: 70.5   TOTAL FOR MONTH:   0.01    1 = FOG OR MIST
DPTR FM NORMAL:   2.2   DPTR FM NORMAL:   -0.55    2 = FOG REDUCING VISIBILITY
HIGHEST:   101 ON  1    GRTST 24HR  0.01 ON 28-28      TO 1/4 MILE OR LESS
LOWEST:     50 ON 26                               3 = THUNDER
                        SNOW, ICE PELLETS, HAIL    4 = ICE PELLETS
                        TOTAL MONTH:   0.0 INCH    5 = HAIL
                        GRTST 24HR     0.0         6 = FREEZING RAIN OR DRIZZLE
                        GRTST DEPTH:   0           7 = DUSTSTORM OR SANDSTORM:
                                                       VSBY 1/2 MILE OR LESS
                                                   8 = SMOKE OR HAZE
[NO. OF DAYS WITH]      [WEATHER - DAYS WITH]      9 = BLOWING SNOW
                                                   X = TORNADO
MAX 32 OR BELOW:   0    0.01 INCH OR MORE:   1
MAX 90 OR ABOVE:   4    0.10 INCH OR MORE:   0
MIN 32 OR BELOW:   0    0.50 INCH OR MORE:   0
MIN  0 OR BELOW:   0    1.00 INCH OR MORE:   0

[HDD (BASE 65) ]
TOTAL THIS MO.     0    CLEAR  (SCALE 0-3)  22
DPTR FM NORMAL   -21    PTCLDY (SCALE 4-7)   5
TOTAL FM JUL 1     5    CLOUDY (SCALE 8-10)  1
DPTR FM NORMAL   -41

[CDD (BASE 65) ]
TOTAL THIS MO.   162
DPTR FM NORMAL    46    [PRESSURE DATA]
TOTAL FM JAN 1   535    HIGHEST SLP M ON M
DPTR FM NORMAL   252    LOWEST  SLP 29.60 ON 28

[REMARKS]
