000
CXUS53 KSGF 300800
CF6UNO
PRELIMINARY LOCAL CLIMATOLOGICAL DATA (WS FORM: F-6)

                                          STATION:   WEST PLAINS MO
                                          MONTH:     APRIL
                                          YEAR:      2016
                                          LATITUDE:   36 52 N
                                          LONGITUDE:  91 55 W

  TEMPERATURE IN F:       :PCPN:    SNOW:  WIND      :SUNSHINE: SKY     :PK WND
================================================================================
1   2   3   4   5  6A  6B    7    8   9   10  11  12  13   14  15   16   17  18
                                     12Z  AVG MX 2MIN
DY MAX MIN AVG DEP HDD CDD  WTR  SNW DPTH SPD SPD DIR MIN PSBL S-S WX    SPD DR
================================================================================

 1  57  38  48  -5  17   0 0.00    M    M  9.6 20 320   M    M   1        25 290
 2  65  34  50  -3  15   0 0.00    M    M 10.3 25 300   M    M   0        37 300
 3  74  36  55   1  10   0 0.00    M    M  7.8 20 210   M    M   0        29 190
 4  77  50  64  10   1   0 0.00    M    M  9.5 21  10   M    M   0        28  20
 5  63  42  53  -1  12   0 0.00    M    M 10.1 17 160   M    M   0        23 130
 6  64  46  55   0  10   0 0.28    M    M 10.5 26 290   M    M   3 1      37 290
 7  69  41  55   0  10   0 0.00    M    M 10.6 25 320   M    M   2        39 300
 8  62  41  52  -3  13   0 0.00    M    M 12.1 26 320   M    M   1        37 290
 9  61  33  47  -9  18   0 0.00    M    M  8.0 15 160   M    M   0        20 130
10  75  45  60   4   5   0 0.07    M    M 12.3 25 230   M    M   7 8      34 180
11  66  43  55  -1  10   0 0.58    M    M  8.5 28 340   M    M   5 13     39 340
12  63  38  51  -5  14   0 0.00    M    M  6.1 15  50   M    M   0        19  40
13  63  38  51  -6  14   0 0.00    M    M  3.6 10 190   M    M   1        15 150
14  70  49  60   3   5   0    T    M    M  4.9 14  60   M    M   8        18  70
15  69  52  61   4   4   0    T    M    M  8.5 17 120   M    M   8 1      24 120
16  68  55  62   4   3   0 0.00    M    M  8.2 15 120   M    M   8        20 110
17  74  56  65   7   0   0 0.00    M    M  7.6 18 150   M    M   4        24 110
18  76  51  64   6   1   0 0.00    M    M  6.9 17 150   M    M   4        26 150
19  66  57  62   4   3   0 0.02    M    M  5.9 13 180   M    M   9 1      16 200
20  65  53  59   0   6   0 0.04    M    M  4.3 12 150   M    M   9 12     14 150
21  75  53  64   5   1   0 0.00    M    M  6.9 20 230   M    M   6 12     25 230
22  75  52  64   5   1   0 0.00    M    M  7.2 16 360   M    M   1        22 320
23  78  50  64   4   1   0 0.00    M    M  4.8 12 160   M    M   0 18     16 180
24  78  48  63   3   2   0 0.00    M    M  8.3 20 170   M    M   1 1      27 160
25  79  57  68   8   0   3 0.00    M    M  8.2 17 180   M    M   4        22 180
26  79  60  70  10   0   5 0.07    M    M  8.7 18  50   M    M   3 12     27  60
27  77  57  67   6   0   2 0.24    M    M 11.7 29 270   M    M   4 1      46 270
28  78  49  64   3   1   0 0.00    M    M  6.7 18 280   M    M   0        25 270
29  60  52  56  -5   9   0    M    M    M  8.8 21 100   M    M   6 13     29 100
================================================================================
SM 2026 1376       186  10  1.30    M    236.6          M       95
================================================================================
AV 69.9 47.4                               8.2 FASTST   M    M   3    MAX(MPH)
                                 MISC ---->  # 29 270               # 46  270
================================================================================
NOTES:
# LAST OF SEVERAL OCCURRENCES

COLUMN 17 PEAK WIND IN M.P.H.

PRELIMINARY LOCAL CLIMATOLOGICAL DATA (WS FORM: F-6) , PAGE 2

                                          STATION:  WEST PLAINS MO
                                          MONTH:    APRIL
                                          YEAR:     2016
                                          LATITUDE:   36 52 N
                                          LONGITUDE:  91 55 W

[TEMPERATURE DATA]      [PRECIPITATION DATA]       SYMBOLS USED IN COLUMN 16

AVERAGE MONTHLY: 58.7   TOTAL FOR MONTH:   1.30    1 = FOG OR MIST
DPTR FM NORMAL:   1.4   DPTR FM NORMAL:   -3.02    2 = FOG REDUCING VISIBILITY
HIGHEST:    79 ON 26,25 GRTST 24HR  0.58 ON 10-11      TO 1/4 MILE OR LESS
LOWEST:     33 ON  9                               3 = THUNDER
                        SNOW, ICE PELLETS, HAIL    4 = ICE PELLETS
                        TOTAL MONTH:    M          5 = HAIL
                        GRTST 24HR    M  ON   M    6 = FREEZING RAIN OR DRIZZLE
                        GRTST DEPTH:  M  ON   M    7 = DUSTSTORM OR SANDSTORM:
                                                       VSBY 1/2 MILE OR LESS
                                                   8 = SMOKE OR HAZE
[NO. OF DAYS WITH]      [WEATHER - DAYS WITH]      9 = BLOWING SNOW
                                                   X = TORNADO
MAX 32 OR BELOW:   0    0.01 INCH OR MORE:   7
MAX 90 OR ABOVE:   0    0.10 INCH OR MORE:   3
MIN 32 OR BELOW:   0    0.50 INCH OR MORE:   1
MIN  0 OR BELOW:   0    1.00 INCH OR MORE:   0

[HDD (BASE 65) ]
TOTAL THIS MO.   186    CLEAR  (SCALE 0-3)  14
DPTR FM NORMAL   -61    PTCLDY (SCALE 4-7)  12
TOTAL FM JUL 1  3413    CLOUDY (SCALE 8-10)  3
DPTR FM NORMAL  -844

[CDD (BASE 65) ]
TOTAL THIS MO.    10
DPTR FM NORMAL   -14    [PRESSURE DATA]
TOTAL FM JAN 1    14    HIGHEST SLP M ON M
DPTR FM NORMAL   -14    LOWEST  SLP 29.52 ON 27

[REMARKS]
