000
CXUS53 KSGF 200800
CF6UNO
PRELIMINARY LOCAL CLIMATOLOGICAL DATA (WS FORM: F-6)

                                          STATION:   WEST PLAINS MO
                                          MONTH:     JANUARY
                                          YEAR:      2017
                                          LATITUDE:   36 52 N
                                          LONGITUDE:  91 55 W

  TEMPERATURE IN F:       :PCPN:    SNOW:  WIND      :SUNSHINE: SKY     :PK WND
================================================================================
1   2   3   4   5  6A  6B    7    8   9   10  11  12  13   14  15   16   17  18
                                     12Z  AVG MX 2MIN
DY MAX MIN AVG DEP HDD CDD  WTR  SNW DPTH SPD SPD DIR MIN PSBL S-S WX    SPD DR
================================================================================

 1  43  28  36   2  29   0 0.00    M    M  6.0 12 120   M    M   8 12     15 120
 2  50  41  46  12  19   0 0.18    M    M  3.9  9 110   M    M  10 12     12 120
 3  51  26  39   5  26   0 0.00    M    M 10.0 20 320   M    M  10 12     25 340
 4  34  17  26  -8  39   0 0.00    M    M  6.5 16 330   M    M   2        22 340
 5  27  15  21 -13  44   0    T    M    M  7.9 15 350   M    M   9        20 360
 6  19   9  14 -20  51   0    T    M    M  8.3 14 330   M    M   4        19 340
 7  30   3  17 -17  48   0 0.00    M    M  3.9 12 280   M    M   0        14 280
 8  31  13  22 -12  43   0 0.00    M    M  8.2 17 170   M    M   2        22 160
 9  48  17  33  -1  32   0 0.00    M    M 11.6 22 170   M    M   4        29 160
10  71  38  55  21  10   0 0.00    M    M 12.5 26 260   M    M   7        39 240
11  69  37  53  19  12   0 0.00    M    M 11.6 28 210   M    M   6 1      39 210
12  66  33  50  16  15   0 0.00    M    M 10.4 17  20   M    M   8        22 320
13  33  31  32  -2  33   0 0.14    M    M  7.0 14  40   M    M  10 126    17  40
14  40  33  37   3  28   0 0.91    M    M  4.4  8  40   M    M  10 1      10  30
15  41  35  38   4  27   0 0.13    M    M  6.1 10 110   M    M  10 12     13 110
16  60  40  50  16  15   0 0.10    M    0  9.6 18 270   M    M   9 123    26 160
17  45  38  42   8  23   0 0.00    M    0  7.8 14 270   M    M   9        20 280
18  42  35  39   5  26   0 0.01    M    M  4.4  8 160   M    M  10 12     12 300
19  50  41  46  12  19   0 0.01    M    M  4.4  9 100   M    M  10 12     11 190
================================================================================
SM  850  530       539   0  1.48    M    144.5          M      138
================================================================================
AV 44.7 27.9                               7.6 FASTST   M    M   7    MAX(MPH)
                                 MISC ---->  # 28 210               # 39  240
================================================================================
NOTES:
# LAST OF SEVERAL OCCURRENCES

COLUMN 17 PEAK WIND IN M.P.H.

PRELIMINARY LOCAL CLIMATOLOGICAL DATA (WS FORM: F-6) , PAGE 2

                                          STATION:  WEST PLAINS MO
                                          MONTH:    JANUARY
                                          YEAR:     2017
                                          LATITUDE:   36 52 N
                                          LONGITUDE:  91 55 W

[TEMPERATURE DATA]      [PRECIPITATION DATA]       SYMBOLS USED IN COLUMN 16

AVERAGE MONTHLY: 36.3   TOTAL FOR MONTH:   1.48    1 = FOG OR MIST
DPTR FM NORMAL:   2.3   DPTR FM NORMAL:    0.18    2 = FOG REDUCING VISIBILITY
HIGHEST:    71 ON 10    GRTST 24HR  0.91 ON 14-14      TO 1/4 MILE OR LESS
LOWEST:      3 ON  7                               3 = THUNDER
                        SNOW, ICE PELLETS, HAIL    4 = ICE PELLETS
                        TOTAL MONTH:    M          5 = HAIL
                        GRTST 24HR    M  ON   M    6 = FREEZING RAIN OR DRIZZLE
                        GRTST DEPTH:   0           7 = DUSTSTORM OR SANDSTORM:
                                                       VSBY 1/2 MILE OR LESS
                                                   8 = SMOKE OR HAZE
[NO. OF DAYS WITH]      [WEATHER - DAYS WITH]      9 = BLOWING SNOW
                                                   X = TORNADO
MAX 32 OR BELOW:   4    0.01 INCH OR MORE:   7
MAX 90 OR ABOVE:   0    0.10 INCH OR MORE:   5
MIN 32 OR BELOW:   9    0.50 INCH OR MORE:   1
MIN  0 OR BELOW:   0    1.00 INCH OR MORE:   0

[HDD (BASE 65) ]
TOTAL THIS MO.   539    CLEAR  (SCALE 0-3)   3
DPTR FM NORMAL   -50    PTCLDY (SCALE 4-7)   6
TOTAL FM JUL 1  1929    CLOUDY (SCALE 8-10) 10
DPTR FM NORMAL  -405

[CDD (BASE 65) ]
TOTAL THIS MO.     0
DPTR FM NORMAL     0    [PRESSURE DATA]
TOTAL FM JAN 1     0    HIGHEST SLP M ON M
DPTR FM NORMAL     0    LOWEST  SLP 29.59 ON M

[REMARKS]
