000
CXUS55 KGJT 271000
CF6VEL
PRELIMINARY LOCAL CLIMATOLOGICAL DATA (WS FORM: F-6)

                                          STATION:   VERNAL UT
                                          MONTH:     APRIL
                                          YEAR:      2017
                                          LATITUDE:   40 27 N
                                          LONGITUDE: 109 31 W

  TEMPERATURE IN F:       :PCPN:    SNOW:  WIND      :SUNSHINE: SKY     :PK WND
================================================================================
1   2   3   4   5  6A  6B    7    8   9   10  11  12  13   14  15   16   17  18
                                     12Z  AVG MX 2MIN
DY MAX MIN AVG DEP HDD CDD  WTR  SNW DPTH SPD SPD DIR MIN PSBL S-S WX    SPD DR
================================================================================

 1  56  36  46   3  19   0 0.00    M    M 11.1 22  80   M    M   6        29  40
 2  58  31  45   2  20   0    T    M    M  4.4 25  20   M    M   5        29  10
 3  53  29  41  -2  24   0 0.00    M    M  8.5 29 340   M    M   4        38 350
 4  47  27  37  -6  28   0 0.00    M    M  9.1 29  10   M    M   4        34 360
 5  53  22  38  -6  27   0 0.00    M    M  2.8 12 100   M    M   1        17  80
 6  65  28  47   3  18   0 0.00    M    M  4.0 12 180   M    M   0        14 190
 7  68  38  53   9  12   0 0.00    M    M  9.9 24 200   M    M   4        32 210
 8  62  43  53   9  12   0    T    M    M 12.0 30 280   M    M   5 3      39 270
 9  51  32  42  -3  23   0 0.03    M    M  7.2 20 350   M    M   5 1      23 360
10  55  23  39  -6  26   0 0.00    M    M  4.3 15 220   M    M   0        19 220
11  62  26  44  -1  21   0 0.00    M    M  4.0 28 330   M    M   0        29 330
12  69  32  51   5  14   0 0.00    M    M  3.9 10 220   M    M   0        13 210
13  76  37  57  11   8   0 0.00    M    M 12.0 30 210   M    M   0        38 210
14  66  47  57  11   8   0 0.00    M    M 13.9 29 270   M    M   1        38 260
15  62  38  50   4  15   0 0.00    M    M  5.9 13 220   M    M   0        15 130
16  68  30  49   2  16   0 0.00    M    M  3.9 12 240   M    M   0        14 150
17  73  37  55   8  10   0 0.00    M    M  6.3 24 250   M    M   2        31 260
18  73  46  60  13   5   0    T    M    M  7.8 29 280   M    M   4        47 250
19   M   M   M   M   M   M    T    M    M  7.3 23 360   M    M   7 8      35 360
20   M   M   M   M   M   M    T    M    M  7.1 22 270   M    M   3        40 270
21  56  34  45  -3  20   0    T    M    M  6.3 20 350   M    M   6        27 300
22  59  27  43  -6  22   0 0.00    M    M  4.7 12 210   M    M   1        15 150
23  73  33  53   4  12   0    T    M    M  7.5 38 270   M    M   1        48 280
24  63  36  50   1  15   0    T    M    M  7.2 26 280   M    M   4        36 250
25  54  31  43  -7  22   0 0.06    M    M  4.2 15  40   M    M   6        19 260
26  56  33  45  -5  20   0 0.01    M    M  5.2 23 250   M    M   9        30 290
================================================================================
SM 1478  796       417   0  0.10    M    180.5          M       78
================================================================================
AV 61.6 33.2                               6.9 FASTST   M    M   3    MAX(MPH)
                                 MISC ---->  # 38 270               # 48  280
================================================================================
NOTES:
# LAST OF SEVERAL OCCURRENCES

COLUMN 17 PEAK WIND IN M.P.H.

PRELIMINARY LOCAL CLIMATOLOGICAL DATA (WS FORM: F-6) , PAGE 2

                                          STATION:  VERNAL UT
                                          MONTH:    APRIL
                                          YEAR:     2017
                                          LATITUDE:   40 27 N
                                          LONGITUDE: 109 31 W

[TEMPERATURE DATA]      [PRECIPITATION DATA]       SYMBOLS USED IN COLUMN 16

AVERAGE MONTHLY: 47.4   TOTAL FOR MONTH:   0.10    1 = FOG OR MIST
DPTR FM NORMAL:   1.3   DPTR FM NORMAL:   -0.59    2 = FOG REDUCING VISIBILITY
HIGHEST:    76 ON 13    GRTST 24HR  0.15 ON 31- 1      TO 1/4 MILE OR LESS
LOWEST:     22 ON  5                               3 = THUNDER
                        SNOW, ICE PELLETS, HAIL    4 = ICE PELLETS
                        TOTAL MONTH:    M          5 = HAIL
                        GRTST 24HR    M  ON   M    6 = FREEZING RAIN OR DRIZZLE
                        GRTST DEPTH:  M  ON   M    7 = DUSTSTORM OR SANDSTORM:
                                                       VSBY 1/2 MILE OR LESS
                                                   8 = SMOKE OR HAZE
[NO. OF DAYS WITH]      [WEATHER - DAYS WITH]      9 = BLOWING SNOW
                                                   X = TORNADO
MAX 32 OR BELOW:   0    0.01 INCH OR MORE:   3
MAX 90 OR ABOVE:   0    0.10 INCH OR MORE:   0
MIN 32 OR BELOW:  12    0.50 INCH OR MORE:   0
MIN  0 OR BELOW:   0    1.00 INCH OR MORE:   0

[HDD (BASE 65) ]
TOTAL THIS MO.   417    CLEAR  (SCALE 0-3)  12
DPTR FM NORMAL   -74    PTCLDY (SCALE 4-7)  13
TOTAL FM JUL 1  6084    CLOUDY (SCALE 8-10)  1
DPTR FM NORMAL  -738

[CDD (BASE 65) ]
TOTAL THIS MO.     0
DPTR FM NORMAL     0    [PRESSURE DATA]
TOTAL FM JAN 1     0    HIGHEST SLP M ON M
DPTR FM NORMAL     0    LOWEST  SLP 29.41 ON 24

[REMARKS]
