000
CXUS52 KTAE 010800
CF6VLD
PRELIMINARY LOCAL CLIMATOLOGICAL DATA (WS FORM: F-6)

                                          STATION:   VALDOSTA
                                          MONTH:     FEBRUARY
                                          YEAR:      2015
                                          LATITUDE:   30 46 N
                                          LONGITUDE:  83 17 W

  TEMPERATURE IN F:       :PCPN:    SNOW:  WIND      :SUNSHINE: SKY     :PK WND
================================================================================
1   2   3   4   5  6A  6B    7    8   9   10  11  12  13   14  15   16   17  18
                                     12Z  AVG MX 2MIN
DY MAX MIN AVG DEP HDD CDD  WTR  SNW DPTH SPD SPD DIR MIN PSBL S-S WX    SPD DR
================================================================================

 1  73  39  56   4   9   0 0.06  0.0    0  6.0 22 170   M    M   3 1      29 160
 2  63  36  50  -2  15   0 0.42  0.0    0  5.8 15 310   M    M   5 18     26 290
 3  53  32  43  -9  22   0 0.00  0.0    0  4.2 12  10   M    M   2        17 360
 4  52  43  48  -4  17   0 0.14  0.0    0  4.6  9  40   M    M   9 1      11  40
 5  63  44  54   2  11   0 0.23  0.0    0  6.6 15 360   M    M   5 1      23  10
 6  57  33  45  -7  20   0 0.00  0.0    0  4.7 12  10   M    M   0        14 360
 7  66  31  49  -3  16   0 0.00  0.0    0  1.7 10 170   M    M   1 1      13 160
 8  72  37  55   2  10   0 0.00  0.0    0  3.3 14 180   M    M   0 1      18 200
 9  69  43  56   3   9   0 0.02  0.0    0  2.9 14 170   M    M   5 12     18 180
10  57  39  48  -5  17   0 0.00  0.0    0  4.4 16  10   M    M   5 18     20 360
11  65  34  50  -3  15   0 0.00  0.0    0  1.8 10  80   M    M   0 1      12  70
12  68  39  54   0  11   0 0.00  0.0    0  3.7 21  10   M    M   0 1      29  10
13  51  30  41 -13  24   0 0.00  0.0    0  5.9 17  10   M    M   0        20  10
14  63  28  46  -8  19   0 0.00  0.0    0  3.3 10 300   M    M   0        19 260
15  61  41  51  -3  14   0 0.00  0.0    0  4.3 16  20   M    M   1 1      19  30
16  70  44  57   3   8   0 0.00  0.0    0  8.0 18 170   M    M   3        28 190
17  66  41  54  -1  11   0 0.76  0.0    0  4.6 17 200   M    M  10 1      30 220
18  54  31  43 -12  22   0 0.00  0.0    0  4.1 13 320   M    M   1        23 300
19  41  26  34 -21  31   0 0.00  0.0    0  4.6 14 360   M    M   0        22 300
20  50  23  37 -18  28   0 0.00  0.0    0  3.5 12 130   M    M   1        17 130
21  70  30  50  -6  15   0 0.00  0.0    0  6.0 28 180   M    M   1        36 170
22  77  49  63   7   2   0 0.00  0.0    0  4.2 14 190   M    M   8 1      19 190
23  73  56  65   9   0   0    T  0.0    0  2.8 12  20   M    M   8 12     14  10
24  58  48  53  -3  12   0 0.70  0.0    0  2.3  9 140   M    M  10 1      13 310
25  54  47  51  -5  14   0 2.06  0.0    0  5.0 15  10   M    M   9 1      20 320
26  54  43  49  -8  16   0 0.02  0.0    0  4.5 14  10   M    M   8 1      17  10
27  54  41  48  -9  17   0 0.00  0.0    0  6.9 16  10   M    M   4        20 360
28  48  44  46 -11  19   0 0.19  0.0    0  9.2 15  50   M    M  10 1      21  40
================================================================================
SM 1702 1072       424   0  4.60     0.0 128.9          M      109
================================================================================
AV 60.8 38.3                               4.6 FASTST   M    M   4    MAX(MPH)
                                 MISC ---->  # 28 180               # 36  170
================================================================================
NOTES:
# LAST OF SEVERAL OCCURRENCES

COLUMN 17 PEAK WIND IN M.P.H.

PRELIMINARY LOCAL CLIMATOLOGICAL DATA (WS FORM: F-6) , PAGE 2

                                          STATION:  VALDOSTA
                                          MONTH:    FEBRUARY
                                          YEAR:     2015
                                          LATITUDE:   30 46 N
                                          LONGITUDE:  83 17 W

[TEMPERATURE DATA]      [PRECIPITATION DATA]       SYMBOLS USED IN COLUMN 16

AVERAGE MONTHLY: 49.5   TOTAL FOR MONTH:   4.60    1 = FOG OR MIST
DPTR FM NORMAL:  -4.7   DPTR FM NORMAL:    0.44    2 = FOG REDUCING VISIBILITY
HIGHEST:    77 ON 22    GRTST 24HR  2.08 ON 25-26      TO 1/4 MILE OR LESS
LOWEST:     23 ON 20                               3 = THUNDER
                        SNOW, ICE PELLETS, HAIL    4 = ICE PELLETS
                        TOTAL MONTH:   0.0 INCH    5 = HAIL
                        GRTST 24HR     0.0         6 = FREEZING RAIN OR DRIZZLE
                        GRTST DEPTH:   0           7 = DUSTSTORM OR SANDSTORM:
                                                       VSBY 1/2 MILE OR LESS
                                                   8 = SMOKE OR HAZE
[NO. OF DAYS WITH]      [WEATHER - DAYS WITH]      9 = BLOWING SNOW
                                                   X = TORNADO
MAX 32 OR BELOW:   0    0.01 INCH OR MORE:  10
MAX 90 OR ABOVE:   0    0.10 INCH OR MORE:   7
MIN 32 OR BELOW:   8    0.50 INCH OR MORE:   3
MIN  0 OR BELOW:   0    1.00 INCH OR MORE:   1

[HDD (BASE 65) ]
TOTAL THIS MO.   424    CLEAR  (SCALE 0-3)  14
DPTR FM NORMAL   113    PTCLDY (SCALE 4-7)   8
TOTAL FM JUL 1  1484    CLOUDY (SCALE 8-10)  6
DPTR FM NORMAL   104

[CDD (BASE 65) ]
TOTAL THIS MO.     0
DPTR FM NORMAL    -8    [PRESSURE DATA]
TOTAL FM JAN 1     4    HIGHEST SLP 30.52 ON 28
DPTR FM NORMAL    -6    LOWEST  SLP 29.55 ON 25

[REMARKS]
#FINAL-02-15#
