651
CXUS55 KLOX 281155
CF6VNY
PRELIMINARY LOCAL CLIMATOLOGICAL DATA (WS FORM: F-6)

                                          STATION:   VAN NUYS AIRPORT CA
                                          MONTH:     AUGUST
                                          YEAR:      2016
                                          LATITUDE:   34 13 N
                                          LONGITUDE: 118 29 W

  TEMPERATURE IN F:       :PCPN:    SNOW:  WIND      :SUNSHINE: SKY     :PK WND
================================================================================
1   2   3   4   5  6A  6B    7    8   9   10  11  12  13   14  15   16   17  18
                                     12Z  AVG MX 2MIN
DY MAX MIN AVG DEP HDD CDD  WTR  SNW DPTH SPD SPD DIR MIN PSBL S-S WX    SPD DR
================================================================================

 1  93  68  81   4   0  16 0.00  0.0    0  5.8 15 140   M    M   0        20 160
 2  92  65  79   2   0  14 0.00  0.0    0  5.3 14 160   M    M   1 1      19 140
 3  91  65  78   1   0  13 0.00  0.0    0  6.3 14 160   M    M   1        19 160
 4  92  65  79   2   0  14 0.00  0.0    0  5.4 13 120   M    M   2 18     16 130
 5  88  64  76  -1   0  11 0.00  0.0    0  5.4 12 120   M    M   2 18     18 130
 6  88  63  76  -1   0  11 0.00  0.0    0  4.6 13 150   M    M   2        18 120
 7  89  63  76  -2   0  11 0.00  0.0    0  5.4 14 140   M    M   4 18     18 120
 8  87  63  75  -3   0  10 0.00  0.0    0  6.2 14 150   M    M   3 18     17 150
 9  86  64  75  -3   0  10 0.00  0.0    0  5.9 14 160   M    M   4        17 180
10  88  63  76  -2   0  11 0.00  0.0    0  5.4 15 170   M    M   3 18     20 150
11  88  64  76  -2   0  11 0.00  0.0    0  5.4 14 150   M    M   2 8      18 160
12  94  64  79   1   0  14 0.00  0.0    0  3.9 12 160   M    M   0        15 150
13 100  67  84   6   0  19 0.00  0.0    0  3.3 14 290   M    M   0        19 300
14 105  70  88  10   0  23 0.00  0.0    0  4.4 14 320   M    M   0 8      19 310
15 104  69  87   9   0  22 0.00  0.0    0  3.5 13 300   M    M   0 8      18 300
16 103  64  84   6   0  19 0.00  0.0    0  3.9 13 310   M    M   0        18 300
17  97  64  81   3   0  16 0.00  0.0    0  4.0 14 140   M    M   0        19 140
18  94  61  78   0   0  13 0.00  0.0    0  4.6 15 150   M    M   0        22 160
19  98  61  80   2   0  15 0.00  0.0    0  4.7 13 130   M    M   0        17 130
20  90  62  76  -2   0  11 0.00  0.0    0  4.4 12 110   M    M   0        16 160
21  94  65  80   2   0  15 0.00  0.0    0  4.0 12 150   M    M   0        20 150
22  92  64  78   0   0  13 0.00  0.0    0  5.3 15 150   M    M   1        19 150
23  91  64  78   0   0  13 0.00  0.0    0  4.1 14 150   M    M   0        18 130
24  93  66  80   2   0  15 0.00  0.0    0  4.5 13 150   M    M   0        18 140
25  85  63  74  -4   0   9 0.00  0.0    0  4.9 14 160   M    M   0        18 160
26  82  61  72  -6   0   7 0.00  0.0    0  6.3 12 140   M    M   5        19 170
27  85  60  73  -5   0   8 0.00  0.0    0  3.7 12 160   M    M   4 18     16 170
================================================================================
SM 2489 1732         0 364  0.00     0.0 130.7          M       34
================================================================================
AV 92.2 64.1                               4.8 FASTST   M    M   1    MAX(MPH)
                                 MISC ---->  # 15 140               # 22  160
================================================================================
NOTES:
# LAST OF SEVERAL OCCURRENCES

COLUMN 17 PEAK WIND IN M.P.H.

PRELIMINARY LOCAL CLIMATOLOGICAL DATA (WS FORM: F-6) , PAGE 2

                                          STATION:  VAN NUYS AIRPORT CA
                                          MONTH:    AUGUST
                                          YEAR:     2016
                                          LATITUDE:   34 13 N
                                          LONGITUDE: 118 29 W

[TEMPERATURE DATA]      [PRECIPITATION DATA]       SYMBOLS USED IN COLUMN 16

AVERAGE MONTHLY: 78.2   TOTAL FOR MONTH:   0.00    1 = FOG OR MIST
DPTR FM NORMAL:   0.4   DPTR FM NORMAL:   -0.04    2 = FOG REDUCING VISIBILITY
HIGHEST:   105 ON 14    GRTST 24HR  0.00 ON 27-27      TO 1/4 MILE OR LESS
LOWEST:     60 ON 27                               3 = THUNDER
                        SNOW, ICE PELLETS, HAIL    4 = ICE PELLETS
                        TOTAL MONTH:   0.0 INCH    5 = HAIL
                        GRTST 24HR     0.0         6 = FREEZING RAIN OR DRIZZLE
                        GRTST DEPTH:   0           7 = DUSTSTORM OR SANDSTORM:
                                                       VSBY 1/2 MILE OR LESS
                                                   8 = SMOKE OR HAZE
[NO. OF DAYS WITH]      [WEATHER - DAYS WITH]      9 = BLOWING SNOW
                                                   X = TORNADO
MAX 32 OR BELOW:   0    0.01 INCH OR MORE:   0
MAX 90 OR ABOVE:  17    0.10 INCH OR MORE:   0
MIN 32 OR BELOW:   0    0.50 INCH OR MORE:   0
MIN  0 OR BELOW:   0    1.00 INCH OR MORE:   0

[HDD (BASE 65) ]
TOTAL THIS MO.     0    CLEAR  (SCALE 0-3)  23
DPTR FM NORMAL     0    PTCLDY (SCALE 4-7)   4
TOTAL FM JUL 1     0    CLOUDY (SCALE 8-10)  0
DPTR FM NORMAL     0

[CDD (BASE 65) ]
TOTAL THIS MO.   364
DPTR FM NORMAL    21    [PRESSURE DATA]
TOTAL FM JAN 1  1413    HIGHEST SLP M ON M
DPTR FM NORMAL   362    LOWEST  SLP 29.72 ON  7

[REMARKS]
