274
CXUS52 KFFC 221110
CF6VPC
PRELIMINARY LOCAL CLIMATOLOGICAL DATA (WS FORM: F-6)

                                          STATION:   CARTERSVILLE
                                          MONTH:     NOVEMBER
                                          YEAR:      2017
                                          LATITUDE:   34  7 N
                                          LONGITUDE:  84 51 W

  TEMPERATURE IN F:       :PCPN:    SNOW:  WIND      :SUNSHINE: SKY     :PK WND
================================================================================
1   2   3   4   5  6A  6B    7    8   9   10  11  12  13   14  15   16   17  18
                                     12Z  AVG MX 2MIN
DY MAX MIN AVG DEP HDD CDD  WTR  SNW DPTH SPD SPD DIR MIN PSBL S-S WX    SPD DR
================================================================================

 1  72  43  58   2   7   0 0.01    M    0  2.3 12 180   M    M   2 1      18 160
 2  74  56  65   9   0   0 0.00  0.0    0  2.9 13 150   M    M   8 1      16 190
 3  77  54  66  10   0   1 0.00  0.0    0  0.8  8 350   M    M   5 1      11 350
 4  77  56  67  12   0   2 0.09  0.0    0  1.5  9 190   M    M   7 12     12 200
 5  76  56  66  11   0   1 0.00  0.0    0  3.7 10 140   M    M   5 12     14 160
 6  75  58  67  12   0   2 0.07  0.0    0  0.6  7 200   M    M   7 1      12 200
 7  78  62  70  16   0   5 0.01  0.0    0  1.3  8 230   M    M   9 1      14 220
 8  64  51  58   4   7   0 0.12  0.0    0  3.3 10 360   M    M  10 1      14 350
 9  56  45  51  -3  14   0 0.35    M    0  1.4  8 340   M    M   8 1      13 340
10  61  37  49  -4  16   0 0.00  0.0    0  3.0 13 360   M    M   0        18 350
11  57  35  46  -7  19   0 0.00  0.0    0  7.2 14 130   M    M   4        22 100
12  49  44  47  -6  18   0 0.17    M    0  3.1 12 100   M    M  10 1      19 110
13  61  42  52   0  13   0 0.00  0.0    0  3.1 12 360   M    M   5 128    18 360
14  62  35  49  -3  16   0 0.00  0.0    0  1.1  9 140   M    M   2 128    14 130
15  61  33  47  -5  18   0    T    M    0  1.7 10 140   M    M   2 1      14 100
16  66  38  52   1  13   0 0.00  0.0    0  1.5 12 360   M    M   5 8      15 350
17  66  32  49  -2  16   0 0.00  0.0    0  1.8 12 120   M    M   0        17 170
18  70  39  55   4  10   0 0.26  0.0    0  5.6 17 180   M    M   6 1      34 340
19  54  36  45  -5  20   0 0.00  0.0    0  5.3 14 340   M    M   5        25 330
20  59  28  44  -6  21   0 0.00  0.0    0  1.7  7 130   M    M   0        10  10
21  65  38  52   3  13   0 0.00  0.0    0  2.9 12 150   M    M   7        17 120
================================================================================
SM 1380  918       221  11  1.08     0.0  55.8          M      107
================================================================================
AV 65.7 43.7                               2.7 FASTST   M    M   5    MAX(MPH)
                                 MISC ---->  # 17 180               # 34  340
================================================================================
NOTES:
# LAST OF SEVERAL OCCURRENCES

COLUMN 17 PEAK WIND IN M.P.H.

PRELIMINARY LOCAL CLIMATOLOGICAL DATA (WS FORM: F-6) , PAGE 2

                                          STATION:  CARTERSVILLE
                                          MONTH:    NOVEMBER
                                          YEAR:     2017
                                          LATITUDE:   34  7 N
                                          LONGITUDE:  84 51 W

[TEMPERATURE DATA]      [PRECIPITATION DATA]       SYMBOLS USED IN COLUMN 16

AVERAGE MONTHLY: 54.7   TOTAL FOR MONTH:   1.08    1 = FOG OR MIST
DPTR FM NORMAL:   1.8   DPTR FM NORMAL:   -1.54    2 = FOG REDUCING VISIBILITY
HIGHEST:    78 ON  7    GRTST 24HR  0.35 ON  9- 9      TO 1/4 MILE OR LESS
LOWEST:     28 ON 20                               3 = THUNDER
                        SNOW, ICE PELLETS, HAIL    4 = ICE PELLETS
                        TOTAL MONTH:   0.0 INCH    5 = HAIL
                        GRTST 24HR     0.0         6 = FREEZING RAIN OR DRIZZLE
                        GRTST DEPTH:   0           7 = DUSTSTORM OR SANDSTORM:
                                                       VSBY 1/2 MILE OR LESS
                                                   8 = SMOKE OR HAZE
[NO. OF DAYS WITH]      [WEATHER - DAYS WITH]      9 = BLOWING SNOW
                                                   X = TORNADO
MAX 32 OR BELOW:   0    0.01 INCH OR MORE:   8
MAX 90 OR ABOVE:   0    0.10 INCH OR MORE:   4
MIN 32 OR BELOW:   2    0.50 INCH OR MORE:   0
MIN  0 OR BELOW:   0    1.00 INCH OR MORE:   0

[HDD (BASE 65) ]
TOTAL THIS MO.   221    CLEAR  (SCALE 0-3)   6
DPTR FM NORMAL   -41    PTCLDY (SCALE 4-7)  11
TOTAL FM JUL 1   399    CLOUDY (SCALE 8-10)  4
DPTR FM NORMAL   -55

[CDD (BASE 65) ]
TOTAL THIS MO.    11
DPTR FM NORMAL     8    [PRESSURE DATA]
TOTAL FM JAN 1  1682    HIGHEST SLP M ON M
DPTR FM NORMAL   171    LOWEST  SLP 29.62 ON 18

[REMARKS]
