000
CXUS51 KBTV 300700
CF6VSF
PRELIMINARY LOCAL CLIMATOLOGICAL DATA (WS FORM: F-6)

                                          STATION:   SPRINGFIELD VT
                                          MONTH:     JANUARY
                                          YEAR:      2015
                                          LATITUDE:   43 19 N
                                          LONGITUDE:  72 31 W

  TEMPERATURE IN F:       :PCPN:    SNOW:  WIND      :SUNSHINE: SKY     :PK WND
================================================================================
1   2   3   4   5  6A  6B    7    8   9   10  11  12  13   14  15   16   17  18
                                     12Z  AVG MX 2MIN
DY MAX MIN AVG DEP HDD CDD  WTR  SNW DPTH SPD SPD DIR MIN PSBL S-S WX    SPD DR
================================================================================

 1  30  10  20  -1  45   0 0.00  0.0    0  4.6 15 210   M    M   3        23 190
 2  33  18  26   5  39   0    T    M    0  8.0 21 280   M    M   6 8      31 240
 3  23   9  16  -4  49   0 0.50    M    0  0.3  7 100   M    M   4 128    10 100
 4  41  20  31  11  34   0 0.36    M    0  1.4 12 230   M    M  10 16     21 240
 5  40   9  25   5  40   0 0.12    M    0 15.4 32 270   M    M   6 8      48 270
 6  14   3   9 -11  56   0    T    M    0  2.4 10 250   M    M   5 18     14 230
 7  19  -6   7 -13  58   0    T    M    0  6.8 24 260   M    M   8 1      33 310
 8  14 -12   1 -19  64   0 0.00  0.0    0  3.6 15 290   M    M   4 8      19 330
 9  24   9  17  -3  48   0 0.09    M    0  6.2 29 270   M    M   6 18     39 250
10  18  -2   8 -11  57   0 0.00  0.0    0  5.3 18 260   M    M   0        24 280
11  20  -8   6 -13  59   0 0.00  0.0    0  0.9 10 160   M    M   6 8      13 160
12  33  17  25   6  40   0 0.03    M    0  1.8 13  10   M    M  10 18     19  10
13  26  -7  10  -9  55   0 0.00  0.0    0  6.0 16  20   M    M   2 18     24  30
14  15 -13   1 -18  64   0 0.00  0.0    0  0.6  5 160   M    M   4 18      5 160
15  24  -9   8 -11  57   0 0.00  0.0    0  0.4  5 140   M    M   2 18      6 100
16  31   3  17  -2  48   0    T    M    0  7.2 23 310   M    M   6 18     35 310
17  18  -6   6 -13  59   0 0.00  0.0    0  3.0 13 300   M    M   1        19 300
18  33  11  22   3  43   0 1.11    M    0  1.2 12 190   M    M   7 128    16 180
19  37  29  33  14  32   0    T    M    0  7.3 23 270   M    M   9 12     31 270
20  29  18  24   5  41   0    T    M    0  7.2 17 290   M    M   3        27 270
21  25   6  16  -3  49   0 0.00  0.0    0  1.7 13 290   M    M   0        16 290
22  33  13  23   4  42   0 0.00  0.0    0  1.6 10 320   M    M   7        17 330
23  31   8  20   1  45   0 0.00  0.0    0  2.8 13 270   M    M   1        17 280
24  31  13  22   3  43   0 0.10    M    0  1.5 13 290   M    M   7 1      22 280
25  34   8  21   2  44   0    T    M    0  8.2 25 280   M    M   5 8      34 290
26  19  -1   9 -10  56   0 0.00  0.0    0  3.1 12  80   M    M   5        16  50
27  17  10  14  -6  51   0 0.11    M    0  9.3 17 350   M    M  10 18     30  20
28  22  -2  10 -10  55   0 0.04    M    0  7.5 20 340   M    M   5 8      29 340
29  31 -10  11  -9  54   0    T    M    0  2.3 14 170   M    M   2 18     21 170
================================================================================
SM  765  138      1427   0  2.46     0.0 127.6          M      144
================================================================================
AV 26.4  4.8                               4.4 FASTST   M    M   5    MAX(MPH)
                                 MISC ---->  # 32 270               # 48  270
================================================================================
NOTES:
# LAST OF SEVERAL OCCURRENCES

COLUMN 17 PEAK WIND IN M.P.H.

PRELIMINARY LOCAL CLIMATOLOGICAL DATA (WS FORM: F-6) , PAGE 2

                                          STATION:  SPRINGFIELD VT
                                          MONTH:    JANUARY
                                          YEAR:     2015
                                          LATITUDE:   43 19 N
                                          LONGITUDE:  72 31 W

[TEMPERATURE DATA]      [PRECIPITATION DATA]       SYMBOLS USED IN COLUMN 16

AVERAGE MONTHLY: 15.6   TOTAL FOR MONTH:   2.46    1 = FOG OR MIST
DPTR FM NORMAL:  -3.9   DPTR FM NORMAL:   -0.29    2 = FOG REDUCING VISIBILITY
HIGHEST:    41 ON  4    GRTST 24HR  1.11 ON 18-18      TO 1/4 MILE OR LESS
LOWEST:    -13 ON 14                               3 = THUNDER
                        SNOW, ICE PELLETS, HAIL    4 = ICE PELLETS
                        TOTAL MONTH:   0.0 INCH    5 = HAIL
                        GRTST 24HR     0.0         6 = FREEZING RAIN OR DRIZZLE
                        GRTST DEPTH:   0           7 = DUSTSTORM OR SANDSTORM:
                                                       VSBY 1/2 MILE OR LESS
                                                   8 = SMOKE OR HAZE
[NO. OF DAYS WITH]      [WEATHER - DAYS WITH]      9 = BLOWING SNOW
                                                   X = TORNADO
MAX 32 OR BELOW:  21    0.01 INCH OR MORE:   9
MAX 90 OR ABOVE:   0    0.10 INCH OR MORE:   6
MIN 32 OR BELOW:  29    0.50 INCH OR MORE:   2
MIN  0 OR BELOW:  11    1.00 INCH OR MORE:   1

[HDD (BASE 65) ]
TOTAL THIS MO.  1427    CLEAR  (SCALE 0-3)   8
DPTR FM NORMAL   107    PTCLDY (SCALE 4-7)  16
TOTAL FM JUL 1  3899    CLOUDY (SCALE 8-10)  5
DPTR FM NORMAL  -284

[CDD (BASE 65) ]
TOTAL THIS MO.     0
DPTR FM NORMAL     0    [PRESSURE DATA]
TOTAL FM JAN 1     0    HIGHEST SLP M ON M
DPTR FM NORMAL     0    LOWEST  SLP 29.27 ON 24

[REMARKS]
