000
CXUS55 KLBF 261200
CF6VTN
PRELIMINARY LOCAL CLIMATOLOGICAL DATA (WS FORM: F-6)

                                          STATION:   VALENTINE
                                          MONTH:     FEBRUARY
                                          YEAR:      2017
                                          LATITUDE:   42 52 N
                                          LONGITUDE: 100 33 W

  TEMPERATURE IN F:       :PCPN:    SNOW:  WIND      :SUNSHINE: SKY     :PK WND
================================================================================
1   2   3   4   5  6A  6B    7    8   9   10  11  12  13   14  15   16   17  18
                                     12Z  AVG MX 2MIN
DY MAX MIN AVG DEP HDD CDD  WTR  SNW DPTH SPD SPD DIR MIN PSBL S-S WX    SPD DR
================================================================================

 1  25  14  20  -4  45   0 0.03  0.7    2  8.9 17 330   M    M  10 8      22 320
 2  21  10  16  -9  49   0 0.06  1.0    2  6.1 17 320   M    M   9 1      20 320
 3  28  -5  12 -13  53   0 0.01  0.4    3 11.7 24 200   M    M   5 18     31 200
 4  42  18  30   5  35   0 0.00  0.0    3 12.1 31 200   M    M   1        40 200
 5  45  11  28   3  37   0 0.00  0.0    2  6.4 15 220   M    M   1        18 170
 6  52  17  35  10  30   0 0.00  0.0    1  7.7 16 350   M    M   3 1      21 340
 7  18   9  14 -11  51   0 0.13  1.8    1 12.0 23 340   M    M  10 18     29 330
 8  14   4   9 -17  56   0 0.22  2.5    5  5.3 12 270   M    M   5 18     14 260
 9  40   0  20  -6  45   0 0.00  0.0    5 10.9 26 210   M    M   2        33 210
10  57  33  45  19  20   0 0.00  0.0    4  6.9 20 250   M    M   1        22 250
11  45  33  39  13  26   0 0.07  0.0    1  7.5 24 320   M    M   8 1      31 350
12  46  22  34   8  31   0 0.00  0.0    T  9.8 28 330   M    M   0        39 330
13  52  22  37  11  28   0 0.00  0.0    T  9.3 23 330   M    M   0        29 310
14  48  24  36   9  29   0 0.00  0.0    T 11.1 21 340   M    M   0        28 330
15  65  22  44  17  21   0 0.00  0.0    T  9.1 22 230   M    M   0        27 240
16  72  27  50  23  15   0 0.00  0.0    0  9.2 16 230   M    M   0        19 230
17  64  28  46  18  19   0 0.00  0.0    0 10.4 26 340   M    M   0        35 350
18  63  23  43  15  22   0 0.00  0.0    0  9.0 25 170   M    M   0        29 190
19  67  41  54  26  11   0 0.00  0.0    0 11.8 25 170   M    M   1        32 170
20  62  33  48  20  17   0    T  0.0    0 12.3 26 320   M    M   2        34 310
21  75  34  55  26  10   0 0.00  0.0    0 14.0 35 270   M    M   0        41 280
22  60  33  47  18  18   0 0.00  0.0    0 13.1 30 290   M    M   2        39 300
23  34  23  29   0  36   0 0.56 11.2    T 18.1 28  40   M    M  10 12     36  10
24  24   0  12 -18  53   0 0.08  1.0   12 12.8 25 350   M    M   6 18     29 350
25  29  -4  13 -17  52   0 0.00  0.0   10  7.7 17 260   M    M   2        19 260
================================================================================
SM 1148  472       809   0  1.16    18.6 253.2          M       78
================================================================================
AV 45.9 18.9                              10.1 FASTST   M    M   3    MAX(MPH)
                                 MISC ---->  # 35 270               # 41  280
================================================================================
NOTES:
# LAST OF SEVERAL OCCURRENCES

COLUMN 17 PEAK WIND IN M.P.H.

PRELIMINARY LOCAL CLIMATOLOGICAL DATA (WS FORM: F-6) , PAGE 2

                                          STATION:  VALENTINE
                                          MONTH:    FEBRUARY
                                          YEAR:     2017
                                          LATITUDE:   42 52 N
                                          LONGITUDE: 100 33 W

[TEMPERATURE DATA]      [PRECIPITATION DATA]       SYMBOLS USED IN COLUMN 16

AVERAGE MONTHLY: 32.4   TOTAL FOR MONTH:   1.16    1 = FOG OR MIST
DPTR FM NORMAL:   5.6   DPTR FM NORMAL:    0.75    2 = FOG REDUCING VISIBILITY
HIGHEST:    75 ON 21    GRTST 24HR  2.19 ON 23-24      TO 1/4 MILE OR LESS
LOWEST:     -5 ON  3                               3 = THUNDER
                        SNOW, ICE PELLETS, HAIL    4 = ICE PELLETS
                        TOTAL MONTH:  18.6 INCHES  5 = HAIL
                        GRTST 24HR  11.2 ON   M    6 = FREEZING RAIN OR DRIZZLE
                        GRTST DEPTH:  12 ON 24     7 = DUSTSTORM OR SANDSTORM:
                                                       VSBY 1/2 MILE OR LESS
                                                   8 = SMOKE OR HAZE
[NO. OF DAYS WITH]      [WEATHER - DAYS WITH]      9 = BLOWING SNOW
                                                   X = TORNADO
MAX 32 OR BELOW:   7    0.01 INCH OR MORE:   8
MAX 90 OR ABOVE:   0    0.10 INCH OR MORE:   3
MIN 32 OR BELOW:  19    0.50 INCH OR MORE:   1
MIN  0 OR BELOW:   4    1.00 INCH OR MORE:   0

[HDD (BASE 65) ]
TOTAL THIS MO.   809    CLEAR  (SCALE 0-3)  17
DPTR FM NORMAL  -144    PTCLDY (SCALE 4-7)   4
TOTAL FM JUL 1  4633    CLOUDY (SCALE 8-10)  4
DPTR FM NORMAL  -498

[CDD (BASE 65) ]
TOTAL THIS MO.     0
DPTR FM NORMAL     0    [PRESSURE DATA]
TOTAL FM JAN 1     0    HIGHEST SLP M ON M
DPTR FM NORMAL     0    LOWEST  SLP 29.51 ON  6

[REMARKS]
