619
CXUS56 KPQR 241200
CF6VUO
PRELIMINARY LOCAL CLIMATOLOGICAL DATA (WS FORM: F-6)

                                          STATION:   VANCOUVER WA
                                          MONTH:     FEBRUARY
                                          YEAR:      2017
                                          LATITUDE:   45 37 N
                                          LONGITUDE: 122 39 W

  TEMPERATURE IN F:       :PCPN:    SNOW:  WIND      :SUNSHINE: SKY     :PK WND
================================================================================
1   2   3   4   5  6A  6B    7    8   9   10  11  12  13   14  15   16   17  18
                                     12Z  AVG MX 2MIN
DY MAX MIN AVG DEP HDD CDD  WTR  SNW DPTH SPD SPD DIR MIN PSBL S-S WX    SPD DR
================================================================================

 1  41  29  35  -8  30   0 0.00  0.0    0 16.9 29  90   M    M   4        42  90
 2  40  34  37  -6  28   0    T    M    0 17.6 29  80   M    M   6        44 100
 3  35  32  34  -9  31   0 0.59    M    0  6.9 16 110   M    M   8 16     20 120
 4  52  34  43   0  22   0 0.48    M    0  8.8 15 110   M    M  10 18     24 240
 5  46  35  41  -2  24   0 2.15    M    0  3.8 10 310   M    M  10 1      15 110
 6  44  35  40  -3  25   0 0.05    M    0  4.8 15 180   M    M   8 1      20 170
 7  40  33  37  -6  28   0 0.07    M    0  3.5 10 110   M    M   9 1      13 110
 8  38  36  37  -6  28   0 1.09    M    0  5.9 17 120   M    M  10 1      23 120
 9  59  37  48   5  17   0 1.01    M    0 10.5 21 250   M    M   8 13     32 220
10  50  34  42  -1  23   0 0.19    M    0  5.9 17 240   M    M   7 1      28 240
11  50  33  42  -1  23   0 0.00  0.0    0  1.2  8 320   M    M   5        10 340
12  52  31  42  -1  23   0 0.00  0.0    0  1.3 10 300   M    M   2 12     17 290
13  54  27  41  -2  24   0 0.00  0.0    0  5.3 15 120   M    M   2 12     22 120
14  49  29  39  -4  26   0 0.03    M    0  4.9 17 110   M    M   3        23 110
15  43  39  41  -2  24   0 1.06  0.0    0  9.6 20 110   M    M  10 1      26 110
16  50  41  46   3  19   0 1.40  0.0    0  5.5 15 120   M    M  10 1      20 110
17  58  41  50   6  15   0 0.01    M    0  2.6 12 310   M    M   6 1      14 310
18  48  42  45   1  20   0 0.23    M    0  3.6 10 120   M    M  10 1      13 120
19  51  41  46   2  19   0 0.32    M    0  7.5 17 170   M    M  10 1      28 170
20  50  41  46   2  19   0 0.81    M    0  3.9 13 120   M    M  10 1      16 120
21  50  36  43  -1  22   0 0.44    M    0  1.9  9 290   M    M   9 1      13 280
22  45  30  38  -6  27   0 0.01    M    0  1.5 13 280   M    M   7 12     15 270
23  46  31  39  -5  26   0    T    M    0  2.8 13 280   M    M   7 1      17 280
================================================================================
SM 1091  801       543   0  9.94     0.0 136.2          M      171
================================================================================
AV 47.4 34.8                               5.9 FASTST   M    M   7    MAX(MPH)
                                 MISC ---->  # 29  90               # 44  100
================================================================================
NOTES:
# LAST OF SEVERAL OCCURRENCES

COLUMN 17 PEAK WIND IN M.P.H.

PRELIMINARY LOCAL CLIMATOLOGICAL DATA (WS FORM: F-6) , PAGE 2

                                          STATION:  VANCOUVER WA
                                          MONTH:    FEBRUARY
                                          YEAR:     2017
                                          LATITUDE:   45 37 N
                                          LONGITUDE: 122 39 W

[TEMPERATURE DATA]      [PRECIPITATION DATA]       SYMBOLS USED IN COLUMN 16

AVERAGE MONTHLY: 41.1   TOTAL FOR MONTH:   9.94    1 = FOG OR MIST
DPTR FM NORMAL:  -2.2   DPTR FM NORMAL:    6.65    2 = FOG REDUCING VISIBILITY
HIGHEST:    59 ON  9    GRTST 24HR  2.15 ON  5- 5      TO 1/4 MILE OR LESS
LOWEST:     27 ON 13                               3 = THUNDER
                        SNOW, ICE PELLETS, HAIL    4 = ICE PELLETS
                        TOTAL MONTH:   0.0 INCH    5 = HAIL
                        GRTST 24HR     0.0         6 = FREEZING RAIN OR DRIZZLE
                        GRTST DEPTH:   0           7 = DUSTSTORM OR SANDSTORM:
                                                       VSBY 1/2 MILE OR LESS
                                                   8 = SMOKE OR HAZE
[NO. OF DAYS WITH]      [WEATHER - DAYS WITH]      9 = BLOWING SNOW
                                                   X = TORNADO
MAX 32 OR BELOW:   0    0.01 INCH OR MORE:  17
MAX 90 OR ABOVE:   0    0.10 INCH OR MORE:  12
MIN 32 OR BELOW:   7    0.50 INCH OR MORE:   7
MIN  0 OR BELOW:   0    1.00 INCH OR MORE:   5

[HDD (BASE 65) ]
TOTAL THIS MO.   543    CLEAR  (SCALE 0-3)   3
DPTR FM NORMAL    44    PTCLDY (SCALE 4-7)   9
TOTAL FM JUL 1  3176    CLOUDY (SCALE 8-10) 11
DPTR FM NORMAL   165

[CDD (BASE 65) ]
TOTAL THIS MO.     0
DPTR FM NORMAL     0    [PRESSURE DATA]
TOTAL FM JAN 1     0    HIGHEST SLP M ON M
DPTR FM NORMAL     0    LOWEST  SLP 29.22 ON  5

[REMARKS]
