000
CXAK56 PAJK 241303
CF6YAK
PRELIMINARY LOCAL CLIMATOLOGICAL DATA (WS FORM: F-6)

                                          STATION:   YAKUTAT
                                          MONTH:     JANUARY
                                          YEAR:      2017
                                          LATITUDE:   59 31 N
                                          LONGITUDE: 139 40 W

  TEMPERATURE IN F:       :PCPN:    SNOW:  WIND      :SUNSHINE: SKY     :PK WND
================================================================================
1   2   3   4   5  6A  6B    7    8   9   10  11  12  13   14  15   16   17  18
                                     12Z  AVG MX 2MIN
DY MAX MIN AVG DEP HDD CDD  WTR  SNW DPTH SPD SPD DIR MIN PSBL S-S WX    SPD DR
================================================================================

 1  27  15  21  -7  44   0 0.00  0.0    7  1.0  8  80   M    M   1 1      11  80
 2  28  14  21  -7  44   0 0.00  0.0    7  1.2  6  80   M    M   2 18      6  80
 3  26  14  20  -8  45   0 0.00  0.0    7  1.0  5  50   M    M   3 128     6  90
 4  34  18  26  -2  39   0 0.00  0.0    7  1.2  8  60   M    M   8 1       9  60
 5  32  14  23  -5  42   0 0.00  0.0    7  3.1 14  40   M    M   5 1      20  30
 6  29  24  27  -1  38   0 0.00  0.0    7 20.1 36  40   M    M   1 9      50  60
 7  34  14  24  -4  41   0 0.00  0.0    7 12.2 39  60   M    M   1 8      52  40
 8  40  10  25  -3  40   0 0.00  0.0    6  2.1 14 100   M    M   1 1      20  90
 9  27  12  20  -8  45   0 0.00  0.0    6  1.1  6  30   M    M   1         7 270
10  28  10  19  -9  46   0 0.00  0.0    5  0.0  7 120   M    M   0         8 120
11  30  10  20  -8  45   0 0.01    T    5  0.7  6  40   M    M   5 1       7 190
12  34  28  31   3  34   0 0.06  0.5    5  4.9  8  80   M    M  10 1      13 110
13  43  33  38  10  27   0 2.53  1.7    5 13.0 29 130   M    M  10 124    39 120
14  43  35  39  11  26   0 2.26    T    6  6.0 17 210   M    M  10 14     26 220
15  43  33  38  10  27   0 0.93  2.5    4  9.0 30 120   M    M  10 1      42 120
16  42  31  37   9  28   0 1.64  0.3    1  9.5 23 260   M    M  10 14     31 250
17  34  20  27  -1  38   0 0.09  0.0    2  2.2 18 210   M    M   6 124    26 210
18  29  18  24  -4  41   0 0.06  0.8    2  1.8  9 100   M    M   5 1      12  90
19  28  20  24  -4  41   0 0.14  2.4    4  2.7  9 100   M    M   8 12     13 100
20  23   3  13 -15  52   0 0.00  0.0    4  0.3  6  40   M    M   1 1       6  40
21  26   3  15 -13  50   0 0.00  0.0    4  0.9 12  20   M    M   2 1      13  20
22  33   6  20  -8  45   0 0.38  2.8    6  1.4  7  60   M    M   7 1      10  50
23  39  33  36   8  29   0 0.55  5.5    6  8.1 17 210   M    M   9 1      24 100
================================================================================
SM  752  418       907   0  8.65    16.5 103.5          M      116
================================================================================
AV 32.7 18.2                               4.5 FASTST   M    M   5    MAX(MPH)
                                 MISC ---->  # 39  60               # 52   40
================================================================================
NOTES:
# LAST OF SEVERAL OCCURRENCES

COLUMN 17 PEAK WIND IN M.P.H.

PRELIMINARY LOCAL CLIMATOLOGICAL DATA (WS FORM: F-6) , PAGE 2

                                          STATION:  YAKUTAT
                                          MONTH:    JANUARY
                                          YEAR:     2017
                                          LATITUDE:   59 31 N
                                          LONGITUDE: 139 40 W

[TEMPERATURE DATA]      [PRECIPITATION DATA]       SYMBOLS USED IN COLUMN 16

AVERAGE MONTHLY: 25.4   TOTAL FOR MONTH:   8.65    1 = FOG OR MIST
DPTR FM NORMAL:  -2.6   DPTR FM NORMAL:   -1.70    2 = FOG REDUCING VISIBILITY
HIGHEST:    43 ON 15,14 GRTST 24HR  3.31 ON 13-14      TO 1/4 MILE OR LESS
LOWEST:      3 ON 21,20                            3 = THUNDER
                        SNOW, ICE PELLETS, HAIL    4 = ICE PELLETS
                        TOTAL MONTH:  16.5 INCHES  5 = HAIL
                        GRTST 24HR   5.5 ON 23-23  6 = FREEZING RAIN OR DRIZZLE
                        GRTST DEPTH:   7 ON  7, 6  7 = DUSTSTORM OR SANDSTORM:
                                                       VSBY 1/2 MILE OR LESS
                                                   8 = SMOKE OR HAZE
[NO. OF DAYS WITH]      [WEATHER - DAYS WITH]      9 = BLOWING SNOW
                                                   X = TORNADO
MAX 32 OR BELOW:  12    0.01 INCH OR MORE:  11
MAX 90 OR ABOVE:   0    0.10 INCH OR MORE:   7
MIN 32 OR BELOW:  19    0.50 INCH OR MORE:   5
MIN  0 OR BELOW:   0    1.00 INCH OR MORE:   3

[HDD (BASE 65) ]
TOTAL THIS MO.   907    CLEAR  (SCALE 0-3)  10
DPTR FM NORMAL    57    PTCLDY (SCALE 4-7)   7
TOTAL FM JUL 1  4504    CLOUDY (SCALE 8-10)  6
DPTR FM NORMAL  -328

[CDD (BASE 65) ]
TOTAL THIS MO.     0
DPTR FM NORMAL     0    [PRESSURE DATA]
TOTAL FM JAN 1     0    HIGHEST SLP M ON M
DPTR FM NORMAL     0    LOWEST  SLP 28.65 ON 18

[REMARKS]
