929
CXUS51 KCLE 250800
CF6YNG
PRELIMINARY LOCAL CLIMATOLOGICAL DATA (WS FORM: F-6)

                                          STATION:   YOUNGSTOWN OH
                                          MONTH:     NOVEMBER
                                          YEAR:      2017
                                          LATITUDE:   41 16 N
                                          LONGITUDE:  80 40 W

  TEMPERATURE IN F:       :PCPN:    SNOW:  WIND      :SUNSHINE: SKY     :PK WND
================================================================================
1   2   3   4   5  6A  6B    7    8   9   10  11  12  13   14  15   16   17  18
                                     12Z  AVG MX 2MIN
DY MAX MIN AVG DEP HDD CDD  WTR  SNW DPTH SPD SPD DIR MIN PSBL S-S WX    SPD DR
================================================================================

 1  50  27  39  -7  26   0 0.55  0.0    0  6.8 14 130   M    M  10 1      17 130
 2  66  50  58  12   7   0 0.30  0.0    0  9.9 22 200   M    M  10 1      28 210
 3  66  38  52   6  13   0 0.40  0.0    0 10.4 23 340   M    M   9 13     27 340
 4  57  34  46   0  19   0 0.00  0.0    0  9.2 15 110   M    M   8        21 160
 5  67  53  60  15   5   0 1.10  0.0    0 10.6 21 280   M    M  10 13     31 270
 6  60  34  47   2  18   0 0.39  0.0    0  8.9 20  10   M    M  10 1      24  10
 7  42  34  38  -7  27   0    T  0.0    0  6.3 14  80   M    M   9         M  M
 8  50  29  40  -4  25   0 0.00  0.0    0  4.3  9 110   M    M   2         M  M
 9  52  25  39  -5  26   0    T    T    0  9.3 25 320   M    M   5        36 310
10  35  14  25 -19  40   0 0.02  0.3    0 12.1 25 320   M    M   7 1      33 330
11  36  13  25 -18  40   0 0.00  0.0    0  6.0 15 130   M    M   7        18 140
12  43  23  33 -10  32   0 0.01  0.0    0  3.6  8 110   M    M   9        10 120
13  43  34  39  -3  26   0 0.09    T    0  3.7 15 330   M    M   9 14     18 330
14  42  27  35  -7  30   0 0.00  0.0    0  3.1  9 240   M    M   8        11 220
15  47  26  37  -5  28   0 0.14  0.0    0  9.9 17 210   M    M   9 1      27 160
16  47  37  42   1  23   0 0.04    T    0 11.9 23 270   M    M  10 148    35 270
17  42  35  39  -2  26   0 0.00  0.0    0  7.5 15 140   M    M   9        23 160
18  56  38  47   6  18   0 2.06  0.0    0 10.7 31 310   M    M  10 1      43 300
19  41  30  36  -4  29   0 0.09  0.7    0 14.7 25 270   M    M  10 1      38 290
20  42  28  35  -5  30   0    T    T    T 11.2 21 260   M    M   7        27 210
21  54  37  46   6  19   0    T  0.0    0 12.1 28 230   M    M   7        39 230
22  42  29  36  -3  29   0 0.09    T    0  8.3 20 330   M    M  10 1      26 320
23  39  26  33  -6  32   0 0.00  0.0    0  6.4 13 220   M    M  10        16 230
24  53  29  41   3  24   0 0.00  0.0    0  9.0 17 180   M    M   1        25 180
================================================================================
SM 1172  750       592   0  5.28     1.0 205.9          M      196
================================================================================
AV 48.8 31.3                               8.6 FASTST   M    M   8    MAX(MPH)
                                 MISC ---->  # 31 310               # 43  300
================================================================================
NOTES:
# LAST OF SEVERAL OCCURRENCES

COLUMN 17 PEAK WIND IN M.P.H.

PRELIMINARY LOCAL CLIMATOLOGICAL DATA (WS FORM: F-6) , PAGE 2

                                          STATION:  YOUNGSTOWN OH
                                          MONTH:    NOVEMBER
                                          YEAR:     2017
                                          LATITUDE:   41 16 N
                                          LONGITUDE:  80 40 W

[TEMPERATURE DATA]      [PRECIPITATION DATA]       SYMBOLS USED IN COLUMN 16

AVERAGE MONTHLY: 40.0   TOTAL FOR MONTH:   5.28    1 = FOG OR MIST
DPTR FM NORMAL:  -2.5   DPTR FM NORMAL:    2.74    2 = FOG REDUCING VISIBILITY
HIGHEST:    67 ON  5    GRTST 24HR  2.06 ON 18-18      TO 1/4 MILE OR LESS
LOWEST:     13 ON 11                               3 = THUNDER
                        SNOW, ICE PELLETS, HAIL    4 = ICE PELLETS
                        TOTAL MONTH:   1.0 INCH    5 = HAIL
                        GRTST 24HR   0.7 ON 19-19  6 = FREEZING RAIN OR DRIZZLE
                        GRTST DEPTH:   T           7 = DUSTSTORM OR SANDSTORM:
                                                       VSBY 1/2 MILE OR LESS
                                                   8 = SMOKE OR HAZE
[NO. OF DAYS WITH]      [WEATHER - DAYS WITH]      9 = BLOWING SNOW
                                                   X = TORNADO
MAX 32 OR BELOW:   0    0.01 INCH OR MORE:  13
MAX 90 OR ABOVE:   0    0.10 INCH OR MORE:   7
MIN 32 OR BELOW:  13    0.50 INCH OR MORE:   3
MIN  0 OR BELOW:   0    1.00 INCH OR MORE:   2

[HDD (BASE 65) ]
TOTAL THIS MO.   592    CLEAR  (SCALE 0-3)   2
DPTR FM NORMAL    53    PTCLDY (SCALE 4-7)   7
TOTAL FM JUL 1   973    CLOUDY (SCALE 8-10) 15
DPTR FM NORMAL  -187

[CDD (BASE 65) ]
TOTAL THIS MO.     0
DPTR FM NORMAL     0    [PRESSURE DATA]
TOTAL FM JAN 1   658    HIGHEST SLP M ON M
DPTR FM NORMAL   114    LOWEST  SLP 29.16 ON 18

[REMARKS]
