000
CXUS51 KPBZ 220804
CF6ZZV
PRELIMINARY LOCAL CLIMATOLOGICAL DATA (WS FORM: F-6)

                                          STATION:   ZANESVILLE OH
                                          MONTH:     JULY
                                          YEAR:      2017
                                          LATITUDE:   39 56 N
                                          LONGITUDE:  81 54 W

  TEMPERATURE IN F:       :PCPN:    SNOW:  WIND      :SUNSHINE: SKY     :PK WND
================================================================================
1   2   3   4   5  6A  6B    7    8   9   10  11  12  13   14  15   16   17  18
                                     12Z  AVG MX 2MIN
DY MAX MIN AVG DEP HDD CDD  WTR  SNW DPTH SPD SPD DIR MIN PSBL S-S WX    SPD DR
================================================================================

 1  82  69  76   4   0  11 0.02  0.0    0  6.9 15 240   M    M   6 1      20 260
 2  85  63  74   2   0   9 0.00    M    M  4.0 16 280   M    M   2 128    22 270
 3  87  60  74   1   0   9 0.00    M    0  2.5 15  10   M    M   1        22  10
 4  86  64  75   2   0  10 0.00    M    0  4.3 12  20   M    M   1        16  30
 5  86  63  75   2   0  10 0.00  0.0    0  2.5  8 320   M    M   0        12  20
 6  78  69  74   1   0   9 1.25  0.0    0  2.9  9 100   M    M   7 1      11  90
 7  83  65  74   1   0   9 0.64  0.0    0  6.9 30 310   M    M   3 1238   40 300
 8  81  61  71  -2   0   6 0.00  0.0    0  6.4 15 340   M    M   6 1      20 280
 9  81  55  68  -5   0   3 0.00  0.0    0  3.7 13 270   M    M   2 12     18 260
10  80  58  69  -4   0   4 0.93  0.0    0  4.1 30 320   M    M   5 13     39 320
11  85  68  77   4   0  12 0.05    M    0  8.2 18 240   M    M   4 3      28 240
12  88  71  80   7   0  15 0.00    M    0  5.6 16 240   M    M   2        20 220
13  77  72  75   2   0  10 1.13    M    0  5.1 18 240   M    M   4 13     25 240
14  86  68  77   4   0  12    T    M    0  3.9 12 310   M    M   5 1      18 290
15  83  63  73   0   0   8 0.00  0.0    0  2.7 10 320   M    M   2 1      13 320
16  83  60  72  -1   0   7 0.00  0.0    0  3.2 10 250   M    M   3 12     14 240
17  85  65  75   2   0  10 0.00    M    0  3.3  9 350   M    M   2 1      13 330
18  88  66  77   4   0  12 0.00  0.0    0  2.3  8 220   M    M   2 1      11 270
19  90  68  79   6   0  14 0.00    M    0  2.4 10 290   M    M   1 1      13 230
20  88  67  78   5   0  13 0.04    M    0  4.7 14 250   M    M   3 12     23 260
21  82  73  78   5   0  13 0.01    M    0  3.8 13 250   M    M   4 138    16 250
================================================================================
SM 1764 1368         0 206  4.07     0.0  89.4          M       65
================================================================================
AV 84.0 65.1                               4.3 FASTST   M    M   3    MAX(MPH)
                                 MISC ---->  # 30 310               # 40  300
================================================================================
NOTES:
# LAST OF SEVERAL OCCURRENCES

COLUMN 17 PEAK WIND IN M.P.H.

PRELIMINARY LOCAL CLIMATOLOGICAL DATA (WS FORM: F-6) , PAGE 2

                                          STATION:  ZANESVILLE OH
                                          MONTH:    JULY
                                          YEAR:     2017
                                          LATITUDE:   39 56 N
                                          LONGITUDE:  81 54 W

[TEMPERATURE DATA]      [PRECIPITATION DATA]       SYMBOLS USED IN COLUMN 16

AVERAGE MONTHLY: 74.6   TOTAL FOR MONTH:   4.07    1 = FOG OR MIST
DPTR FM NORMAL:   1.7   DPTR FM NORMAL:    1.37    2 = FOG REDUCING VISIBILITY
HIGHEST:    90 ON 19    GRTST 24HR  1.25 ON  6- 6      TO 1/4 MILE OR LESS
LOWEST:     55 ON  9                               3 = THUNDER
                        SNOW, ICE PELLETS, HAIL    4 = ICE PELLETS
                        TOTAL MONTH:   0.0 INCH    5 = HAIL
                        GRTST 24HR     0.0         6 = FREEZING RAIN OR DRIZZLE
                        GRTST DEPTH:   0           7 = DUSTSTORM OR SANDSTORM:
                                                       VSBY 1/2 MILE OR LESS
                                                   8 = SMOKE OR HAZE
[NO. OF DAYS WITH]      [WEATHER - DAYS WITH]      9 = BLOWING SNOW
                                                   X = TORNADO
MAX 32 OR BELOW:   0    0.01 INCH OR MORE:   8
MAX 90 OR ABOVE:   1    0.10 INCH OR MORE:   4
MIN 32 OR BELOW:   0    0.50 INCH OR MORE:   4
MIN  0 OR BELOW:   0    1.00 INCH OR MORE:   2

[HDD (BASE 65) ]
TOTAL THIS MO.     0    CLEAR  (SCALE 0-3)  13
DPTR FM NORMAL     0    PTCLDY (SCALE 4-7)   8
TOTAL FM JUL 1     0    CLOUDY (SCALE 8-10)  0
DPTR FM NORMAL     0

[CDD (BASE 65) ]
TOTAL THIS MO.   206
DPTR FM NORMAL    38    [PRESSURE DATA]
TOTAL FM JAN 1   480    HIGHEST SLP M ON M
DPTR FM NORMAL   100    LOWEST  SLP 29.82 ON  7

[REMARKS]
