000
CXUS51 KALY 011541
CLADDH

ALBCLMDDH 000
TTAA00 KALY 011540


CLIMATE REPORT
NATIONAL WEATHER SERVICE ALBANY NY
1036 AM EST THU JAN 1 2015

...................................

...THE BENNINGTON VT CLIMATE SUMMARY FOR THE YEAR OF 2014...

CLIMATE NORMAL PERIOD 1981 TO 2010
CLIMATE RECORD PERIOD 9999 TO 9999

WEATHER         OBSERVED          NORMAL  DEPART  LAST YEAR`S
                 VALUE   DATE(S)  VALUE   FROM    VALUE  DATE(S)
                                          NORMAL
................................................................
TEMPERATURE (F)
HIGHEST            89   07/02                         92  09/11
                        07/01                             07/19
LOWEST            -17R  01/04                        -14  01/03
                        01/03
AVG. MAXIMUM     55.9              56.5    -0.6     57.2
AVG. MINIMUM     34.9              35.5    -0.6     36.1
MEAN             45.4              46.0    -0.6     46.6
DAYS MAX >= 90      0               1.5    -1.5        4
DAYS MAX <= 32     59              46.4    12.6       47
DAYS MIN <= 32    151             156.3    -5.3      154
DAYS MIN <= 0      19              10.8     8.2        8

PRECIPITATION (INCHES)
TOTALS          36.96             40.70   -3.74    44.78
DAILY AVG.       0.10              0.11   -0.01     0.12
DAYS >= .01       150                                150
DAYS >= .10        77                                 82
DAYS >= .50        29                                 31
DAYS >= 1.00        6                                 12
GREATEST
 24 HR. TOTAL    1.89   07/27 TO 07/28

DEGREE_DAYS
HEATING TOTAL    7152              7236     -84     6968
 SINCE 7/1       2517              2772    -255     2663
COOLING TOTAL     308               312      -4      503
 SINCE 1/1        308               313      -5      503

FREEZE DATES
EARLIEST                        10/01
LATEST                          05/10
.................................................................

WIND (MPH)
AVERAGE WIND SPEED              5.1
HIGHEST WIND SPEED/DIRECTION    38/140    DATE  11/24
HIGHEST GUST SPEED/DIRECTION    58/130    DATE  11/24


WEATHER CONDITIONS. NUMBER OF DAYS WITH
THUNDERSTORM             22     MIXED PRECIP               0
HEAVY RAIN               25     RAIN                      44
LIGHT RAIN              127     FREEZING RAIN              2
LT FREEZING RAIN          4     HAIL                       0
HEAVY SNOW                5     SNOW                      14
LIGHT SNOW               68     SLEET                      0
FOG                     200     FOG W/VIS <= 1/4 MILE     31
HAZE                     83

-  INDICATES NEGATIVE NUMBERS.
R  INDICATES RECORD WAS SET OR TIED.
MM INDICATES DATA IS MISSING.
T  INDICATES TRACE AMOUNT.

$$
