000
CXUS53 KABR 011514
CLM8D3


CLIMATE REPORT
NATIONAL WEATHER SERVICE ABERDEEN SD
907 AM CST MON FEB 1 2016

...................................

...THE SISSETON SD CLIMATE SUMMARY FOR THE MONTH OF JANUARY 2016...

CLIMATE NORMAL PERIOD 1981 TO 2010
CLIMATE RECORD PERIOD 1900 TO 2016

WEATHER         OBSERVED          NORMAL  DEPART  LAST YEAR`S
                 VALUE   DATE(S)  VALUE   FROM    VALUE  DATE(S)
                                          NORMAL
................................................................
TEMPERATURE (F)
RECORD
 HIGH              65   01/24/1981
 LOW              -37   01/24/1936
HIGHEST            45   01/30        MM      MM       47  01/19
LOWEST            -14   01/17        MM      MM      -15  01/12
AVG. MAXIMUM     24.1              23.0     1.1     27.0
AVG. MINIMUM      9.0               3.3     5.7     10.5
MEAN             16.6              13.1     3.5     18.7
DAYS MAX >= 90      0               0.0     0.0        0
DAYS MAX <= 32     26              22.7     3.3       18
DAYS MIN <= 32     31              30.8     0.2       31
DAYS MIN <= 0       9              13.2    -4.2       10

PRECIPITATION (INCHES)
RECORD
 MAXIMUM         2.01   1952
 MINIMUM            T   1974
TOTALS           0.28              0.43   -0.15     0.47
DAYS >= .01         8                MM      MM        8
DAYS >= .10         1                MM      MM        2
DAYS >= .50         0                MM      MM        0
DAYS >= 1.00        0                MM      MM        0

SNOWFALL (INCHES)
RECORDS
 TOTAL           29.4   5
 SNOW DEPTH        35   01/26/2011
                        01/25/2011
                        01/24/2011
TOTALS            3.1                MM      MM      4.4
SINCE 7/1        18.9                MM      MM     17.5
SNOWDEPTH AVG.      3                MM      MM        2
DAYS >= TRACE       8                MM      MM        7
DAYS >= 1.0         1                MM      MM        2
GREATEST
 SNOW DEPTH         5   01/01                          3  01/14
                                                          01/13
                                                          01/12

DEGREE_DAYS
HEATING TOTAL    1493              1607    -114     1428
 SINCE 7/1       4133              4946    -813     4738
COOLING TOTAL       0                 0       0        0
 SINCE 1/1          0                 0       0        0

FREEZE DATES
RECORD
 EARLIEST     MM
 LATEST       MM
EARLIEST                        MM
LATEST                          MM
.................................................................

WIND (MPH)
AVERAGE WIND SPEED              11.2
RESULTANT WIND SPEED/DIRECTION   5/326
HIGHEST WIND SPEED/DIRECTION    39/290    DATE  01/27
HIGHEST GUST SPEED/DIRECTION    49/310    DATE  01/27

SKY COVER
POSSIBLE SUNSHINE (PERCENT)   MM
AVERAGE SKY COVER           0.00
NUMBER OF DAYS FAIR           31
NUMBER OF DAYS PC              0
NUMBER OF DAYS CLOUDY          0

AVERAGE RH (PERCENT)     81

-  INDICATES NEGATIVE NUMBERS.
R  INDICATES RECORD WAS SET OR TIED.
MM INDICATES DATA IS MISSING.
T  INDICATES TRACE AMOUNT.

$$
