000
CXUS52 KTAE 011713
CLMAAF

CLIMATE REPORT
NATIONAL WEATHER SERVICE TALLAHASSEE FL
1212 PM EST THU FEB 1 2018

...................................

...THE APALACHICOLA CLIMATE SUMMARY FOR THE MONTH OF JANUARY 2018...

CLIMATE NORMAL PERIOD 1981 TO 2010
CLIMATE RECORD PERIOD 1931 TO 2018

WEATHER         OBSERVED                   LAST YEAR`S
                 VALUE   DATE(S)           VALUE  DATE(S)

.........................................................
TEMPERATURE (F)
HIGHEST            74   01/10                  80  01/03
LOWEST             22   01/18                  29  01/08
AVG. MAXIMUM     59.7                        69.4
AVG. MINIMUM     39.0                        50.4
MEAN             49.4                        59.9
DAYS MAX >= 90      0                           0
DAYS MAX <= 32      0                           0
DAYS MIN <= 32     11                           2
DAYS MIN <= 0       0                           0

PRECIPITATION (INCHES)
TOTALS           1.69                        2.09
DAILY AVG.       0.05                        0.07
DAYS >= .01         8                           6
DAYS >= .10         3                           3
DAYS >= .50         1                           2
DAYS >= 1.00        0                           1
GREATEST
 24 HR. TOTAL    0.90   01/12                1.19

DEGREE_DAYS
HEATING TOTAL     480                         187
 SINCE 7/1        838                         446
COOLING TOTAL       3                          37
 SINCE 1/1          3                          37
..........................................................

WIND (MPH)
AVERAGE WIND SPEED              8.4
HIGHEST WIND SPEED/DIRECTION    25/020    DATE  01/01
HIGHEST GUST SPEED/DIRECTION    32/010    DATE  01/01

SKY COVER
AVERAGE SKY COVER           0.30

AVERAGE RH (PERCENT)     68

WEATHER CONDITIONS. NUMBER OF DAYS WITH
THUNDERSTORM              0     MIXED PRECIP               0
HEAVY RAIN                3     RAIN                       3
LIGHT RAIN                7     FREEZING RAIN              0
LT FREEZING RAIN          0     HAIL                       0
HEAVY SNOW                0     SNOW                       0
LIGHT SNOW                0     SLEET                      0
FOG                       9     FOG W/VIS <= 1/4 MILE      1
HAZE                      0

-  INDICATES NEGATIVE NUMBERS.
R  INDICATES RECORD WAS SET OR TIED.
MM INDICATES DATA IS MISSING.
T  INDICATES TRACE AMOUNT.

$$
