000
CXUS51 KPHI 011137
CLMABE


CLIMATE REPORT
NATIONAL WEATHER SERVICE MOUNT HOLLY NJ
737 AM EDT TUE SEP 1 2015

...................................

...THE ALLENTOWN CLIMATE SUMMARY FOR THE MONTH OF AUGUST 2015...

CLIMATE NORMAL PERIOD 1981 TO 2010
CLIMATE RECORD PERIOD 1922 TO 2015

WEATHER         OBSERVED          NORMAL  DEPART  LAST YEAR`S
                 VALUE   DATE(S)  VALUE   FROM    VALUE  DATE(S)
                                          NORMAL
................................................................
TEMPERATURE (F)
RECORD
 HIGH             105   08/07/1918
 LOW               41   08/30/1986
                        08/31/1934
HIGHEST            93                92       1       89
LOWEST             51                49       2       50
AVG. MAXIMUM     84.9              82.4     2.5     82.0
AVG. MINIMUM     60.7              60.9    -0.2     59.5
MEAN             72.8              71.7     1.1     70.8
DAYS MAX >= 90      6               3.0     3.0        0
DAYS MAX <= 32      0               0.0     0.0        0
DAYS MIN <= 32      0               0.0     0.0        0
DAYS MIN <= 0       0               0.0     0.0        0

PRECIPITATION (INCHES)
RECORD
 MAXIMUM        13.47   2011
 MINIMUM         0.76   1995
TOTALS           2.56              3.69   -1.13     1.97
DAILY AVG.       0.08              0.12   -0.04     0.06
DAYS >= .01         5               9.5    -4.5        9
DAYS >= .10         4               6.2    -2.2        6
DAYS >= .50         2               2.2    -0.2        0
DAYS >= 1.00        1               1.0     0.0        0
GREATEST
 24 HR. TOTAL    1.41   08/19 TO 08/20              0.78
                        08/20 TO 08/20
                        08/20 TO 08/21

SNOWFALL (INCHES)
RECORDS
 TOTAL             MM   5
 24 HR TOTAL       MM
TOTALS            0.0               0.0     0.0      0.0
SINCE 7/1         0.0               0.0     0.0      0.0
SNOWDEPTH AVG.      0                MM      MM        0
DAYS >= 1.0         0               0.0     0.0        0
GREATEST
 SNOW DEPTH         0   MM                             0  MM
 24 HR TOTAL      0.0   08/31 TO 08/31               0.0

DEGREE_DAYS
HEATING TOTAL       0                 8      -8        4
 SINCE 7/1          0                11     -11        4
COOLING TOTAL     248               214      34      187
 SINCE 1/1        887               679     208      687
.................................................................

WIND (MPH)
AVERAGE WIND SPEED              4.4
HIGHEST WIND SPEED/DIRECTION    22/270    DATE  08/04
HIGHEST GUST SPEED/DIRECTION    31/220    DATE  08/08

SKY COVER
POSSIBLE SUNSHINE (PERCENT)    0
AVERAGE SKY COVER           0.20
NUMBER OF DAYS FAIR           24
NUMBER OF DAYS PC              4
NUMBER OF DAYS CLOUDY          3

AVERAGE RH (PERCENT)     67

WEATHER CONDITIONS. NUMBER OF DAYS WITH
THUNDERSTORM              0     MIXED PRECIP               0
HEAVY RAIN                4     RAIN                       3
LIGHT RAIN                8     FREEZING RAIN              0
LT FREEZING RAIN          0     HEAVY SNOW                 0
SNOW                      0     LIGHT SNOW                 0
SLEET                     0     FOG                       13
FOG W/VIS <= 1/4 MILE     0     HAZE                       5

-  INDICATES NEGATIVE NUMBERS.
R  INDICATES RECORD WAS SET OR TIED.
MM INDICATES DATA IS MISSING.
T  INDICATES TRACE AMOUNT.

$$
