000
CXUS53 KABR 011258
CLMABR


CLIMATE REPORT
NATIONAL WEATHER SERVICE ABERDEEN SD
740 AM CDT SAT AUG 1 2015

...................................

...THE ABERDEEN SD CLIMATE SUMMARY FOR THE MONTH OF JULY 2015...

CLIMATE NORMAL PERIOD 1981 TO 2010
CLIMATE RECORD PERIOD 1893 TO 2015

WEATHER         OBSERVED          NORMAL  DEPART  LAST YEAR`S
                 VALUE   DATE(S)  VALUE   FROM    VALUE  DATE(S)
                                          NORMAL
................................................................
TEMPERATURE (F)
RECORD
 HIGH             115   07/09/1936
                        07/06/1936
 LOW               35   07/05/1915
HIGHEST            97   07/12        MM      MM       91  07/05
LOWEST             48   07/09        MM      MM       42  07/29
                        07/07
AVG. MAXIMUM     85.8              83.5     2.3     79.6
AVG. MINIMUM     59.5              59.0     0.5     55.0
MEAN             72.6              71.3     1.3     67.3
DAYS MAX >= 90      9               5.4     3.6        2
DAYS MAX <= 32      0               0.0     0.0        0
DAYS MIN <= 32      0               0.0     0.0        0
DAYS MIN <= 0       0               0.0     0.0        0

PRECIPITATION (INCHES)
RECORD
 MAXIMUM         7.71   1972
 MINIMUM         0.30   1975
TOTALS           4.06              3.02    1.04     0.70
DAYS >= .01        11               9.9     1.1        5
DAYS >= .10         6               6.0     0.0        4
DAYS >= .50         4               2.0     2.0        0
DAYS >= 1.00        1               0.7     0.3        0

SNOWFALL (INCHES)
RECORDS
 TOTAL             MM   MM
 SNOW DEPTH        MM   MM
TOTALS            0.0               0.0     0.0      0.0
SINCE 7/1         0.0               0.0     0.0      0.0
SNOWDEPTH AVG.      0                MM      MM        0
DAYS >= TRACE       0               0.0     0.0        0
DAYS >= 1.0         0               0.0     0.0        0
GREATEST
 SNOW DEPTH         0   MM                             0  MM

DEGREE_DAYS
HEATING TOTAL       5                14      -9       37
 SINCE 7/1          5                14      -9       37
COOLING TOTAL     249               208      41      114
 SINCE 1/1        402               323      79      202

FREEZE DATES
RECORD
 EARLIEST     MM
 LATEST       MM
EARLIEST                        MM
LATEST                          MM
.................................................................

WIND (MPH)
AVERAGE WIND SPEED              9.4
RESULTANT WIND SPEED/DIRECTION   3/191
HIGHEST WIND SPEED/DIRECTION    38/140    DATE  07/25
HIGHEST GUST SPEED/DIRECTION    52/260    DATE  07/05

SKY COVER
POSSIBLE SUNSHINE (PERCENT)   MM
AVERAGE SKY COVER           0.20
NUMBER OF DAYS FAIR           25
NUMBER OF DAYS PC              6
NUMBER OF DAYS CLOUDY          0

AVERAGE RH (PERCENT)     67

WEATHER CONDITIONS. NUMBER OF DAYS WITH
THUNDERSTORM              0     MIXED PRECIP               0
HEAVY RAIN                6     RAIN                       6
LIGHT RAIN               12     FREEZING RAIN              0
LT FREEZING RAIN          0     HAIL                       0
HEAVY SNOW                0     SNOW                       0
LIGHT SNOW                0     SLEET                      0
FOG                      16     FOG W/VIS <= 1/4 MILE      0
HAZE                     10

-  INDICATES NEGATIVE NUMBERS.
R  INDICATES RECORD WAS SET OR TIED.
MM INDICATES DATA IS MISSING.
T  INDICATES TRACE AMOUNT.

$$
