000
CXUS53 KABR 011514
CLMABR


CLIMATE REPORT
NATIONAL WEATHER SERVICE ABERDEEN SD
907 AM CST MON FEB 1 2016

...................................

...THE ABERDEEN SD CLIMATE SUMMARY FOR THE MONTH OF JANUARY 2016...

CLIMATE NORMAL PERIOD 1981 TO 2010
CLIMATE RECORD PERIOD 1893 TO 2016

WEATHER         OBSERVED          NORMAL  DEPART  LAST YEAR`S
                 VALUE   DATE(S)  VALUE   FROM    VALUE  DATE(S)
                                          NORMAL
................................................................
TEMPERATURE (F)
RECORD
 HIGH              63   01/05/2012
 LOW              -46   01/12/1912
HIGHEST            46   01/31        MM      MM       48  01/26
                        01/30                             01/18
                        01/29
LOWEST            -20   01/17        MM      MM      -19  01/12
AVG. MAXIMUM     26.4              22.5     3.9     28.6
AVG. MINIMUM      8.8               1.5     7.3      7.8
MEAN             17.6              12.0     5.6     18.2
DAYS MAX >= 90      0               0.0     0.0        0
DAYS MAX <= 32     23              22.6     0.4       16
DAYS MIN <= 32     30              30.9    -0.9       31
DAYS MIN <= 0       7              13.8    -6.8       10

PRECIPITATION (INCHES)
RECORD
 MAXIMUM         5.45   1897
 MINIMUM            T   1901
                        1900
                        1898
TOTALS           0.14              0.47   -0.33     0.68
DAYS >= .01         7               5.8     1.2        8
DAYS >= .10         0               1.5    -1.5        4
DAYS >= .50         0               0.0     0.0        0
DAYS >= 1.00        0               0.0     0.0        0

SNOWFALL (INCHES)
RECORDS
 TOTAL           26.2   1937
 SNOW DEPTH        30   01/18/1997
TOTALS            2.3               6.4    -4.1      4.6
SINCE 7/1        17.4              21.0    -3.6     13.4
SNOWDEPTH AVG.      3                 5      -2        1
DAYS >= TRACE      15               6.7     8.3        9
DAYS >= 1.0         1               1.8    -0.8        2
GREATEST
 SNOW DEPTH         4   01/27                          3  01/10
                        01/26                             01/09
                        01/25                             01/08

DEGREE_DAYS
HEATING TOTAL    1464              1643    -179     1441
 SINCE 7/1       4183              5134    -951     4800
COOLING TOTAL       0                 0       0        0
 SINCE 1/1          0                 0       0        0

FREEZE DATES
RECORD
 EARLIEST     MM
 LATEST       MM
EARLIEST                        MM
LATEST                          MM
.................................................................

WIND (MPH)
AVERAGE WIND SPEED              9.8
RESULTANT WIND SPEED/DIRECTION   2/276
HIGHEST WIND SPEED/DIRECTION    33/160    DATE  01/04
HIGHEST GUST SPEED/DIRECTION    40/160    DATE  01/04

SKY COVER
POSSIBLE SUNSHINE (PERCENT)   MM
AVERAGE SKY COVER           0.60
NUMBER OF DAYS FAIR            9
NUMBER OF DAYS PC              9
NUMBER OF DAYS CLOUDY         13

AVERAGE RH (PERCENT)     77

-  INDICATES NEGATIVE NUMBERS.
R  INDICATES RECORD WAS SET OR TIED.
MM INDICATES DATA IS MISSING.
T  INDICATES TRACE AMOUNT.

$$
