000
CXUS54 KFWD 010908
CLMACT

CLIMATE REPORT
NATIONAL WEATHER SERVICE FORT WORTH TX
305 AM CST FRI DEC 1 2017

...................................

...THE WACO CLIMATE SUMMARY FOR THE MONTH OF NOVEMBER 2017...

CLIMATE NORMAL PERIOD 1981 TO 2010
CLIMATE RECORD PERIOD 1901 TO 2017

WEATHER         OBSERVED          NORMAL  DEPART  LAST YEAR`S
                 VALUE   DATE(S)  VALUE   FROM    VALUE  DATE(S)
                                          NORMAL
................................................................
TEMPERATURE (F)
RECORD
 HIGH              92   11/02/2017
                        11/07/1988
                        11/04/1948
 LOW               17   11/29/1976
HIGHEST            92R  11/02        85       7       90  11/01
LOWEST             30   11/23        29       1       29  11/20
AVG. MAXIMUM     73.7              68.5     5.2     72.5
AVG. MINIMUM     51.0              46.5     4.5     51.9
MEAN             62.3              57.5     4.8     62.2
DAYS MAX >= 90      1               0.1     0.9        1
DAYS MAX <= 32      0               0.0     0.0        0
DAYS MAX >= 100     0                                  0
DAYS MIN <= 32      2               2.6    -0.6        2
DAYS MIN <= 0       0               0.0     0.0        0
DAYS MIN >= 80      0                                  0

PRECIPITATION (INCHES)
RECORD
 MAXIMUM        10.36   1902
 MINIMUM         0.00   1903
TOTALS           1.30              2.82   -1.52     4.36
DAILY AVG.       0.04              0.09   -0.05     0.15
DAYS >= .01         3               7.3    -4.3       12
DAYS >= .10         1               4.5    -3.5        7
DAYS >= .50         1               1.8    -0.8        3
DAYS >= 1.00        1               0.8     0.2        2
GREATEST
 24 HR. TOTAL    1.29   11/08 TO 11/09              1.23

SNOWFALL (INCHES)
RECORDS
 TOTAL            6.5   1937
 24 HR TOTAL      6.5   11/22/1937 TO 11/22/1937
TOTALS            0.0               0.1    -0.1      0.0
SINCE 7/1         0.0               0.1    -0.1      0.0
SNOWDEPTH AVG.      0                MM      MM        0
DAYS >= TRACE       0                                  0
DAYS >= 1.0         0               0.0     0.0        0
GREATEST
 SNOW DEPTH         0   MM                             0  MM

DEGREE_DAYS
HEATING TOTAL     160               261    -101      134
 SINCE 7/1        241               328     -87      143
COOLING TOTAL      88                36      52       56
 SINCE 1/1       3056              2792     264     3041
.................................................................

WIND (MPH)
AVERAGE WIND SPEED              9.1
HIGHEST WIND SPEED/DIRECTION    32/340    DATE  11/18
HIGHEST GUST SPEED/DIRECTION    42/340    DATE  11/18

SKY COVER
POSSIBLE SUNSHINE (PERCENT)   MM
AVERAGE SKY COVER           0.40
NUMBER OF DAYS FAIR           16
NUMBER OF DAYS PC              5
NUMBER OF DAYS CLOUDY          9

AVERAGE RH (PERCENT)     68

WEATHER CONDITIONS. NUMBER OF DAYS WITH
THUNDERSTORM              0     MIXED PRECIP               0
HEAVY RAIN                1     RAIN                       1
LIGHT RAIN                5     FREEZING RAIN              0
LT FREEZING RAIN          0     HAIL                       0
HEAVY SNOW                0     SNOW                       0
LIGHT SNOW                0     SLEET                      0
FOG                      11     FOG W/VIS <= 1/4 MILE      1
HAZE                      9

-  INDICATES NEGATIVE NUMBERS.
R  INDICATES RECORD WAS SET OR TIED.
MM INDICATES DATA IS MISSING.
T  INDICATES TRACE AMOUNT.

$$
