000
CXAK58 PADQ 011239
CLMADQ

CLIMATE REPORT
NATIONAL WEATHER SERVICE KODIAK, AK
339 AM AKST SUN MAR 1 2015

...................................

...THE KODIAK AP CLIMATE SUMMARY FOR THE MONTH OF FEBRUARY 2015...

CLIMATE NORMAL PERIOD 1981 TO 2010
CLIMATE RECORD PERIOD 1949 TO 2015

WEATHER         OBSERVED          NORMAL  DEPART  LAST YEAR`S
                 VALUE   DATE(S)  VALUE   FROM    VALUE  DATE(S)
                                          NORMAL
................................................................
TEMPERATURE (F)
RECORD
 HIGH              56   2/03/1957
 LOW              -12   2/02/1971
HIGHEST            45   2/28         44       1      51  2/28
LOWEST             17                 7      10       6  2/20
AVG. MAXIMUM       40.6              35.5     5.1    35.1
AVG. MINIMUM       30.3              26.1     4.2    24.9
MEAN               35.5              30.8     4.7    30.0
DAYS MAX >= 90      0                 0.0     0.0     0
DAYS MAX <= 32      1                 5.9    -4.9     8
DAYS MAX >= 80      0                 0.0     0.0     0
DAYS MAX >= 70      0                 0.0     0.0     0
DAYS MIN <= 32     17                19.3    -2.3    17
DAYS MIN <= 0       0                 0.5    -0.5     0

PRECIPITATION (INCHES)
RECORD
 MAXIMUM           12.43   1977
 MINIMUM            1.41   1956
TOTALS              8.79              6.14    2.65    6.95
DAILY AVG.          0.31              0.22    0.09    0.25
DAYS >= .01        19                17.3     1.7    15
DAYS >= .10        14                11.2     2.8    10
DAYS >= .50         5                 4.5     0.5     4
DAYS >= 1.0         4                 1.3     2.7     2
GREATEST
 24 HR TOTAL        2.32   2/20                       2.51  2/26

SNOWFALL (INCHES)
RECORDS
 TOTAL             52.0   2002
 24 HR TOTAL       19.0   2-23-1992
 SNOW DEPTH        70     2-20-1995
TOTALS             10.2              15.1    -4.9     7.0
SINCE 7/1          15.4              53.1   -37.7    31.0
SNOWDEPTH AVG.      0                 1      -1       0
DAYS >= TRACE       5                15.1   -10.1    15
DAYS >= 1.0         3                 3.9    -0.9     3
DAYS >= 6.0         0                 0.4    -0.4     0
GREATEST
 SNOW DEPTH         6   2/08                          1  2/20
 24 HR TOTAL      4.5   2/08                        2.2  2/07

DEGREE_DAYS
HEATING TOTAL     884               959     -75    1037
 SINCE 7/1       4983              5873    -890    5351
COOLING TOTAL       0                 0       0       0
 SINCE 1/1          0                 0       0       0
................................................................

WIND (MPH)
AVERAGE WIND SPEED               10.5
HIGHEST WIND SPEED/DIRECTION     41/040    DATE   02/15
HIGHEST GUST SPEED/DIRECTION     54/060    DATE   02/15

SKY COVER
POSSIBLE SUNSHINE (PERCENT)   MM
AVERAGE SKY COVER             MM
NUMBER OF DAYS FAIR           MM
NUMBER OF DAYS PC             MM
NUMBER OF DAYS CLOUDY         MM

AVERAGE RH (PERCENT)     MM

WEATHER CONDITIONS. NUMBER OF DAYS WITH
THUNDERSTORM              0     ICE PELLETS                 0
RAIN                     20     GLAZE                       0
DRIZZLE                   0     HAIL                        0
SNOW                      4     HAZE                        0
FOG                      19     FOG W/VIS <= 1/4 MILE       1
BLOWING SNOW              2


-  INDICATES NEGATIVE NUMBERS.
R  INDICATES RECORD WAS SET OR TIED.
MM INDICATES DATA IS MISSING.
T  INDICATES TRACE AMOUNT.

&&


$$
LRM MAR 15
