000
CXUS52 KCAE 012353 AAA
CLMAGS

CLIMATE REPORT
NATIONAL WEATHER SERVICE COLUMBIA SC
736 PM EDT TUE SEP 1 2015

...................................

...THE AUGUSTA BUSH FIELD GA CLIMATE SUMMARY FOR THE MONTH OF AUGUST 2015...

CLIMATE NORMAL PERIOD 1981 TO 2010
CLIMATE RECORD PERIOD 1873 TO 2015

WEATHER         OBSERVED          NORMAL  DEPART
                 VALUE   DATE(S)  VALUE   FROM
                                          NORMAL
................................................
TEMPERATURE (F)
RECORD
 HIGH             108   08/10/2007
                        08/21/1983
                        08/21/1983
 LOW               52   08/08/2004
HIGHEST           100   08/04        MM      MM
LOWEST             63   08/26        MM      MM
AVG. MAXIMUM     91.4              91.8    -0.4
AVG. MINIMUM     69.8              69.3     0.5
MEAN             80.6              80.5     0.1
DAYS MAX >= 90     23              20.1     2.9
DAYS MAX <= 32      0               0.0     0.0
DAYS MIN <= 32      0               0.0     0.0
DAYS MIN <= 0       0               0.0     0.0

PRECIPITATION (INCHES)
RECORD
 MAXIMUM        12.53   1915
 MINIMUM         0.49   1925
TOTALS           3.74              4.32   -0.58
DAILY AVG.       0.12              0.14   -0.02
DAYS >= .01        12              10.3     1.7
DAYS >= .10         8               7.1     0.9
DAYS >= .50         3               2.8     0.2
DAYS >= 1.00        0               1.3    -1.3
GREATEST
 24 HR. TOTAL    0.87   08/11 TO 08/11
 STORM TOTAL       MM
 (MM/DD(HH))            MM

SNOWFALL (INCHES)
RECORDS
 TOTAL             MM   MM
TOTALS            0.0               0.0     0.0
SINCE 7/1         0.0               0.0     0.0
DAYS >= TRACE       0               0.0     0.0
DAYS >= 1.0         0               0.0     0.0
GREATEST
 SNOW DEPTH         0   MM

DEGREE_DAYS
HEATING TOTAL       0                 0       0
 SINCE 7/1          0                 0       0
COOLING TOTAL     491               482       9
 SINCE 1/1       1913              1688     225

FREEZE DATES
RECORD
 EARLIEST     MM
 LATEST       MM
EARLIEST                        MM
LATEST                          MM
.................................................

WIND (MPH)
AVERAGE WIND SPEED              3.8
RESULTANT WIND SPEED/DIRECTION   1/143
HIGHEST WIND SPEED/DIRECTION    38/200    DATE  08/06
HIGHEST GUST SPEED/DIRECTION    50/200    DATE  08/06

SKY COVER
POSSIBLE SUNSHINE (PERCENT)   MM
AVERAGE SKY COVER           0.30
NUMBER OF DAYS FAIR           18
NUMBER OF DAYS PC             12
NUMBER OF DAYS CLOUDY          1

AVERAGE RH (PERCENT)     74

WEATHER CONDITIONS. NUMBER OF DAYS WITH
THUNDERSTORM             10     MIXED PRECIP               0
HEAVY RAIN                6     RAIN                       6
LIGHT RAIN               15     FREEZING RAIN              0
LT FREEZING RAIN          0     HAIL                       0
HEAVY SNOW                0     SNOW                       0
LIGHT SNOW                0     SLEET                      0
FOG                      26     FOG W/VIS <= 1/4 MILE      1
HAZE                      6

-  INDICATES NEGATIVE NUMBERS.
R  INDICATES RECORD WAS SET OR TIED.
MM INDICATES DATA IS MISSING.
T  INDICATES TRACE AMOUNT.

$$
