000
CXUS42 KFFC 011311
CLMAHN


CLIMATE REPORT
NATIONAL WEATHER SERVICE PEACHTREE CITY GA
911 AM EDT SAT OCT 1 2016

...................................

...THE ATHENS CLIMATE SUMMARY FOR THE MONTH OF SEPTEMBER 2016...

CLIMATE NORMAL PERIOD 1981 TO 2010
CLIMATE RECORD PERIOD 1898 TO 2016

WEATHER         OBSERVED          NORMAL  DEPART  LAST YEAR`S
                 VALUE   DATE(S)  VALUE   FROM    VALUE  DATE(S)
                                          NORMAL
................................................................
TEMPERATURE (F)
RECORD
 HIGH             108   09/08/1925
 LOW               30   09/24/1928
HIGHEST            96   09/08        MM      MM       94  09/04
LOWEST             50   09/30        MM      MM       50  09/14
AVG. MAXIMUM     90.0              84.0     6.0     82.7
AVG. MINIMUM     65.4              62.7     2.7     64.0
MEAN             77.7              73.3     4.4     73.3
DAYS MAX >= 90     20               5.3    14.7        4
DAYS MAX <= 32      0               0.0     0.0        0
DAYS MIN <= 32      0               0.0     0.0        0
DAYS MIN <= 0       0               0.0     0.0        0

PRECIPITATION (INCHES)
RECORD
 MAXIMUM        11.84   2004
 MINIMUM         0.17   2005
TOTALS           1.22              3.94   -2.72     3.48
DAILY AVG.       0.04              0.13   -0.09     0.12
GREATEST
 24 HR. TOTAL    0.90   09/17 TO 09/18           09/24 TO 09/25
                        09/18 TO 09/18                    09/30 TO 09/30
                        09/18 TO 09/19                    09/30 TO 09/30

DEGREE_DAYS
HEATING TOTAL       0                10     -10        2
 SINCE 7/1          0                10     -10        2
COOLING TOTAL     386               260     126      259
 SINCE 1/1       2300              1815     485     2056
.................................................

WIND (MPH)
AVERAGE WIND SPEED              3.0
HIGHEST WIND SPEED/DIRECTION    16/060    DATE  09/02
HIGHEST GUST SPEED/DIRECTION    26/060    DATE  09/02

SKY COVER
POSSIBLE SUNSHINE (PERCENT)   MM
AVERAGE SKY COVER           0.20
NUMBER OF DAYS FAIR           26
NUMBER OF DAYS PC              3
NUMBER OF DAYS CLOUDY          1

AVERAGE RH (PERCENT)     70

WEATHER CONDITIONS. NUMBER OF DAYS WITH
THUNDERSTORM              0     MIXED PRECIP               0
HEAVY RAIN                3     RAIN                       1
LIGHT RAIN                6     FREEZING RAIN              0
LT FREEZING RAIN          0     HAIL                       0
HEAVY SNOW                0     SNOW                       0
LIGHT SNOW                0     SLEET                      0
FOG                      10     FOG W/VIS <= 1/4 MILE      1
HAZE                      1

-  INDICATES NEGATIVE NUMBERS.
R  INDICATES RECORD WAS SET OR TIED.
MM INDICATES DATA IS MISSING.
T  INDICATES TRACE AMOUNT.

$$
