000
CXUS54 KBMX 022152
CLMANB


CLIMATE REPORT
NATIONAL WEATHER SERVICE BIRMINGHAM, AL
451 PM CDT MON OCT 2 2017

...................................

...THE ANNISTON CLIMATE SUMMARY FOR THE MONTH OF SEPTEMBER 2017...

CLIMATE NORMAL PERIOD 1981 TO 2010
CLIMATE RECORD PERIOD 1903 TO 2017

WEATHER         OBSERVED          NORMAL  DEPART  LAST YEAR`S
                 VALUE   DATE(S)  VALUE   FROM    VALUE  DATE(S)
                                          NORMAL
................................................................
TEMPERATURE (F)
RECORD
 HIGH             101   09/01/1957
                        09/06/1954
                        09/04/1954
 LOW               34   09/30/1967
HIGHEST            91   09/22        MM      MM       99  09/15
LOWEST             48   09/07        MM      MM       47  09/30
AVG. MAXIMUM     83.5              84.1    -0.6     92.1
AVG. MINIMUM     61.9              62.9    -1.0     66.5
MEAN             72.7                               79.3
DAYS MAX >= 90      4               5.2    -1.2       23
DAYS MAX <= 32      0               0.0     0.0        0
DAYS MIN <= 32      0               0.0     0.0        0
DAYS MIN <= 0       0               0.0     0.0        0

PRECIPITATION (INCHES)
RECORD
 MAXIMUM         7.91   2002
 MINIMUM         0.09   1947
TOTALS           3.98              2.93    1.05     0.61
DAILY AVG.       0.13              0.10    0.03
DAYS >= .01         6               7.3    -1.3
DAYS >= .10         3               4.6    -1.6
DAYS >= .50         2               1.8     0.2
DAYS >= 1.00        1               1.0     0.0

DEGREE_DAYS
HEATING TOTAL       9                11      -2        2
 SINCE 7/1          9                11      -2        2
COOLING TOTAL     247               266     -19      438
 SINCE 1/1       1813              1783      30     2262
.................................................................

WIND (MPH)
AVERAGE WIND SPEED              4.1
HIGHEST WIND SPEED/DIRECTION    28/300    DATE  09/05
HIGHEST GUST SPEED/DIRECTION    43/300    DATE  09/05

AVERAGE RH (PERCENT)     72

WEATHER CONDITIONS. NUMBER OF DAYS WITH
THUNDERSTORM              0     MIXED PRECIP               0
HEAVY RAIN                2     RAIN                       3
LIGHT RAIN                7     FREEZING RAIN              0
LT FREEZING RAIN          0     HAIL                       0
HEAVY SNOW                0     SNOW                       0
LIGHT SNOW                0     SLEET                      0
FOG                      20     FOG W/VIS <= 1/4 MILE      3
HAZE                      1

-  INDICATES NEGATIVE NUMBERS.
R  INDICATES RECORD WAS SET OR TIED.
MM INDICATES DATA IS MISSING.
T  INDICATES TRACE AMOUNT.

$$
