000
CXUS52 KMFL 011715
CLMAPF


CLIMATE REPORT
NATIONAL WEATHER SERVICE MIAMI, FL
110 PM EDT MON MAY 1 2017

...................................

...THE NAPLES CLIMATE SUMMARY FOR THE MONTH OF APRIL 2017...

CLIMATE NORMAL PERIOD 1981 TO 2010
CLIMATE RECORD PERIOD 1942 TO 2017

WEATHER         OBSERVED          NORMAL  DEPART  LAST YEAR`S
                 VALUE   DATE(S)  VALUE   FROM    VALUE  DATE(S)
                                          NORMAL
................................................................
TEMPERATURE (F)
RECORD
 HIGH              95   04/29/2017
                        04/14/1965
                        08/04/1944
 LOW               39   04/08/1971
HIGHEST            95R  04/29                         91  04/30
LOWEST             54   04/08                         55  04/10
AVG. MAXIMUM     86.3              83.2     3.1     84.9
AVG. MINIMUM     67.0              63.4     3.6     66.0
MEAN             76.6              73.3     3.3     75.4
DAYS MAX >= 90      4                                  1
DAYS MAX <= 32      0                                  0
DAYS MIN <= 32      0                                  0
DAYS MIN <= 0       0                                  0

PRECIPITATION (INCHES)
RECORD
 MAXIMUM         7.73   1997
 MINIMUM         0.00   1970
                        1967
                        1946
TOTALS           0.97              2.36   -1.39     0.47
DAILY AVG.       0.03              0.08   -0.05     0.02
DAYS >= .01         5                                  4
DAYS >= .10         3                                  3
DAYS >= .50         0                                  0
DAYS >= 1.00        0                                  0
GREATEST
 24 HR. TOTAL    0.39   04/22 TO 04/22              0.19

DEGREE_DAYS
HEATING TOTAL       0                 4      -4        0
 SINCE 7/1         67               260    -193      142
COOLING TOTAL     354               253     101      322
 SINCE 1/1        874               620     254      744
.................................................................

WIND (MPH)
AVERAGE WIND SPEED              9.7
HIGHEST WIND SPEED/DIRECTION    25/150    DATE  04/03
HIGHEST GUST SPEED/DIRECTION    33/150    DATE  04/03

SKY COVER
POSSIBLE SUNSHINE (PERCENT)   MM
AVERAGE SKY COVER           0.40
NUMBER OF DAYS FAIR           15
NUMBER OF DAYS PC             14
NUMBER OF DAYS CLOUDY          1

AVERAGE RH (PERCENT)     67

WEATHER CONDITIONS. NUMBER OF DAYS WITH
THUNDERSTORM              0     MIXED PRECIP               0
HEAVY RAIN                2     RAIN                       3
LIGHT RAIN                6     FREEZING RAIN              0
LT FREEZING RAIN          0     HAIL                       0
HEAVY SNOW                0     SNOW                       0
LIGHT SNOW                0     SLEET                      0
FOG                      10     FOG W/VIS <= 1/4 MILE      0
HAZE                     13

-  INDICATES NEGATIVE NUMBERS.
R  INDICATES RECORD WAS SET OR TIED.
MM INDICATES DATA IS MISSING.
T  INDICATES TRACE AMOUNT.

$$
