000
CXUS43 KLOT 011436
CLMARR


CLIMATE REPORT
NATIONAL WEATHER SERVICE CHICAGO IL
917 AM CDT FRI JUL 1 2016

...................................

...THE AURORA MUNICIPAL AIRPORT CLIMATE SUMMARY FOR THE MONTH OF JUNE 2016...

CLIMATE NORMAL PERIOD 1981 TO 2010
CLIMATE RECORD PERIOD 1998 TO 2016

WEATHER         OBSERVED          NORMAL  DEPART  LAST YEAR`S
                 VALUE   DATE(S)  VALUE   FROM    VALUE
                                          NORMAL
.............................................................
TEMPERATURE (F)
RECORD
 HIGH              98   06/28/2012
 LOW               15   06/09/2007
HIGHEST            92   06/11        MM      MM       93
                        06/10
LOWEST             49   06/29        MM      MM       42
                        06/08
AVG. MAXIMUM     82.8              80.1     2.7     78.9
AVG. MINIMUM     59.4              57.5     1.9     59.4
MEAN             71.1              68.8     2.3     69.2

PRECIPITATION (INCHES)
RECORD
 MAXIMUM         8.96   2014
 MINIMUM         1.09   2012
TOTALS           3.50              4.01   -0.51     8.69

DEGREE_DAYS
HEATING TOTAL       8                41     -33       18
 SINCE 7/1       5461              6775   -1314     7023
COOLING TOTAL     200               155      45      151
 SINCE 1/1        282               196      86      220
..............................................................

WIND (MPH)
AVERAGE WIND SPEED              7.5
HIGHEST WIND SPEED/DIRECTION    31/270    DATE  06/06
HIGHEST GUST SPEED/DIRECTION    40/280    DATE  06/06

AVERAGE RH (PERCENT)     68


-  INDICATES NEGATIVE NUMBERS.
R  INDICATES RECORD WAS SET OR TIED.
MM INDICATES DATA IS MISSING.
T  INDICATES TRACE AMOUNT.

$$
