997
CXUS51 KBUF 011500
CLMART


CLIMATE REPORT
NATIONAL WEATHER SERVICE BUFFALO NY
1057 AM EDT FRI SEP 1 2017

...................................

...THE WATERTOWN NY CLIMATE SUMMARY FOR THE MONTH OF AUGUST 2017...

CLIMATE NORMAL PERIOD 1981 TO 2010
CLIMATE RECORD PERIOD 1949 TO 2017

WEATHER         OBSERVED          NORMAL  DEPART  LAST YEAR`S
                 VALUE   DATE(S)  VALUE   FROM    VALUE  DATE(S)
                                          NORMAL
................................................................
TEMPERATURE (F)
RECORD
 HIGH              96   08/19/1955
 LOW               30   08/27/1969
HIGHEST            85   08/18                         91  08/05
                        08/04
LOWEST             40   08/31                         49  08/23
                                                          08/22
AVG. MAXIMUM     76.5              78.0    -1.5     83.2
AVG. MINIMUM     56.0              56.3    -0.3     61.1
MEAN             66.2              67.1    -0.9     72.2
DAYS MAX >= 90      0               0.5    -0.5        4
DAYS MAX <= 32      0               0.0     0.0        0
DAYS MIN <= 32      0               0.0     0.0        0
DAYS MIN <= 0       0               0.0     0.0        0

PRECIPITATION (INCHES)
RECORD
 MAXIMUM         7.70   1981
 MINIMUM         0.55   1960
TOTALS           4.10              3.15    0.95     4.03
DAYS >= .01         8              10.2    -2.2        9
DAYS >= .10         5               6.2    -1.2        6
DAYS >= .50         3               2.0     1.0        3
DAYS >= 1.00        1               0.6     0.4        2
GREATEST
 24 HR. TOTAL    2.12   08/22 TO 08/22

DEGREE_DAYS
HEATING TOTAL      59                46      13        6
 SINCE 7/1         70                72      -2       11
COOLING TOTAL     107               112      -5      235
 SINCE 1/1        330               324       6      514
..................................................

WIND (MPH)
AVERAGE WIND SPEED              6.0
HIGHEST WIND SPEED/DIRECTION    33/230
HIGHEST GUST SPEED/DIRECTION    42/230    DATE  08/22

SKY COVER
POSSIBLE SUNSHINE (PERCENT)   MM
AVERAGE SKY COVER           0.30
NUMBER OF DAYS FAIR           19
NUMBER OF DAYS PC             10
NUMBER OF DAYS CLOUDY          2

AVERAGE RH (PERCENT)     77

WEATHER CONDITIONS. NUMBER OF DAYS WITH
THUNDERSTORM              7     MIXED PRECIP               0
HEAVY RAIN                4     RAIN                       8
LIGHT RAIN               10     FREEZING RAIN              0
LT FREEZING RAIN          0     HAIL                       0
HEAVY SNOW                0     SNOW                       0
LIGHT SNOW                0     SLEET                      0
FOG                      22     FOG W/VIS <= 1/4 MILE      6
HAZE                      8

-  INDICATES NEGATIVE NUMBERS.
R  INDICATES RECORD WAS SET OR TIED.
MM INDICATES DATA IS MISSING.
T  INDICATES TRACE AMOUNT.

$$
