000
CXUS54 KEWX 011723 CCA
CLMATT

CLIMATE REPORT
NATIONAL WEATHER SERVICE AUSTIN/SAN ANTONIO, TX
1223 PM CDT SUN OCT 1 2017

...................................

...THE AUSTIN CAMP MABRY CLIMATE SUMMARY FOR THE MONTH OF SEPTEMBER 2017...

CLIMATE NORMAL PERIOD 1981 TO 2010
CLIMATE RECORD PERIOD 1897 TO 2017

WEATHER         OBSERVED          NORMAL  DEPART  LAST YEAR`S
                 VALUE   DATE(S)  VALUE   FROM    VALUE  DATE(S)
                                          NORMAL
................................................................
TEMPERATURE (F)
HIGHEST            96   09/21                         99  09/20
                        09/20                             09/19
                        09/05
LOWEST             57   09/07                         60  09/30
AVG. MAXIMUM     90.1              90.5    -0.4     92.4
AVG. MINIMUM     69.8              69.4     0.4     72.6
MEAN             79.9              80.0    -0.1     82.5
DAYS MAX >= 90     19                                 24
DAYS MAX <= 32      0                                  0
DAYS MIN <= 32      0                                  0
DAYS MIN <= 0       0                                  0

PRECIPITATION (INCHES)
TOTALS           2.03              2.99   -0.96     2.09
DAILY AVG.       0.07              0.10   -0.03     0.07
DAYS >= .01         5                                  7
DAYS >= .10         2                                  2
DAYS >= .50         1                                  2
DAYS >= 1.00        1                                  1
GREATEST
 24 HR. TOTAL    1.62   09/26 TO 09/26

SNOWFALL (INCHES)
TOTALS            0.0               0.0     0.0      0.0
SINCE 7/1         0.0

DEGREE_DAYS
HEATING TOTAL       0                 2      -2        0
 SINCE 7/1          0                 2      -2        0
COOLING TOTAL     453               450       3      531
 SINCE 1/1       3279              2844     435     3025
.................................................................

WIND (MPH)
AVERAGE WIND SPEED              4.2
HIGHEST WIND SPEED/DIRECTION    18/130    DATE  09/21
HIGHEST GUST SPEED/DIRECTION    32/130    DATE  09/21

SKY COVER
POSSIBLE SUNSHINE (PERCENT)   MM
AVERAGE SKY COVER           0.30
NUMBER OF DAYS FAIR           18
NUMBER OF DAYS PC             10
NUMBER OF DAYS CLOUDY          2

AVERAGE RH (PERCENT)     65

WEATHER CONDITIONS. NUMBER OF DAYS WITH
THUNDERSTORM              0     MIXED PRECIP               0
HEAVY RAIN                1     RAIN                       3
LIGHT RAIN                8     FREEZING RAIN              0
LT FREEZING RAIN          0     HAIL                       0
HEAVY SNOW                0     SNOW                       0
LIGHT SNOW                0     SLEET                      0
FOG                      11     FOG W/VIS <= 1/4 MILE      1
HAZE                      0

-  INDICATES NEGATIVE NUMBERS.
R  INDICATES RECORD WAS SET OR TIED.
MM INDICATES DATA IS MISSING.
T  INDICATES TRACE AMOUNT.

&&

MONTHLY CLIMATE SUMMARY:
SEPTEMBER 2017 WAS THE 48TH WARMEST AND 75TH WETTEST SEPTEMBER
SINCE RECORD KEEPING BEGAN.

SEA LEVEL PRESSURE DATA:
HIGHEST SLP 30.17 INCHES ON THE 9TH
LOWEST SLP 29.73 INCHES ON THE 13TH

PRELIMINARY LOCAL CLIMATOLOGICAL DATA (WS FORM: F-6)

                                          STATION:   AUSTIN CAMP MABRY
                                          MONTH:     SEPTEMBER
                                          YEAR:      2017
                                          LATITUDE:   30 17 N
                                          LONGITUDE:  97 42 W

  TEMPERATURE IN F:       :PCPN:    SNOW:  WIND      :SUNSHINE: SKY     :PK WND
================================================================================
1   2   3   4   5  6A  6B    7    8   9   10  11  12  13   14  15   16   17  18
                                     12Z  AVG MX 2MIN
DY MAX MIN AVG DEP HDD CDD  WTR  SNW DPTH SPD SPD DIR MIN PSBL S-S WX    SPD DR
================================================================================

 1  94  68  81  -3   0  16 0.00  0.0    0  1.6  8  90   M    M   1        10  40
 2  94  69  82  -2   0  17 0.00  0.0    0  2.3 12 140   M    M   1        16 140
 3  92  70  81  -3   0  16 0.00  0.0    0  2.7  9 150   M    M   0        13 150
 4  92  71  82  -1   0  17 0.00  0.0    0  2.1 12 140   M    M   0 1      16 140
 5  96  72  84   1   0  19 0.00  0.0    0  2.7 14  30   M    M   0        23  30
 6  87  67  77  -6   0  12 0.00  0.0    0  6.3 14  20   M    M   3        23  30
 7  85  57  71 -11   0   6 0.00  0.0    0  2.7 13 100   M    M   0        16 100
 8  85  59  72 -10   0   7 0.00  0.0    0  3.1 10 130   M    M   0        14 120
 9  87  63  75  -7   0  10 0.00  0.0    0  3.0  8  80   M    M   0        15  50
10  86  66  76  -6   0  11 0.00  0.0    0  3.7 12  10   M    M   1        17  90
11  87  61  74  -7   0   9 0.00  0.0    0  3.1 13 360   M    M   1        19 360
12  93  63  78  -3   0  13 0.00  0.0    0  3.3 10 300   M    M   0        15 360
13  93  63  78  -3   0  13 0.00  0.0    0  3.0  9 130   M    M   0        15 160
14  94  74  84   4   0  19 0.00  0.0    0  6.3 13 150   M    M   3        20 160
15  92  73  83   3   0  18 0.00  0.0    0  5.7 12 170   M    M   3 1      19 160
16  93  75  84   4   0  19 0.00  0.0    0  4.7 10 150   M    M   4        17 170
17  93  72  83   3   0  18 0.00  0.0    0  4.2 10 120   M    M   3        17 200
18  95  75  85   6   0  20 0.00  0.0    0  4.2 12 150   M    M   3        19 160
19  95  77  86   7   0  21 0.00  0.0    0  5.9 13 150   M    M   5 1      21 150
20  96  77  87   8   0  22 0.00  0.0    0  6.5 14 130   M    M   4        22 170
21  96  75  86   8   0  21 0.02  0.0    0  6.1 18 130   M    M   6        32 130
22  91  75  83   5   0  18    T  0.0    0  5.8 14 130   M    M   5 1      22 130
23  90  73  82   4   0  17 0.00  0.0    0  4.7 13 120   M    M   4 1      18 130
24  90  74  82   5   0  17    T  0.0    0  6.1 15 140   M    M   5 1      26 130
25  91  74  83   6   0  18    T  0.0    0  5.3 14 120   M    M   6 1      20 130
26  83  71  77   0   0  12 1.62  0.0    0  3.7  9 230   M    M   8 12     16 220
27  85  71  78   1   0  13 0.09  0.0    0  3.0  9  30   M    M   7 1      17  40
28  84  73  79   3   0  14 0.06  0.0    0  4.8  9 350   M    M   9 1      15  10
29  76  70  73  -3   0   8 0.24  0.0    0  5.8  9  20   M    M   6 1      17 360
30  87  66  77   1   0  12 0.00  0.0    0  4.1 10  20   M    M   0        17  10
================================================================================
SM 2702 2094         0 453  2.03     0.0 126.5          M       88
================================================================================
AV 90.1 69.8                               4.2 FASTST   M    M   3    MAX(MPH)
                                 MISC ---->  # 18 130               # 32  130
================================================================================
NOTES:
# LAST OF SEVERAL OCCURRENCES

COLUMN 17 PEAK WIND IN M.P.H.

SYMBOLS USED IN COLUMN 16
1 = FOG OR MIST
2 = FOG REDUCING VISIBILITY
3 = THUNDER
4 = ICE PELLETS
5 = HAIL
6 = FREEZING RAIN OR DRIZZLE
7 = DUSTSTORM OR SANDSTORM:
8 = SMOKE OR HAZE
9 = BLOWING SNOW
X = TORNADO

$$
