000
CXUS54 KEWX 011711
CLMATT

CLIMATE REPORT
NATIONAL WEATHER SERVICE AUSTIN/SAN ANTONIO, TX
1111 AM CST SUN JAN 1 2017

...................................

...THE AUSTIN CAMP MABRY CLIMATE SUMMARY FOR THE MONTH OF DECEMBER 2016...

CLIMATE NORMAL PERIOD 1981 TO 2010
CLIMATE RECORD PERIOD 1897 TO 2016

WEATHER         OBSERVED          NORMAL  DEPART  LAST YEAR`S
                 VALUE   DATE(S)  VALUE   FROM    VALUE  DATE(S)
                                          NORMAL
................................................................
TEMPERATURE (F)
HIGHEST            84   12/26                         81  12/23
LOWEST             23   12/19                         34  12/18
AVG. MAXIMUM     63.5              62.7     0.8     68.5
AVG. MINIMUM     46.5              42.3     4.2     45.7
MEAN             55.0              52.5     2.5     57.1
DAYS MAX >= 90      0                                  0
DAYS MAX <= 32      0                                  0
DAYS MIN <= 32      2                                  0
DAYS MIN <= 0       0                                  0

PRECIPITATION (INCHES)
TOTALS           2.54              2.40    0.14     3.00
DAILY AVG.       0.08              0.08    0.00     0.10
DAYS >= .01         6                                  5
DAYS >= .10         4                                  3
DAYS >= .50         2                                  2
DAYS >= 1.00        1                                  2
GREATEST
 24 HR. TOTAL    1.37   12/02 TO 12/03

SNOWFALL (INCHES)
TOTALS            0.0                 T     0.0      0.0
SINCE 7/1         0.0

DEGREE_DAYS
HEATING TOTAL     341               400     -59      259
 SINCE 7/1        401               612    -211      419
COOLING TOTAL      40                13      27       20
 SINCE 1/1       3490              3139     351     3384
.................................................................

WIND (MPH)
AVERAGE WIND SPEED              4.6
HIGHEST WIND SPEED/DIRECTION    21/360    DATE  12/18
HIGHEST GUST SPEED/DIRECTION    35/330    DATE  12/18

SKY COVER
POSSIBLE SUNSHINE (PERCENT)   MM
AVERAGE SKY COVER           0.60
NUMBER OF DAYS FAIR            6
NUMBER OF DAYS PC             11
NUMBER OF DAYS CLOUDY         14

AVERAGE RH (PERCENT)     69

WEATHER CONDITIONS. NUMBER OF DAYS WITH
THUNDERSTORM              0     MIXED PRECIP               0
HEAVY RAIN                4     RAIN                       4
LIGHT RAIN               11     FREEZING RAIN              0
LT FREEZING RAIN          0     HAIL                       0
HEAVY SNOW                0     SNOW                       0
LIGHT SNOW                0     SLEET                      0
FOG                      16     FOG W/VIS <= 1/4 MILE      3
HAZE                      1

-  INDICATES NEGATIVE NUMBERS.
R  INDICATES RECORD WAS SET OR TIED.
MM INDICATES DATA IS MISSING.
T  INDICATES TRACE AMOUNT.

&&

MONTHLY CLIMATE SUMMARY:
DECEMBER 2016 WAS THE 20TH WARMEST AND THE 57TH WETTEST SINCE RECORD
KEEPING BEGAN.

SEA LEVEL PRESSURE DATA
HIGHEST SLP 30.76 INCHES ON THE 19TH
LOWEST  SLP 29.64 INCHES ON THE 17TH

PRELIMINARY LOCAL CLIMATOLOGICAL DATA (WS FORM: F-6)

                                          STATION:   AUSTIN CAMP MABRY
                                          MONTH:     DECEMBER
                                          YEAR:      2016
                                          LATITUDE:   30 17 N
                                          LONGITUDE:  97 42 W

  TEMPERATURE IN F:       :PCPN:    SNOW:  WIND      :SUNSHINE: SKY     :PK WND
================================================================================
1   2   3   4   5  6A  6B    7    8   9   10  11  12  13   14  15   16   17  18
                                     12Z  AVG MX 2MIN
DY MAX MIN AVG DEP HDD CDD  WTR  SNW DPTH SPD SPD DIR MIN PSBL S-S WX    SPD DR
================================================================================

 1  69  37  53  -2  12   0 0.00  0.0    0  3.4 12 150   M    M   0        16 140
 2  64  51  58   3   7   0 0.22  0.0    0  3.5 10 100   M    M   8 1      17 100
 3  52  49  51  -4  14   0 1.29  0.0    0  5.7 12 310   M    M   9 1      21  60
 4  53  49  51  -4  14   0 0.37  0.0    0  5.6 13 360   M    M  10 1      19  40
 5  52  47  50  -4  15   0 0.63  0.0    0  3.2 10  10   M    M  10 1      17  20
 6  58  43  51  -3  14   0 0.00  0.0    0  4.4 17 320   M    M   4 12     27 330
 7  56  39  48  -6  17   0 0.00  0.0    0  2.8 13  10   M    M   7 1      19  20
 8  52  36  44 -10  21   0 0.00  0.0    0 10.3 21  10   M    M   9        32  20
 9  46  33  40 -13  25   0 0.00  0.0    0  4.5 12 360   M    M  10        18 360
10  52  35  44  -9  21   0 0.00  0.0    0  3.2  9 150   M    M   9 1      15 160
11  67  50  59   6   6   0 0.02  0.0    0  3.9 14 210   M    M  10 12     25 200
12  67  46  57   4   8   0 0.00  0.0    0  2.9 10 330   M    M   0        17 330
13  77  50  64  11   1   0 0.00  0.0    0  3.8 14  30   M    M   6 1      22  20
14  57  43  50  -2  15   0 0.00  0.0    0  4.0 12  40   M    M   6        17  50
15  54  45  50  -2  15   0 0.00  0.0    0  4.6 12  20   M    M  10 18     20  30
16  67  51  59   7   6   0 0.00  0.0    0  5.2 12 200   M    M  10 1      21 210
17  76  34  55   3  10   0 0.00  0.0    0  5.6 21 360   M    M   8 1      35 350
18  37  26  32 -20  33   0 0.00  0.0    0 12.3 21 360   M    M   6        35 330
19  45  23  34 -18  31   0 0.00  0.0    0  4.8 13 360   M    M   0        21 360
20  59  35  47  -5  18   0 0.00  0.0    0  1.6  7 180   M    M   7        11 200
21  71  43  57   5   8   0 0.00  0.0    0  3.8 12 220   M    M   0        19 190
22  68  50  59   8   6   0 0.00  0.0    0  4.4 12 360   M    M   2        19 320
23  68  52  60   9   5   0 0.01  0.0    0  0.9  7 150   M    M  10 12     10 150
24  78  65  72  21   0   7    T  0.0    0  7.0 17 150   M    M   9 1      28 150
25  80  68  74  23   0   9 0.00  0.0    0  9.2 17 160   M    M   8        32 150
26  84  70  77  26   0  12    T  0.0    0  3.5 12 150   M    M   7        20 160
27  76  62  69  18   0   4    T  0.0    0  1.2  7  30   M    M   7        11  30
28  83  62  73  22   0   8 0.00  0.0    0  2.7 12 220   M    M   5 1      20 210
29  70  49  60   9   5   0 0.00  0.0    0  8.5 18  20   M    M   0        30  30
30  55  49  52   1  13   0    T  0.0    0  4.4 12 140   M    M   7        16 120
31  77  51  64  13   1   0    T  0.0    0  2.8 10 220   M    M   6 1      18 220
================================================================================
SM 1970 1443       341  40  2.54     0.0 143.7          M      200
================================================================================
AV 63.6 46.6                               4.6 FASTST   M    M   6    MAX(MPH)
                                 MISC ---->  # 21  10               # 35  350
================================================================================
NOTES:
# LAST OF SEVERAL OCCURRENCES

COLUMN 17 PEAK WIND IN M.P.H.

SYMBOLS USED IN COLUMN 16
1 = FOG OR MIST
2 = FOG REDUCING VISIBILITY
3 = THUNDER
4 = ICE PELLETS
5 = HAIL
6 = FREEZING RAIN OR DRIZZLE
7 = DUSTSTORM OR SANDSTORM:
8 = SMOKE OR HAZE
9 = BLOWING SNOW
X = TORNADO

$$
