000
CXUS54 KEWX 012326
CLMATT

CLIMATE REPORT
NATIONAL WEATHER SERVICE AUSTIN/SAN ANTONIO, TX
526 PM CST THU DEC 1 2016

...................................

...THE AUSTIN CAMP MABRY CLIMATE SUMMARY FOR THE MONTH OF NOVEMBER 2016...

CLIMATE NORMAL PERIOD 1981 TO 2010
CLIMATE RECORD PERIOD 1897 TO 2016

WEATHER         OBSERVED          NORMAL  DEPART  LAST YEAR`S
                 VALUE   DATE(S)  VALUE   FROM    VALUE  DATE(S)
                                          NORMAL
................................................................
TEMPERATURE (F)
HIGHEST            91R  11/01                         85  11/11
                                                          11/05
LOWEST             35   11/20                         32  11/23
AVG. MAXIMUM     75.6              71.4     4.2     70.3
AVG. MINIMUM     55.7              50.6     5.1     52.6
MEAN             65.7              61.0     4.7     61.5
DAYS MAX >= 90      1                                  0
DAYS MAX <= 32      0                                  0
DAYS MIN <= 32      0                                  1
DAYS MIN <= 0       0                                  0

PRECIPITATION (INCHES)
TOTALS           3.11              2.96    0.15     3.73
DAILY AVG.       0.10              0.10    0.00     0.12
DAYS >= .01        11                                 11
DAYS >= .10         7                                  5
DAYS >= .50         1                                  3
DAYS >= 1.00        1                                  2
GREATEST
 24 HR. TOTAL    1.07   11/03 TO 11/03

SNOWFALL (INCHES)
TOTALS            0.0               0.0     0.0      0.0
SINCE 7/1         0.0

DEGREE_DAYS
HEATING TOTAL      59               181    -122      156
 SINCE 7/1         60               212    -152      160
COOLING TOTAL      86                61      25       59
 SINCE 1/1       3450              3126     324     3364
.................................................................

WIND (MPH)
AVERAGE WIND SPEED              3.7
HIGHEST WIND SPEED/DIRECTION    17/300    DATE  11/28
HIGHEST GUST SPEED/DIRECTION    29/340    DATE  11/18

SKY COVER
POSSIBLE SUNSHINE (PERCENT)   MM
AVERAGE SKY COVER           0.50
NUMBER OF DAYS FAIR           14
NUMBER OF DAYS PC              5
NUMBER OF DAYS CLOUDY         11

AVERAGE RH (PERCENT)     72

WEATHER CONDITIONS. NUMBER OF DAYS WITH
THUNDERSTORM              0     MIXED PRECIP               0
HEAVY RAIN                7     RAIN                       7
LIGHT RAIN               13     FREEZING RAIN              0
LT FREEZING RAIN          0     HAIL                       0
HEAVY SNOW                0     SNOW                       0
LIGHT SNOW                0     SLEET                      0
FOG                      16     FOG W/VIS <= 1/4 MILE      1
HAZE                      2

-  INDICATES NEGATIVE NUMBERS.
R  INDICATES RECORD WAS SET OR TIED.
MM INDICATES DATA IS MISSING.
T  INDICATES TRACE AMOUNT.

&&

MONTHLY CLIMATE SUMMARY:
NOVEMBER 2016 WAS THE 4TH WARMEST AND 33RD WETTEST NOVMEBER
SINCE RECORD KEEPING BEGAN IN AUSTIN.

SEA LEVEL PRESSURE DATA:
HIGHEST SLP 30.63 INCHES ON THE 19TH
LOWEST SLP 29.52 INCHES ON THE 28TH

PRELIMINARY LOCAL CLIMATOLOGICAL DATA (WS FORM: F-6)

                                          STATION:   AUSTIN CAMP MABRY
                                          MONTH:     NOVEMBER
                                          YEAR:      2016
                                          LATITUDE:   30 17 N
                                          LONGITUDE:  97 42 W

  TEMPERATURE IN F:       :PCPN:    SNOW:  WIND      :SUNSHINE: SKY     :PK WND
================================================================================
1   2   3   4   5  6A  6B    7    8   9   10  11  12  13   14  15   16   17  18
                                     12Z  AVG MX 2MIN
DY MAX MIN AVG DEP HDD CDD  WTR  SNW DPTH SPD SPD DIR MIN PSBL S-S WX    SPD DR
================================================================================

 1  91  71  81  15   0  16 0.33  0.0    0  4.8 15 120   M    M   7 13     22 140
 2  88  73  81  15   0  16 0.01  0.0    0  5.6 12 110   M    M   8 1      17 150
 3  80  68  74   8   0   9 1.07  0.0    0  4.5 16 300   M    M   9 13     25 350
 4  73  68  71   6   0   6 0.00  0.0    0  3.7  8  10   M    M  10 18     11 360
 5  72  63  68   3   0   3 0.24  0.0    0  1.9  7 100   M    M   9 18     12 110
 6  76  59  68   3   0   3 0.07  0.0    0  2.0 12 340   M    M   9 1      20 310
 7  71  61  66   2   0   1 0.08  0.0    0  1.9  7 100   M    M   9 1      12  80
 8  69  62  66   2   0   1 0.49  0.0    0  4.1 10  10   M    M   9 13     16  30
 9  65  60  63  -1   2   0 0.17  0.0    0  6.3 10  10   M    M  10 1      17  20
10  71  56  64   1   1   0 0.00  0.0    0  2.5  8  10   M    M   3        12  20
11  74  55  65   2   0   0    T  0.0    0  1.9  8 290   M    M   3 1      12 320
12  77  57  67   5   0   2 0.00  0.0    0  3.6  9 350   M    M   1 1      13 340
13  76  54  65   3   0   0 0.00  0.0    0  1.6  7 160   M    M   1        12 200
14  82  56  69   7   0   4 0.00  0.0    0  1.9  9 230   M    M   1 12     16 230
15  86  59  73  12   0   8 0.00  0.0    0  2.1  8 310   M    M   0        14 290
16  86  55  71  10   0   6 0.00  0.0    0  3.2  9 200   M    M   0        18 170
17  82  58  70  10   0   5 0.00  0.0    0  6.5 15 160   M    M   4 1      26 150
18  79  52  66   6   0   1    T  0.0    0  6.8 17 340   M    M   6        29 340
19  63  41  52  -8  13   0 0.00  0.0    0  5.3 13 360   M    M   0        22 360
20  67  35  51  -8  14   0 0.00  0.0    0  2.2 10 150   M    M   0        15 130
21  77  44  61   2   4   0 0.00  0.0    0  4.5 13 150   M    M   0        21 220
22  76  62  69  11   0   4 0.49  0.0    0  4.9 13 140   M    M   9 13     23 130
23  73  51  62   4   3   0 0.13  0.0    0  3.1 14  10   M    M   3 1      24  10
24  76  46  61   3   4   0 0.00  0.0    0  1.1  8 150   M    M   1        12 130
25  66  55  61   4   4   0 0.03  0.0    0  3.7 10  10   M    M   8 1      14 360
26  70  53  62   5   3   0 0.00  0.0    0  1.6  7 130   M    M   7         9 150
27  76  56  66   9   0   1 0.00  0.0    0  6.1 14 180   M    M   9        26 180
28  79  51  65   9   0   0 0.00  0.0    0  6.1 17 300   M    M   4        28 300
29  79  49  64   8   1   0 0.00  0.0    0  2.6  8 350   M    M   2        12 310
30  67  42  55  -1  10   0 0.00  0.0    0  3.6 13 360   M    M   0        20 340
================================================================================
SM 2267 1672        59  86  3.11     0.0 109.7          M      142
================================================================================
AV 75.6 55.7                               3.7 FASTST   M    M   5    MAX(MPH)
                                 MISC ---->  # 17 340               # 29  340
================================================================================
NOTES:
# LAST OF SEVERAL OCCURRENCES

COLUMN 17 PEAK WIND IN M.P.H.

SYMBOLS USED IN COLUMN 16
1 = FOG OR MIST
2 = FOG REDUCING VISIBILITY
3 = THUNDER
4 = ICE PELLETS
5 = HAIL
6 = FREEZING RAIN OR DRIZZLE
7 = DUSTSTORM OR SANDSTORM:
8 = SMOKE OR HAZE
9 = BLOWING SNOW
X = TORNADO

$$
