000
CXUS52 KGSP 011434
CLMAVL

CLIMATE REPORT
NATIONAL WEATHER SERVICE GREENVILLE-SPARTANBURG SC
1034 AM EDT MON MAY 1 2017

...................................

...THE ASHEVILLE CLIMATE SUMMARY FOR THE MONTH OF APRIL 2017...

CLIMATE NORMAL PERIOD 1981 TO 2010
CLIMATE RECORD PERIOD 1869 TO 2017

WEATHER         OBSERVED          NORMAL  DEPART  LAST YEAR`S
                 VALUE   DATE(S)  VALUE   FROM    VALUE  DATE(S)
                                          NORMAL
................................................................
TEMPERATURE (F)
RECORD
 HIGH              90   04/18/1896
 LOW               20   04/07/2007
                        04/05/1944
                        04/01/1923
HIGHEST            84   04/29        MM      MM       84  04/28
LOWEST             32   04/09        MM      MM       27  04/10
AVG. MAXIMUM     71.2              67.7     3.5     69.4
AVG. MINIMUM     50.1              42.8     7.3     44.2
MEAN             60.6              55.2     5.4     56.8
DAYS MAX >= 90      0               0.0     0.0        0
DAYS MAX <= 32      0               0.0     0.0        0
DAYS MIN <= 32      1               3.1    -2.1        2
DAYS MIN <= 0       0               0.0     0.0        0

PRECIPITATION (INCHES)
RECORD
 MAXIMUM         8.70   1998
 MINIMUM         0.25   1976
TOTALS           7.65              3.33    4.32     2.50
DAILY AVG.       0.25              0.11    0.14     0.08
DAYS >= .01        17              10.2     6.8        7
DAYS >= .10        11               6.3     4.7        6
DAYS >= .50         5               2.5     2.5        2
DAYS >= 1.00        4               0.8     3.2        1
GREATEST
 24 HR. TOTAL    2.12   04/22 TO 04/23           04/30 TO 04/30
                                                          04/30 TO 04/30
                                                          04/30 TO 04/30
 STORM TOTAL       MM                                 MM
 (MM/DD(HH))            MM                    04/30(00) TO 04/30(00)
                                                 04/30(00) TO 04/30(00)0
                                                 04/30(00) TO 04/30(00)0

SNOWFALL (INCHES)
RECORDS
 TOTAL           11.5   1987
 24 HR TOTAL     11.5   04/03/1987 TO 04/03/1987
 SNOW DEPTH        12   04/04/1987
TOTALS            0.0               0.7    -0.7      0.0
 LIQUID EQUIV    0.00              0.10   -0.10     0.00
SINCE 7/1         9.4               9.9    -0.5     13.9
 LIQUID 7/1      0.94              1.00   -0.06     1.39
SNOWDEPTH AVG.      0                MM      MM        0
DAYS >= TRACE       0               0.3    -0.3        0
DAYS >= 1.0         0               0.2    -0.2        0
GREATEST
 SNOW DEPTH         0   MM                             0  MM
 24 HR TOTAL      0.0   MM                       04/30 TO 04/30
                                                          04/30 TO 04/30
                                                          04/30 TO 04/30
 STORM TOTAL       MM                                 MM
 (MM/DD(HH))            MM                    04/30(00) TO 04/30(00)
                                                 04/30(00) TO 04/30(00)0
                                                 04/30(00) TO 04/30(00)0

DEGREE_DAYS
HEATING TOTAL     152               300    -148      255
 SINCE 7/1       3053              4072   -1019     3363
COOLING TOTAL      28                 7      21       16
 SINCE 1/1         28                 8      20       16

FREEZE DATES
RECORD
 EARLIEST     MM
 LATEST       MM
EARLIEST                        MM
LATEST                          MM
.................................................

WIND (MPH)
AVERAGE WIND SPEED              6.3
HIGHEST WIND SPEED/DIRECTION    32/340    DATE  04/22
HIGHEST GUST SPEED/DIRECTION    43/340    DATE  04/22

SKY COVER
POSSIBLE SUNSHINE (PERCENT)   MM
AVERAGE SKY COVER           0.40
NUMBER OF DAYS FAIR           12
NUMBER OF DAYS PC             12
NUMBER OF DAYS CLOUDY          6

AVERAGE RH (PERCENT)     65

WEATHER CONDITIONS. NUMBER OF DAYS WITH
THUNDERSTORM              7     MIXED PRECIP               0
HEAVY RAIN                7     RAIN                       9
LIGHT RAIN               17     FREEZING RAIN              0
LT FREEZING RAIN          0     HAIL                       0
HEAVY SNOW                0     SNOW                       0
LIGHT SNOW                0     SLEET                      0
FOG                      17     FOG W/VIS <= 1/4 MILE      5
HAZE                      2

-  INDICATES NEGATIVE NUMBERS.
R  INDICATES RECORD WAS SET OR TIED.
MM INDICATES DATA IS MISSING.
T  INDICATES TRACE AMOUNT.

$$

OUTLAW
