000
CXUS51 KBGM 010620
CLMAVP


CLIMATE REPORT
NATIONAL WEATHER SERVICE BINGHAMTON NY
218 AM EDT SUN MAY 1 2016

...................................

...THE AVOCA PA CLIMATE SUMMARY FOR THE MONTH OF APRIL 2016...

CLIMATE NORMAL PERIOD 1981 TO 2010
CLIMATE RECORD PERIOD 1901 TO 2016

WEATHER         OBSERVED          NORMAL  DEPART  LAST YEAR`S
                 VALUE   DATE(S)  VALUE   FROM    VALUE  DATE(S)
                                          NORMAL
................................................................
TEMPERATURE (F)
RECORD
 HIGH              94   04/18/1896
 LOW               14   04/07/1982
HIGHEST            78   04/18        58      20       80  04/18
LOWEST             20   04/05        38     -18       22  04/01
AVG. MAXIMUM     59.0              59.1    -0.1     60.7
AVG. MINIMUM     36.4              38.2    -1.8     38.6
MEAN             47.7              48.6    -0.9     49.7
DAYS MAX >= 90      0               0.1    -0.1        0
DAYS MAX <= 32      0               0.1    -0.1        0
DAYS MIN <= 32      9               7.2     1.8        7
DAYS MIN <= 0       0               0.0     0.0        0

PRECIPITATION (INCHES)
RECORD
 MAXIMUM         9.56   1983
 MINIMUM         0.96   1997
TOTALS           2.69              3.33   -0.64     2.88
DAILY AVG.       0.09              0.11   -0.02     0.10
DAYS >= .01        12              12.3    -0.3       12
DAYS >= .10         5               7.3    -2.3        7
DAYS >= .50         1               2.1    -1.1        1
DAYS >= 1.00        1               0.6     0.4        1
GREATEST
 24 HR. TOTAL    1.34   04/07 TO 04/07

SNOWFALL (INCHES)
RECORDS
 TOTAL           26.7   1983
 24 HR TOTAL     10.0   04/16/2007 TO 04/16/2007
TOTALS            2.2               3.3    -1.1        T
SINCE 7/1        15.5              46.2   -30.7     51.4
DAYS >= TRACE       5               1.7     3.3        4
DAYS >= 1.0         1               0.6     0.4        0
GREATEST
 24 HR TOTAL      2.2   MM

DEGREE_DAYS
HEATING TOTAL     510               496      14      452
 SINCE 7/1       4711              5973   -1262     6144
COOLING TOTAL       1                 6      -5        0
 SINCE 1/1          1                 6      -5        0
.................................................................

WIND (MPH)
AVERAGE WIND SPEED              7.4
RESULTANT WIND SPEED/DIRECTION   2/324
HIGHEST WIND SPEED/DIRECTION    37/310    DATE  04/03
HIGHEST GUST SPEED/DIRECTION    48/320    DATE  04/03

SKY COVER
POSSIBLE SUNSHINE (PERCENT)   MM
AVERAGE SKY COVER           0.40
NUMBER OF DAYS FAIR           13
NUMBER OF DAYS PC             10
NUMBER OF DAYS CLOUDY          7

AVERAGE RH (PERCENT)     52

WEATHER CONDITIONS. NUMBER OF DAYS WITH
THUNDERSTORM              0     MIXED PRECIP               0
HEAVY RAIN                2     RAIN                       4
LIGHT RAIN               14     FREEZING RAIN              0
LT FREEZING RAIN          0     HAIL                       0
HEAVY SNOW                2     SNOW                       3
LIGHT SNOW                5     SLEET                      0
FOG                      10     FOG W/VIS <= 1/4 MILE      4
HAZE                      7

-  INDICATES NEGATIVE NUMBERS.
R  INDICATES RECORD WAS SET OR TIED.
MM INDICATES DATA IS MISSING.
T  INDICATES TRACE AMOUNT.

$$
