000
CXUS51 KOKX 011718
CLMBDR

NYCCLMBDR 000
TTAA00 KOKX 011712


CLIMATE REPORT
NATIONAL WEATHER SERVICE NEW YORK NY
1218 PM EST SUN FEB 1 2015

...................................

...THE BRIDGEPORT CT CLIMATE SUMMARY FOR THE MONTH OF JANUARY 2015...

CLIMATE NORMAL PERIOD 1981 TO 2010
CLIMATE RECORD PERIOD 1948 TO 2015

WEATHER         OBSERVED          NORMAL  DEPART  LAST YEAR`S
                 VALUE   DATE(S)  VALUE   FROM    VALUE  DATE(S)
                                          NORMAL
................................................................
TEMPERATURE (F)
RECORD
 HIGH              68   01/06/2007
                        01/29/2002
 LOW               -7   01/22/1984
HIGHEST            54   01/04        MM      MM       55  01/11
LOWEST              4   01/08        MM      MM        2  01/22
AVG. MAXIMUM     35.2              37.1    -1.9     34.5
AVG. MINIMUM     20.4              23.0    -2.6     19.4
MEAN             27.8              30.1    -2.3     27.0
DAYS MAX >= 90      0               0.0     0.0        0
DAYS MAX <= 32     12               8.5     3.5       13
DAYS MIN <= 32     28              25.0     3.0       28
DAYS MIN <= 0       0               0.3    -0.3        0

PRECIPITATION (INCHES)
RECORD
 MAXIMUM        11.20   1979
 MINIMUM         0.40   1970
TOTALS           4.11              3.10    1.01     2.78
DAILY AVG.       0.13              0.10    0.03     0.09
DAYS >= .01        10              10.9    -0.9       13
DAYS >= .10         9               6.3     2.7        7
DAYS >= .50         4               2.0     2.0        2
DAYS >= 1.00        1               0.5     0.5        0
GREATEST
 24 HR. TOTAL    1.28   01/18 TO 01/18           01/11 TO 01/12

 STORM TOTAL       MM                                 MM
 (MM/DD(HH))            MM

SNOWFALL (INCHES)
TOTALS           18.7               7.7    11.0     13.4
 LIQUID EQUIV    1.87              0.80    1.07     1.34
SINCE 7/1        19.6              13.5     6.1     24.3
 LIQUID 7/1      1.96              1.40    0.56     2.43
SNOWDEPTH AVG.      1                 3      -2        1
DAYS >= TRACE      10               4.8     5.2       10
DAYS >= 1.0         6               2.5     3.5        4
GREATEST
 SNOW DEPTH         7   01/28                          7  01/22
 24 HR TOTAL      5.5   01/24 TO 01/24           01/21 TO 01/21

 STORM TOTAL       MM                                 MM
 (MM/DD(HH))            MM

DEGREE_DAYS
HEATING TOTAL    1145              1083      62     1170
 SINCE 7/1       2849              2976    -127     3044
COOLING TOTAL       0                 0       0        0
 SINCE 1/1          0                 0       0        0
..................................................

WIND (MPH)
AVERAGE WIND SPEED              10.6
HIGHEST WIND SPEED/DIRECTION    36/310    DATE  01/31
HIGHEST GUST SPEED/DIRECTION    50/320    DATE  01/31


WEATHER CONDITIONS. NUMBER OF DAYS WITH
THUNDERSTORM              0     MIXED PRECIP               0
HEAVY RAIN                2     RAIN                       4
LIGHT RAIN                5     FREEZING RAIN              0
LT FREEZING RAIN          0     HAIL                       0
HEAVY SNOW                0     SNOW                       3
LIGHT SNOW                9     SLEET                      1
FOG                      11     FOG W/VIS <= 1/4 MILE      2
HAZE                      8

-  INDICATES NEGATIVE NUMBERS.
R  INDICATES RECORD WAS SET OR TIED.
MM INDICATES DATA IS MISSING.
T  INDICATES TRACE AMOUNT.

$$
