000
CXUS55 KVEF 011125
CLMBIH

CLIMATE REPORT
NATIONAL WEATHER SERVICE LAS VEGAS, NV
414 AM PDT TUE APR 1 2014

...................................

...THE BISHOP CA CLIMATE SUMMARY FOR THE MONTH OF MARCH 2014...

CLIMATE NORMAL PERIOD 1981 TO 2010
CLIMATE RECORD PERIOD 1943 TO 2014

WEATHER         OBSERVED          NORMAL  DEPART  LAST YEAR`S
                 VALUE   DATE(S)  VALUE   FROM    VALUE  DATE(S)
                                          NORMAL
................................................................
TEMPERATURE (F)
RECORD
 HIGH              87   03/31/1966
 LOW                9   03/01/2007
                        03/02/1971
                        03/01/1969
HIGHEST            78   03/16        64      14       MM  MM
LOWEST             24   03/19        30      -6       MM  MM
AVG. MAXIMUM     68.1              65.5     2.6       MM
AVG. MINIMUM     33.2              31.2     2.0       MM
MEAN             50.7              48.3     2.4       MM
DAYS MAX >= 90      0               0.0     0.0       MM
DAYS MAX <= 32      0               0.0     0.0       MM
DAYS MIN <= 32     14              16.4    -2.4       MM
DAYS MIN <= 0       0               0.0     0.0       MM

PRECIPITATION (INCHES)
RECORD
 MAXIMUM         2.94   1991
 MINIMUM         0.00   2008
                        1997
                        1990
TOTALS           0.04              0.53   -0.49       MM
DAILY AVG.       0.00              0.02   -0.02       MM
DAYS >= .01         2               2.9    -0.9       MM
DAYS >= .10         0               1.3    -1.3       MM
DAYS >= .50         0               0.2    -0.2       MM
DAYS >= 1.00        0               0.1    -0.1       MM
GREATEST
 24 HR. TOTAL    0.03   03/30 TO 03/30

SNOWFALL (INCHES)
RECORDS
 TOTAL           14.5   1952
 24 HR TOTAL      7.5
TOTALS            0.0               0.9    -0.9       MM
SINCE 7/1         0.5
SNOWDEPTH AVG.      0
DAYS >= TRACE       0
DAYS >= 1.0         0
GREATEST
 SNOW DEPTH         0
 24 HR TOTAL      0.0   03/29 TO 03/29
 STORM TOTAL       MM
 (MM/DD(HH))

DEGREE_DAYS
HEATING TOTAL     435               516     -81       MM
 SINCE 7/1       3385              3723    -338       MM
COOLING TOTAL       0                 0       0       MM
 SINCE 1/1          0                 0       0       MM

FREEZE DATES
RECORD
 EARLIEST     09/20/1986
 LATEST       06/07/1988
EARLIEST                        10/15
LATEST                          05/03
.................................................................

WIND (MPH)
AVERAGE WIND SPEED              8.5
HIGHEST WIND SPEED/DIRECTION    32/270    DATE  03/25
HIGHEST GUST SPEED/DIRECTION    45/360    DATE  03/30

SKY COVER
POSSIBLE SUNSHINE (PERCENT)   MM
AVERAGE SKY COVER           0.10
NUMBER OF DAYS FAIR           29
NUMBER OF DAYS PC              2
NUMBER OF DAYS CLOUDY          0

AVERAGE RH (PERCENT)     38

WEATHER CONDITIONS. NUMBER OF DAYS WITH
THUNDERSTORM              0     MIXED PRECIP               0
HEAVY RAIN                0     RAIN                       0
LIGHT RAIN                4     FREEZING RAIN              0
LT FREEZING RAIN          0     HAIL                       0
HEAVY SNOW                0     SNOW                       0
LIGHT SNOW                0     SLEET                      0
FOG                       0     FOG W/VIS <= 1/4 MILE      0
HAZE                      2

-  INDICATES NEGATIVE NUMBERS.
R  INDICATES RECORD WAS SET OR TIED.
MM INDICATES DATA IS MISSING.
T  INDICATES TRACE AMOUNT.

$$
