000
CXUS53 KDVN 010852
CLMBRL


CLIMATE REPORT
NATIONAL WEATHER SERVICE QUAD CITIES IA IL
245 AM CST THU FEB 1 2018

...................................

...THE BURLINGTON IA CLIMATE SUMMARY FOR THE MONTH OF JANUARY 2018...

CLIMATE NORMAL PERIOD 1981 TO 2010
CLIMATE RECORD PERIOD 1897 TO 2018

WEATHER         OBSERVED          NORMAL  DEPART
                 VALUE   DATE(S)  VALUE   FROM
                                          NORMAL
................................................
TEMPERATURE (F)
RECORD
 HIGH              70   01/31/1989
 LOW              -24   01/14/1957
HIGHEST            57   01/26        36      21
LOWEST            -17   01/02        17     -34
AVG. MAXIMUM     32.9              34.4    -1.5
AVG. MINIMUM     14.4              17.2    -2.8
MEAN             23.6              25.8    -2.2
DAYS MAX >= 90      0
DAYS MAX <= 32     13
DAYS MIN <= 32     26
DAYS MIN <= 0       9

PRECIPITATION (INCHES)
TOTALS           0.61              1.24   -0.63
DAILY AVG.       0.02              0.04   -0.02
DAYS >= .01         6
DAYS >= .10         1
DAYS >= .50         0
DAYS >= 1.00        0
GREATEST
 24 HR. TOTAL    0.39   01/11 TO 01/11

DEGREE_DAYS
HEATING TOTAL    1273              1215      58
 SINCE 7/1       3471              3401      70
COOLING TOTAL       0                 0       0
 SINCE 1/1          0                 0       0
.................................................

WIND (MPH)
AVERAGE WIND SPEED              10.0
HIGHEST WIND SPEED/DIRECTION    29/200    DATE  01/26
HIGHEST GUST SPEED/DIRECTION    38/190    DATE  01/10

SKY COVER
POSSIBLE SUNSHINE (PERCENT)   MM
AVERAGE SKY COVER           0.40
NUMBER OF DAYS FAIR           12
NUMBER OF DAYS PC             13
NUMBER OF DAYS CLOUDY          6

AVERAGE RH (PERCENT)     70

WEATHER CONDITIONS. NUMBER OF DAYS WITH
THUNDERSTORM              0     HAIL                       0
SLEET                     0     FOG                       14
FOG W/VIS <= 1/4 MILE     1     HAZE                      10

-  INDICATES NEGATIVE NUMBERS.
R  INDICATES RECORD WAS SET OR TIED.
MM INDICATES DATA IS MISSING.
T  INDICATES TRACE AMOUNT.

NOTE: SUPPLEMENTAL CLIMATE DATA WAS USED FROM A NEARBY
CLIMATOLOGICALLY REPRESENTATIVE STATION.

$$
