000
CXUS51 KBTV 012256
CLMBTV

CLIMATE REPORT
NATIONAL WEATHER SERVICE BURLINGTON VT
906 AM EST MON DEC 1 2014

...................................

...THE BURLINGTON VT CLIMATE SUMMARY FOR THE MONTH OF NOVEMBER 2014...

CLIMATE NORMAL PERIOD 1981 TO 2010
CLIMATE RECORD PERIOD 1884 TO 2014

WEATHER         OBSERVED          NORMAL  DEPART  LAST YEAR`S
                 VALUE   DATE(S)  VALUE   FROM    VALUE  DATE(S)
                                          NORMAL
................................................................
TEMPERATURE (F)
RECORD
 HIGH              75   11/02/1950
                        11/06/1948
 LOW               -3   11/26/1938
HIGHEST            67   11/24        44      23       MM  MM
LOWEST             12   11/29        30     -18       MM  MM
AVG. MAXIMUM     44.6              45.5    -0.9       MM
AVG. MINIMUM     31.9              30.9     1.0       MM
MEAN             38.2              38.2     0.0       MM
DAYS MAX >= 90      0               0.0     0.0       MM
DAYS MAX <= 32      4               2.5     1.5       MM
DAYS MIN <= 32     16              16.5    -0.5       MM
DAYS MIN <= 0       0               0.0     0.0       MM

PRECIPITATION (INCHES)
RECORD
 MAXIMUM        10.13   1927
 MINIMUM         0.52   1904
TOTALS           1.98              3.13   -1.15       MM
DAILY AVG.       0.07              0.10   -0.03       MM
DAYS >= .01        15              14.0     1.0       MM
DAYS >= .10         5               7.2    -2.2       MM
DAYS >= .50         0               1.9    -1.9       MM
DAYS >= 1.00        0               0.4    -0.4       MM
GREATEST
 24 HR. TOTAL    0.52   11/06 TO 11/07                MM
 STORM TOTAL       MM                                 MM
 (MM/DD(HH))            MM                                MM

SNOWFALL (INCHES)
RECORDS
 TOTAL           30.0   5
                        0
                        -26215
TOTALS           10.6               5.1     5.5       MM
SINCE 7/1        10.6               5.4     5.2       MM
SNOWDEPTH AVG.      1                MM      MM       MM
DAYS >= 1.0         2               1.6     0.4       MM
GREATEST
 SNOW DEPTH         5   11/29                         MM  MM
                        11/28
                        11/27
 24 HR TOTAL      7.6   MM                            MM

DEGREE_DAYS
HEATING TOTAL     795               804      -9       MM
 SINCE 7/1       1325              1545    -220       MM
COOLING TOTAL       0                 0       0       MM
 SINCE 1/1        582               491      91       MM
.................................................................

WIND (MPH)
AVERAGE WIND SPEED              10.5
HIGHEST WIND SPEED/DIRECTION    31/330    DATE  11/02
HIGHEST GUST SPEED/DIRECTION    40/210    DATE  11/22

SKY COVER
POSSIBLE SUNSHINE (PERCENT)   MM
AVERAGE SKY COVER           0.70
NUMBER OF DAYS FAIR            2
NUMBER OF DAYS PC             12
NUMBER OF DAYS CLOUDY         16

AVERAGE RH (PERCENT)     61

WEATHER CONDITIONS. NUMBER OF DAYS WITH
THUNDERSTORM              0     MIXED PRECIP               0
HEAVY RAIN                0     RAIN                       1
LIGHT RAIN               11     FREEZING RAIN              0
LT FREEZING RAIN          0     HAIL                       0
HEAVY SNOW                0     SNOW                       2
LIGHT SNOW               11     SLEET                      1
FOG                      10     FOG W/VIS <= 1/4 MILE      0
HAZE                      2

-  INDICATES NEGATIVE NUMBERS.
R  INDICATES RECORD WAS SET OR TIED.
MM INDICATES DATA IS MISSING.
T  INDICATES TRACE AMOUNT.

$$
