000
CXUS53 KLMK 161212
CLMBWG

CLIMATE REPORT
NATIONAL WEATHER SERVICE LOUISVILLE KY
710 AM EST FRI JAN 16 2015

...................................

...THE BOWLING GREEN CLIMATE SUMMARY FOR THE MONTH OF DECEMBER 2014...

CLIMATE NORMAL PERIOD 1981 TO 2010
CLIMATE RECORD PERIOD 1870 TO 2015

WEATHER         OBSERVED          NORMAL  DEPART  LAST YEAR`S
                 VALUE   DATE(S)  VALUE   FROM    VALUE  DATE(S)
                                          NORMAL
................................................................
TEMPERATURE (F)
RECORD
 HIGH              78   12/03/1982
 LOW              -14   12/22/1989
HIGHEST            64   12/05        MM      MM       74  12/21
LOWEST             22   12/31        MM      MM       15  12/12
                        12/21
                        12/12
AVG. MAXIMUM     49.1              47.9     1.2     47.6
AVG. MINIMUM     34.2              29.2     5.0     30.0
MEAN             41.7              38.6     3.1     38.8
DAYS MAX >= 90      0               0.0     0.0        0
DAYS MAX <= 32      0               2.4    -2.4        3
DAYS MIN <= 32     13              19.2    -6.2       21
DAYS MIN <= 0       0               0.3    -0.3        0

PRECIPITATION (INCHES)
RECORD
 MAXIMUM        13.17   1978
 MINIMUM         0.87   1925
TOTALS           1.69              4.80   -3.11     5.01
DAILY AVG.       0.05              0.15   -0.10     0.16
DAYS >= .01        13              11.5     1.5        9
DAYS >= .10         6               7.6    -1.6        8
DAYS >= .50         1               3.1    -2.1        3
DAYS >= 1.00        0               1.4    -1.4        2
GREATEST
 24 HR. TOTAL    0.82   12/05 TO 12/06

SNOWFALL (INCHES)
RECORDS
 TOTAL            8.3   2010
TOTALS              T               1.2    -1.2      0.1
SINCE 7/1         0.3               1.2    -0.9      1.2
SNOWDEPTH AVG.      0                MM      MM        0
DAYS >= 1.0         0               0.5    -0.5        0
GREATEST
 SNOW DEPTH         0   MM                            -1  12/09
 24 HR TOTAL        T   12/18 TO 12/18

DEGREE_DAYS
HEATING TOTAL     716               821    -105      807
 SINCE 7/1       1613              1584      29     1687
COOLING TOTAL       0                 1      -1        2
 SINCE 1/1       1488              1492      -4     1501
.................................................................

WIND (MPH)
AVERAGE WIND SPEED              5.5
HIGHEST WIND SPEED/DIRECTION    28/180    DATE  12/05
HIGHEST GUST SPEED/DIRECTION    36/280    DATE  12/24

SKY COVER
POSSIBLE SUNSHINE (PERCENT)   MM
AVERAGE SKY COVER           0.70
NUMBER OF DAYS FAIR            5
NUMBER OF DAYS PC              8
NUMBER OF DAYS CLOUDY         18

AVERAGE RH (PERCENT)     74

WEATHER CONDITIONS. NUMBER OF DAYS WITH
THUNDERSTORM              0     MIXED PRECIP               0
HEAVY RAIN                2     RAIN                       5
LIGHT RAIN               11     FREEZING RAIN              0
LT FREEZING RAIN          0     HAIL                       0
HEAVY SNOW                0     SNOW                       0
LIGHT SNOW                0     SLEET                      1
FOG                      18     FOG W/VIS <= 1/4 MILE      0
HAZE                      9

-  INDICATES NEGATIVE NUMBERS.
R  INDICATES RECORD WAS SET OR TIED.
MM INDICATES DATA IS MISSING.
T  INDICATES TRACE AMOUNT.

$$
