000
CXUS53 KLMK 011619
CLMBWG


CLIMATE REPORT
NATIONAL WEATHER SERVICE LOUISVILLE KY
1218 PM EDT TUE SEP 1 2015

...................................

...THE BOWLING GREEN CLIMATE SUMMARY FOR THE MONTH OF AUGUST 2015...

CLIMATE NORMAL PERIOD 1981 TO 2010
CLIMATE RECORD PERIOD 1870 TO 2015

WEATHER         OBSERVED          NORMAL  DEPART  LAST YEAR`S
                 VALUE   DATE(S)  VALUE   FROM    VALUE  DATE(S)
                                          NORMAL
................................................................
TEMPERATURE (F)
RECORD
 HIGH             110   08/09/1930
                        08/13/1881
 LOW               42   08/31/1946
HIGHEST            95   08/04        MM      MM       94  08/23
                                                          08/07
LOWEST             53   08/26        MM      MM       58  08/14
                        08/25                             08/04
AVG. MAXIMUM     86.4              88.9    -2.5     88.5
AVG. MINIMUM     63.8              66.1    -2.3     67.7
MEAN             75.1              77.5    -2.4     78.1
DAYS MAX >= 90      5              13.6    -8.6       17
DAYS MAX <= 32      0               0.0     0.0        0
DAYS MIN <= 32      0               0.0     0.0        0
DAYS MIN <= 0       0               0.0     0.0        0

PRECIPITATION (INCHES)
RECORD
 MAXIMUM        11.33   2014
 MINIMUM         0.70   1924
TOTALS           1.54              3.33   -1.79    11.33
DAILY AVG.       0.05              0.11   -0.06     0.37
DAYS >= .01         8               7.9     0.1       12
DAYS >= .10         4               5.1    -1.1       11
DAYS >= .50         1               2.3    -1.3        9
DAYS >= 1.00        0               1.1    -1.1        5
GREATEST
 24 HR. TOTAL    0.64   08/15 TO 08/16

SNOWFALL (INCHES)
RECORDS
 TOTAL             MM   5
TOTALS            0.0               0.0     0.0      0.0
SINCE 7/1         0.0               0.0     0.0      0.0
SNOWDEPTH AVG.      0                MM      MM        0
DAYS >= 1.0         0               0.0     0.0        0
GREATEST
 SNOW DEPTH         0   MM                             0  MM
 24 HR TOTAL      0.0   08/31 TO 08/31

DEGREE_DAYS
HEATING TOTAL       0                 1      -1        0
 SINCE 7/1          0                 1      -1        0
COOLING TOTAL     319               388     -69      414
 SINCE 1/1       1383              1269     114     1277
.................................................................

WIND (MPH)
AVERAGE WIND SPEED              4.1
HIGHEST WIND SPEED/DIRECTION    26/200    DATE  08/15
HIGHEST GUST SPEED/DIRECTION    36/180    DATE  08/19

SKY COVER
POSSIBLE SUNSHINE (PERCENT)    0
AVERAGE SKY COVER           0.20
NUMBER OF DAYS FAIR           24
NUMBER OF DAYS PC              5
NUMBER OF DAYS CLOUDY          2

AVERAGE RH (PERCENT)     68

WEATHER CONDITIONS. NUMBER OF DAYS WITH
THUNDERSTORM              0     MIXED PRECIP               0
HEAVY RAIN                3     RAIN                       2
LIGHT RAIN                8     FREEZING RAIN              0
LT FREEZING RAIN          0     HAIL                       0
HEAVY SNOW                0     SNOW                       0
LIGHT SNOW                0     SLEET                      0
FOG                      19     FOG W/VIS <= 1/4 MILE      5
HAZE                      3

-  INDICATES NEGATIVE NUMBERS.
R  INDICATES RECORD WAS SET OR TIED.
MM INDICATES DATA IS MISSING.
T  INDICATES TRACE AMOUNT.

$$
