000
CXUS51 KLWX 042147
CLMBWI

CLIMATE REPORT
NATIONAL WEATHER SERVICE BALTIMORE MD/WASHINGTON DC
447 PM EST SAT FEB 4 2017

...................................

...THE BALTIMORE MD CLIMATE SUMMARY FOR THE MONTH OF JANUARY 2017...

CLIMATE NORMAL PERIOD 1981 TO 2010
CLIMATE RECORD PERIOD 1870 TO 2017

WEATHER         OBSERVED          NORMAL  DEPART  LAST YEAR`S
                 VALUE   DATE(S)  VALUE   FROM    VALUE
                                          NORMAL
.............................................................
TEMPERATURE (F)
RECORD
 HIGH              79   01/26/1950
                        01/14/1932
 LOW               -7   01/22/1984
                        01/17/1982
                        01/29/1963
HIGHEST            70   01/12        62       8
LOWEST             10   01/09         7       3
AVG. MAXIMUM     46.1              41.4     4.7     41.6
AVG. MINIMUM     32.0              24.4     7.6     22.2
MEAN             39.0              32.9     6.1
DAYS MAX >= 90      0               0.0     0.0
DAYS MAX <= 32      3               6.0    -3.0
DAYS MIN <= 32     14              24.5   -10.5
DAYS MIN <= 0       0               0.3    -0.3

PRECIPITATION (INCHES)
RECORD
 MAXIMUM         7.84   1979
 MINIMUM         0.29   1955
TOTALS           2.69              3.05   -0.36     3.50
DAILY AVG.       0.09              0.10   -0.01
DAYS >= .01        14              10.2     3.8
DAYS >= .10         6               5.8     0.2
DAYS >= .50         2               2.3    -0.3
DAYS >= 1.00        0               0.7    -0.7
GREATEST
 24 HR. TOTAL    0.92   01/02 TO 01/03

SNOWFALL (INCHES)
RECORDS
 TOTAL           32.6   1996
TOTALS            0.7               6.8    -6.1
SINCE 7/1         0.7              10.2    -9.5
SNOWDEPTH AVG.      0
DAYS >= TRACE       9               3.5     5.5
DAYS >= 1.0         0               1.7    -1.7
GREATEST
 SNOW DEPTH         0   MM
 24 HR TOTAL      0.5

DEGREE_DAYS
HEATING TOTAL     798               995    -197     1017
 SINCE 7/1       2315              2776    -461     2226
COOLING TOTAL       0                 0       0        0
 SINCE 1/1          0                 0       0        0
..............................................................

WIND (MPH)
AVERAGE WIND SPEED              7.8
HIGHEST WIND SPEED/DIRECTION    39/280    DATE  01/26
HIGHEST GUST SPEED/DIRECTION    53/280    DATE  01/26

SKY COVER
POSSIBLE SUNSHINE (PERCENT)   MM
AVERAGE SKY COVER           0.80
NUMBER OF DAYS FAIR            2
NUMBER OF DAYS PC             10
NUMBER OF DAYS CLOUDY         19

AVERAGE RH (PERCENT)     71

WEATHER CONDITIONS. NUMBER OF DAYS WITH
THUNDERSTORM              0     MIXED PRECIP               0
HEAVY RAIN                2     RAIN                       6
LIGHT RAIN               14     FREEZING RAIN              0
LT FREEZING RAIN          0     HAIL                       0
HEAVY SNOW                0     SNOW                       3
LIGHT SNOW                8     SLEET                      1
FOG                      18     FOG W/VIS <= 1/4 MILE      5
HAZE                      0

-  INDICATES NEGATIVE NUMBERS.
R  INDICATES RECORD WAS SET OR TIED.
MM INDICATES DATA IS MISSING.
T  INDICATES TRACE AMOUNT.

&&

BALTIMORE MD...BALTIMORE-WASHINGTON INTERNATIONAL THURGOOD
MARSHALL AIRPORT...

THE MONTHLY AVERAGE TEMPERATURE WAS WELL ABOVE NORMAL. MONTHLY
PRECIPITATION WAS SLIGHTLY BELOW NORMAL. SNOWFALL WAS WELL BELOW
NORMAL.

THIS WAS THE LEAST SNOWIEST JANUARY IN THE BALTIMORE MD AREA SINCE
1998. IT WAS ALSO THE WARMEST JANUARY SINCE 2006.

A RECORD DAILY HIGH TEMPERATURE OF 70 DEGREES WAS SET ON THE 12TH.
THIS TIED THE RECORD PREVIOUSLY SET IN 1890.

TWO RECORD DAILY WARM LOW TEMPERATURES WERE SET IN JANUARY. THE LOW
OF 49 DEGREES ON THE 12TH BROKE THE OLD RECORD OF 46 SET IN 1890.
THE LOW OF 44 DEGREES ON THE 21ST TIED THE RECORD PREVIOUSLY SET IN
1932.

CLIMATE RECORDS HAVE BEEN KEPT AT BALTIMORE-WASHINGTON INTERNATIONAL
THURGOOD MARSHALL AIRPORT SINCE 1950. ADDITIONAL TEMPERATURE
RECORDS FOR THE BALTIMORE MD AREA EXTEND BACK TO JULY OF 1872.
PRECIPITATION RECORDS EXTEND BACK TO JANUARY OF 1871. SNOWFALL
RECORDS BEGAN IN MARCH OF 1892.

ALL CLIMATE DATA ARE CONSIDERED PRELIMINARY UNTIL REVIEWED BY THE
NATIONAL CENTERS FOR ENVIRONMENTAL INFORMATION (NCEI).

$$

DH/BJL
