000
CXUS51 KCLE 060535
CLMCAK


CLIMATE REPORT
NATIONAL WEATHER SERVICE CLEVELAND OH
1234 AM EST TUE FEB 6 2018

...................................

...THE AKRON CANTON OH CLIMATE SUMMARY FOR THE MONTH OF JANUARY 2018...

CLIMATE NORMAL PERIOD 1981 TO 2010
CLIMATE RECORD PERIOD 1887 TO 2018

WEATHER         OBSERVED          NORMAL  DEPART  LAST YEAR`S
                 VALUE   DATE(S)  VALUE   FROM    VALUE
                                          NORMAL
.............................................................
TEMPERATURE (F)
RECORD
 HIGH              73   01/23/1906
 LOW              -25   01/19/1994
HIGHEST            61   01/11
LOWEST             -4   01/05
AVG. MAXIMUM     33.4              33.1     0.3     40.4
AVG. MINIMUM     16.9              19.1    -2.2     27.0
MEAN             25.1              26.1    -1.0     33.7
DAYS MAX >= 90      0               0.0     0.0        0
DAYS MAX <= 32     15              14.4     0.6        9
DAYS MIN <= 32     27              26.7     0.3       19
DAYS MIN <= 0       6               1.9     4.1        2

PRECIPITATION (INCHES)
RECORD
 MAXIMUM         8.70   1950
 MINIMUM         0.71   1961
TOTALS           2.19              2.61   -0.42     6.14
DAYS >= .01        17              17.1    -0.1       23
DAYS >= .10         7               6.7     0.3       13
DAYS >= .50         1               1.3    -0.3        3
DAYS >= 1.00        0               0.2    -0.2        1
GREATEST
 24 HR. TOTAL    0.68   01/12 TO 01/12              2.28

SNOWFALL (INCHES)
RECORDS
 TOTAL           37.5   1978
TOTALS           12.2              12.4    -0.2      7.3
SINCE 7/1        26.3              26.0     0.3     16.9
DAYS >= 1.0         4               4.4    -0.4        2
GREATEST
 24 HR TOTAL      2.8   01/15 TO 01/15

DEGREE_DAYS
HEATING TOTAL    1227              1206      21      960
 SINCE 7/1       3345              3536    -191     2904
COOLING TOTAL       0                 0       0        0
 SINCE 1/1          0                 0       0        0
..............................................................

WIND (MPH)
AVERAGE WIND SPEED              11.0
HIGHEST WIND SPEED/DIRECTION    40/230    DATE  01/23
HIGHEST GUST SPEED/DIRECTION    54/230    DATE  01/23

SKY COVER
AVERAGE SKY COVER           0.70

AVERAGE RH (PERCENT)     69

WEATHER CONDITIONS. NUMBER OF DAYS WITH
THUNDERSTORM              0     MIXED PRECIP               0
HEAVY RAIN                1     RAIN                       2
LIGHT RAIN                9     FREEZING RAIN              0
LT FREEZING RAIN          2     HAIL                       0
HEAVY SNOW                1     SNOW                       2
LIGHT SNOW               18     SLEET                      2
FOG                      14     FOG W/VIS <= 1/4 MILE      4
HAZE                      8

-  INDICATES NEGATIVE NUMBERS.
R  INDICATES RECORD WAS SET OR TIED.
MM INDICATES DATA IS MISSING.
T  INDICATES TRACE AMOUNT.

$$
