106
CXUS55 KABQ 011851
CLMCAO


CLIMATE REPORT
NATIONAL WEATHER SERVICE ALBUQUERQUE NM
1220 PM MDT MON AUG 1 2016

...................................

...THE CLAYTON  NM CLIMATE SUMMARY FOR THE MONTH OF JULY 2016...

CLIMATE NORMAL PERIOD 1981 TO 2010
CLIMATE RECORD PERIOD 1896 TO 2016

WEATHER         OBSERVED          NORMAL  DEPART  LAST YEAR`S
                 VALUE   DATE(S)  VALUE   FROM    VALUE  DATE(S)
                                          NORMAL
................................................................
TEMPERATURE (F)
RECORD
 HIGH             105   07/30/1934
 LOW               40   07/09/1943
HIGHEST           104   07/10        MM      MM       98  07/01
LOWEST             55   07/15        MM      MM       56  07/07
AVG. MAXIMUM     95.6              88.6     7.0     88.8
AVG. MINIMUM     62.4              60.8     1.6     62.5
MEAN             79.0              74.7     4.3     75.7
DAYS MAX >= 90     26              14.1    11.9       17
DAYS MAX <= 32      0               0.0     0.0        0
DAYS MIN <= 32      0               0.0     0.0        0
DAYS MIN <= 0       0               0.0     0.0        0

PRECIPITATION (INCHES)
RECORD
 MAXIMUM           MM   MM
 MINIMUM           MM   MM
TOTALS           1.43              2.66   -1.23     7.24
DAILY AVG.       0.05              0.09   -0.04     0.23
DAYS >= .01         7               8.9    -1.9       20
DAYS >= .10         4               5.0    -1.0        7
DAYS >= .50         1               2.0    -1.0        5
DAYS >= 1.00        0               0.6    -0.6        4
GREATEST
 24 HR. TOTAL    0.81   07/24 TO 07/24              2.38
                        07/23 TO 07/24
                        07/24 TO 07/24

SNOWFALL (INCHES)
RECORDS
 TOTAL             MM   MM
TOTALS            0.0               0.0     0.0      0.0
SINCE 7/1         0.0               0.0     0.0      0.0
SNOWDEPTH AVG.      0                MM      MM        0
DAYS >= 1.0         0               0.0     0.0        0
GREATEST
 SNOW DEPTH         0   MM                             0  MM
 24 HR TOTAL      0.0   07/31 TO 07/31               0.0

DEGREE_DAYS
HEATING TOTAL       0                 2      -2        0
 SINCE 7/1          0                 2      -2        0
COOLING TOTAL     444               303     141      340
 SINCE 1/1        724               537     187      590
.................................................................

WIND (MPH)
AVERAGE WIND SPEED              12.0
HIGHEST WIND SPEED/DIRECTION    44/150    DATE  07/28
HIGHEST GUST SPEED/DIRECTION    52/150    DATE  07/28

SKY COVER
AVERAGE SKY COVER           0.10

AVERAGE RH (PERCENT)     49

WEATHER CONDITIONS. NUMBER OF DAYS WITH
THUNDERSTORM              0     MIXED PRECIP               0
HEAVY RAIN                4     RAIN                       4
LIGHT RAIN               13     FREEZING RAIN              0
LT FREEZING RAIN          0     HAIL                       0
HEAVY SNOW                0     SNOW                       0
LIGHT SNOW                0     SLEET                      0
FOG                       6     FOG W/VIS <= 1/4 MILE      0
HAZE                      0

-  INDICATES NEGATIVE NUMBERS.
R  INDICATES RECORD WAS SET OR TIED.
MM INDICATES DATA IS MISSING.
T  INDICATES TRACE AMOUNT.

$$
