000
CXAK58 PACD 022008
CLMCDB

CLIMATE REPORT
NATIONAL WEATHER SERVICE COLD BAY, AK
1108 AM AKST MON FEB 2 2015

...................................

...THE COLD BAY AP CLIMATE SUMMARY FOR THE MONTH OF JANUARY 2015...

CLIMATE NORMAL PERIOD 1981 TO 2010
CLIMATE RECORD PERIOD 1942 TO 2015

WEATHER         OBSERVED          NORMAL  DEPART  LAST YEAR`S
                 VALUE   DATE(S)  VALUE   FROM    VALUE  DATE(S)
                                          NORMAL
................................................................
TEMPERATURE (F)
RECORD
 HIGH              51   1/13/1993
 LOW              -13   1/30/2000
HIGHEST            45   1/11         42       3      46  1/29
LOWEST             16                 5      11      26  1/15
AVG. MAXIMUM       35.5              32.9     2.6    41.5
AVG. MINIMUM       26.6              23.6     3.0    33.5
MEAN               31.0              28.2     2.8    37.5
DAYS MAX >= 90      0                 0.0     0.0     0
DAYS MAX <= 32     10                11.5    -1.5     0
DAYS MAX >= 80      0                 0.0     0.0     0
DAYS MAX >= 70      0                 0.0     0.0     0
DAYS MIN <= 32     23                24.5    -1.5    11
DAYS MIN <= 0       0                 0.4    -0.4     0

PRECIPITATION (INCHES)
RECORD
 MAXIMUM            6.45   1957
 MINIMUM            0.60   1956
TOTALS              1.41              3.16   -1.75    4.33
DAILY AVG.          0.05              0.10   -0.05    0.14
DAYS >= .01        14                21.1    -7.1    26
DAYS >= .10         6                 8.3    -2.3    14
DAYS >= .50         0                 1.2    -1.2     1
DAYS >= 1.0         0                 0.4    -0.4     0
GREATEST
 24 HR TOTAL        0.25   1/15                       0.52  1/25

SNOWFALL (INCHES)
RECORDS
 TOTAL             56.2   2000
 24 HR TOTAL       16.0   1-09-2004
 SNOW DEPTH        46     1-13-2000
TOTALS              1.5              14.1   -12.6     5.0
SINCE 7/1           7.7              41.6   -33.9    15.9
SNOWDEPTH AVG.      0                 3      -3       0
DAYS >= TRACE      12                21.1    -9.1    20
DAYS >= 1.0         0                 4.4    -4.4     2
DAYS >= 6.0         0                 0.3    -0.3     0
GREATEST
 SNOW DEPTH         1   1/09                          1  1/21
 24 HR TOTAL      0.7   1/07                        1.4  1/31

DEGREE_DAYS
HEATING TOTAL    1045              1139     -94     843
 SINCE 7/1       4523              5216    -693    4189
COOLING TOTAL       0                 0       0       0
 SINCE 1/1          0                 0       0       0
................................................................

WIND (MPH)
AVERAGE WIND SPEED               13.8
HIGHEST WIND SPEED/DIRECTION     41/020    DATE   01/22
HIGHEST GUST SPEED/DIRECTION     51/020    DATE   01/22

SKY COVER
POSSIBLE SUNSHINE (PERCENT)   MM
AVERAGE SKY COVER             MM
NUMBER OF DAYS FAIR           MM
NUMBER OF DAYS PC             MM
NUMBER OF DAYS CLOUDY         MM

AVERAGE RH (PERCENT)     MM

WEATHER CONDITIONS. NUMBER OF DAYS WITH
THUNDERSTORM              0     ICE PELLETS                 0
RAIN                     16     GLAZE                       0
DRIZZLE                   3     HAIL                        0
SNOW                     12     HAZE                        0
FOG                      14     FOG W/VIS <= 1/4 MILE       0
BLOWING SNOW              0


-  INDICATES NEGATIVE NUMBERS.
R  INDICATES RECORD WAS SET OR TIED.
MM INDICATES DATA IS MISSING.
T  INDICATES TRACE AMOUNT.

&&

...WARM TEMPERATURES AND VERY LITTLE PRECIPITATION...

ANOTHER WARM MONTH FOR THE ALASKAN PENINSULA AS HIGH MAXIMUM TEMPERATURES AVERAGED
35.5 FAHRENHEIT...EXCEEDING THE NORMAL JANUARY TEMPERATURE MAXIMUM OF 32.9F.  LOW
MINIMUM TEMPERATURES AVERAGED 26.6 FAHRENHEIT...EXCEEDING THE NORMAL JANUARY
TEMPERATURE MINIMUM OF 23.6F.  NO TEMPERATURE RECORDS WERE SET THIS MONTH.

PRECIPITATION WAS BELOW NORMAL FOR JANUARY AS COLD BAY AIRPORT RECEIVED 1.41
INCHES...BELOW THE NORMAL JANUARY AVERAGE PRECIPITATION OF 3.16 INCHES.  HOWEVER...
MOST OF THE PRECIPITATION FELL AS RAIN INSTEAD OF SNOW.  ONLY 1.5 INCHES OF SNOW
WAS RECORDED...A VAST DEPARTURE FROM THE NORMAL JANUARY SNOWFALL AVERAGE OF 14.1
INCHES.  INTERESTINGLY...NOT A SINGLE DAY IN THIS WINTER SEASON HAD MORE THAN AN
INCH OF SNOW DEPTH MEASURED ON THE GROUND.

FINALLY...COLD BAY AIRPORT EXPERIENCED 2 DAYS WITH WINDS EXCEEDING 50 MILES PER
HOUR WITH A MAXIMUM WIND SPEED OF 51 MPH FROM THE EAST ON 11 JANUARY AND A WIND
SPEED OF 51 MPH FROM THE NORTH-NORTHEAST ON 22 JANUARY.

$$
JEG FEB 15
