000
CXUS53 KDVN 011421
CLMCID


CLIMATE REPORT
NATIONAL WEATHER SERVICE QUAD CITIES IA IL
915 AM CDT THU JUN 1 2017

...................................

...THE CEDAR RAPIDS IA CLIMATE SUMMARY FOR THE MONTH OF MAY 2017...

CLIMATE NORMAL PERIOD 1981 TO 2010
CLIMATE RECORD PERIOD 1891 TO 2017

WEATHER         OBSERVED          NORMAL  DEPART
                 VALUE   DATE(S)  VALUE   FROM
                                          NORMAL
................................................
TEMPERATURE (F)
RECORD
 HIGH             104   05/31/1934
 LOW               24   05/07/1925
HIGHEST            88   05/15        76      12
LOWEST             33   05/03        44     -11
AVG. MAXIMUM     69.8              71.3    -1.5
AVG. MINIMUM     47.3              49.0    -1.7
MEAN             58.5              60.1    -1.6
DAYS MAX >= 90      0
DAYS MAX <= 32      0
DAYS MIN <= 32      0
DAYS MIN <= 0       0

PRECIPITATION (INCHES)
TOTALS           3.66              4.15   -0.49
DAILY AVG.       0.12              0.13   -0.01
DAYS >= .01         9
DAYS >= .10         7
DAYS >= .50         4
DAYS >= 1.00        0
GREATEST
 24 HR. TOTAL    0.89   05/17 TO 05/17

DEGREE_DAYS
HEATING TOTAL     223               192      31
 SINCE 7/1       5734              6837   -1103
COOLING TOTAL      29                42     -13
 SINCE 1/1         38                49     -11
.................................................

WIND (MPH)
AVERAGE WIND SPEED              10.6
HIGHEST WIND SPEED/DIRECTION    45/250    DATE  05/17
HIGHEST GUST SPEED/DIRECTION    57/250    DATE  05/17

SKY COVER
POSSIBLE SUNSHINE (PERCENT)   MM
AVERAGE SKY COVER           0.40
NUMBER OF DAYS FAIR           18
NUMBER OF DAYS PC              7
NUMBER OF DAYS CLOUDY          6

AVERAGE RH (PERCENT)     73

WEATHER CONDITIONS. NUMBER OF DAYS WITH
THUNDERSTORM              7     HAIL                       0
SLEET                     0     FOG                       14
FOG W/VIS <= 1/4 MILE     2     HAZE                       7

-  INDICATES NEGATIVE NUMBERS.
R  INDICATES RECORD WAS SET OR TIED.
MM INDICATES DATA IS MISSING.
T  INDICATES TRACE AMOUNT.

$$
