000
CXUS53 KDVN 050350 CCA
CLMCID

CLIMATE REPORT...CORRECTION
NATIONAL WEATHER SERVICE QUAD CITIES IA IL
950 PM CST THU FEB 4 2016


...CORRECTED PRECIPITATION SECTION...


...................................

...THE CEDAR RAPIDS IA CLIMATE SUMMARY FOR THE MONTH OF JANUARY 2016...

CLIMATE NORMAL PERIOD 1981 TO 2010
CLIMATE RECORD PERIOD 1891 TO 2016

WEATHER         OBSERVED          NORMAL  DEPART
                 VALUE   DATE(S)  VALUE   FROM
                                          NORMAL
................................................
TEMPERATURE (F)
RECORD
 HIGH              65   01/31/1989
 LOW              -29   01/15/2009
HIGHEST            44   01/30        29      15
                        01/14
LOWEST             -9   01/17        11     -20
AVG. MAXIMUM     28.1              28.2    -0.1
AVG. MINIMUM     13.8              10.9     2.9
MEAN             21.0              19.5     1.5
DAYS MAX >= 90      0
DAYS MAX <= 32     18
DAYS MIN <= 32     29
DAYS MIN <= 0       6

PRECIPITATION (INCHES)
TOTALS           0.37              0.92   -0.55
DAILY AVG.       0.01              0.03   -0.02
DAYS >= .01         4
DAYS >= .10         2
DAYS >= .50         0
DAYS >= 1.00        0
GREATEST
 24 HR. TOTAL    0.17   01/25 TO 01/25

DEGREE_DAYS
HEATING TOTAL    1356              1409     -53
 SINCE 7/1       3289              4148    -859
COOLING TOTAL       0                 0       0
 SINCE 1/1          0                 0       0
.................................................

WIND (MPH)
AVERAGE WIND SPEED              11.0
HIGHEST WIND SPEED/DIRECTION    36/280    DATE  01/12
HIGHEST GUST SPEED/DIRECTION    49/280    DATE  01/12

SKY COVER
POSSIBLE SUNSHINE (PERCENT)   MM
AVERAGE SKY COVER           0.50
NUMBER OF DAYS FAIR           11
NUMBER OF DAYS PC             13
NUMBER OF DAYS CLOUDY          7

AVERAGE RH (PERCENT)     84

WEATHER CONDITIONS. NUMBER OF DAYS WITH
THUNDERSTORM              0     HAIL                       0
SLEET                     0     FOG                       18
FOG W/VIS <= 1/4 MILE     4     HAZE                       2

-  INDICATES NEGATIVE NUMBERS.
R  INDICATES RECORD WAS SET OR TIED.
MM INDICATES DATA IS MISSING.
T  INDICATES TRACE AMOUNT.

$$


NOTE: SUPPLEMENTAL CLIMATE DATA WAS USED FROM A NEARBY
CLIMATOLOGICALLY REPRESENTATIVE STATION.
