000
CXUS54 KHGX 011447
CLMCLL

CLIMATE REPORT
NATIONAL WEATHER SERVICE HOUSTON/GALVESTON TX
939 AM CDT SAT OCT 1 2016

...................................

...THE COLLEGE STATION CLIMATE SUMMARY FOR THE MONTH OF SEPTEMBER 2016...

CLIMATE NORMAL PERIOD 1981 TO 2010
CLIMATE RECORD PERIOD 1902 TO 2016

WEATHER         OBSERVED          NORMAL  DEPART  LAST YEAR`S
                 VALUE   DATE(S)  VALUE   FROM    VALUE  DATE(S)
                                          NORMAL
................................................................
TEMPERATURE (F)
RECORD
 HIGH             112   09/04/2000
 LOW               42   09/27/1942
HIGHEST            97   09/20                         95  09/24
                                                          09/22
                                                          09/19
LOWEST             55   09/30                         62  09/14
                                                          09/13
AVG. MAXIMUM     91.2              90.5     0.7     92.1
AVG. MINIMUM     72.7              69.4     3.3     71.1
MEAN             81.9              80.0     1.9     81.6
DAYS MAX >= 90     25              18.2     6.8       24
DAYS MAX <= 32      0               0.0     0.0        0
DAYS MIN <= 32      0               0.0     0.0        0
DAYS MIN <= 0       0               0.0     0.0        0

PRECIPITATION (INCHES)
RECORD
 MAXIMUM        12.13   1958
 MINIMUM            T   2005
TOTALS           2.00              3.18   -1.18     1.74
DAILY AVG.       0.07              0.11   -0.04     0.06
DAYS >= .01         6               6.7    -0.7        7
DAYS >= .10         2               4.4    -2.4        2
DAYS >= .50         1               2.0    -1.0        1
DAYS >= 1.00        1               1.0     0.0        1
GREATEST
 24 HR. TOTAL    1.52   09/25 TO 09/25

DEGREE_DAYS
HEATING TOTAL       0                 2      -2        0
 SINCE 7/1          0                 2      -2        0
COOLING TOTAL     516               450      66      503
 SINCE 1/1       2890              2796      94     2863
.................................................................

WIND (MPH)
AVERAGE WIND SPEED              6.1
HIGHEST WIND SPEED/DIRECTION    28/220    DATE  09/25
HIGHEST GUST SPEED/DIRECTION    36/220    DATE  09/25

SKY COVER
AVERAGE SKY COVER           0.20

AVERAGE RH (PERCENT)     73

WEATHER CONDITIONS. NUMBER OF DAYS WITH
THUNDERSTORM              7     MIXED PRECIP               0
HEAVY RAIN                2     RAIN                       3
LIGHT RAIN                9     FREEZING RAIN              0
LT FREEZING RAIN          0     HAIL                       0
HEAVY SNOW                0     SNOW                       0
LIGHT SNOW                0     SLEET                      0
FOG                      10     FOG W/VIS <= 1/4 MILE      1
HAZE                      3

-  INDICATES NEGATIVE NUMBERS.
R  INDICATES RECORD WAS SET OR TIED.
MM INDICATES DATA IS MISSING.
T  INDICATES TRACE AMOUNT.

$$
